{"id":6,"date":"2021-04-21T18:30:27","date_gmt":"2021-04-21T16:30:27","guid":{"rendered":"https:\/\/karandoogo.com\/?page_id=6"},"modified":"2025-08-24T14:40:40","modified_gmt":"2025-08-24T14:40:40","slug":"a-propos-de","status":"publish","type":"page","link":"https:\/\/karandoogo.com\/index.php\/a-propos-de\/","title":{"rendered":"\u00c0 propos de"},"content":{"rendered":"\r\n<p>Karandoogo ( \u201d\u00e9cole\u201d en langue locale moor\u00e9 du Burkina Faso) est un service digital d\u2019assistance scolaire et de e-commerce d\u2019Overland Group existant depuis 2014.\u00a0<\/p>\r\n<p>Le service Karandoogo a pour principal but d\u2019offrir aux \u00e9tudiants et aux \u00e9l\u00e8ves des sources d\u2019informations fiables qui leur permettront de parfaire leurs travaux de th\u00e8ses, d\u2019expos\u00e9s, ou de m\u00e9moire. Karandoogo fait permanemment des recherches sur diverses th\u00e9matiques didactiques et sociales dont l\u2019\u00e9tude est indispensable pour un bon \u00e9panouissement scolaire et estudiantin.<\/p>\r\n<p>Plus de 1000 th\u00e8mes ont d\u00e9j\u00e0 \u00e9t\u00e9 trait\u00e9s. Loin de vouloir remplacer votre cours, Karandoogo se veut \u00eatre un outils compl\u00e9mentaire pour l\u2019enrichissement de votre culture g\u00e9n\u00e9rale sur le th\u00e8me que vous souhaitez aborder, un support \u00e0 exploiter pour parfaire votre travail.<\/p>\r\n<p>Nous nous pla\u00e7ons ainsi comme leader en fourniture de documents de recherches avec plus de 30 secr\u00e9tariats\/cybers partenaires au Burkina et en Afrique francophone. Nous donnons aussi des formations en techniques de recherches sur le web et en pr\u00e9sentation efficace d\u2019expos\u00e9, de m\u00e9moire ou de th\u00e8se.<\/p>\r\n<p>Certains des sujets trait\u00e9s sont gratuits mais les plus pertinents sont payants. N\u00e9anmoins, un extrait du contenu est disponible pour vous permettre d\u2019avoir un aper\u00e7u de ce que vous allez acheter et\/ou savoir si ce que nous avons est conforme \u00e0 ce que vous recherchez.<\/p>\r\n<p>Merci de prendre connaissances de nos <strong><a href=\"https:\/\/karandoogo.com\/index.php\/conditions-generales-dutilisation\/\">CONDITIONS GENERALES D\u2019UTILISATION<\/a><\/strong> pour en savoir plus. Notre service client reste disponible pour vous tous les jours de 7H \u00e0 21H par WhatsApp au +226 56196345.<\/p>\r\n<p>&nbsp;<\/p>\r\n","protected":false},"excerpt":{"rendered":"<p>Karandoogo ( \u201d\u00e9cole\u201d en langue locale moor\u00e9 du Burkina Faso) est un service digital d\u2019assistance scolaire et de e-commerce d\u2019Overland Group existant depuis 2014.\u00a0 Le service Karandoogo a pour principal but d\u2019offrir aux \u00e9tudiants et aux \u00e9l\u00e8ves des sources d\u2019informations fiables qui leur permettront de parfaire leurs travaux de th\u00e8ses, d\u2019expos\u00e9s, ou de m\u00e9moire. Karandoogo &hellip; <a href=\"https:\/\/karandoogo.com\/index.php\/a-propos-de\/\" class=\"more-link\">Continue reading <span class=\"screen-reader-text\">\u00c0 propos de<\/span> <span class=\"meta-nav\">&rarr;<\/span><\/a><\/p>\n","protected":false},"author":1,"featured_media":0,"parent":0,"menu_order":0,"comment_status":"closed","ping_status":"closed","template":"","meta":{"footnotes":""},"class_list":["post-6","page","type-page","status-publish","hentry"],"aioseo_notices":[],"jetpack-related-posts":[],"jetpack_sharing_enabled":true,"_links":{"self":[{"href":"https:\/\/karandoogo.com\/index.php\/wp-json\/wp\/v2\/pages\/6","targetHints":{"allow":["GET"]}}],"collection":[{"href":"https:\/\/karandoogo.com\/index.php\/wp-json\/wp\/v2\/pages"}],"about":[{"href":"https:\/\/karandoogo.com\/index.php\/wp-json\/wp\/v2\/types\/page"}],"author":[{"embeddable":true,"href":"https:\/\/karandoogo.com\/index.php\/wp-json\/wp\/v2\/users\/1"}],"replies":[{"embeddable":true,"href":"https:\/\/karandoogo.com\/index.php\/wp-json\/wp\/v2\/comments?post=6"}],"version-history":[{"count":13,"href":"https:\/\/karandoogo.com\/index.php\/wp-json\/wp\/v2\/pages\/6\/revisions"}],"predecessor-version":[{"id":8003,"href":"https:\/\/karandoogo.com\/index.php\/wp-json\/wp\/v2\/pages\/6\/revisions\/8003"}],"wp:attachment":[{"href":"https:\/\/karandoogo.com\/index.php\/wp-json\/wp\/v2\/media?parent=6"}],"curies":[{"name":"wp","href":"https:\/\/api.w.org\/{rel}","templated":true}]}}