{"id":1000,"date":"2022-07-25T15:32:35","date_gmt":"2022-07-25T15:32:35","guid":{"rendered":"https:\/\/karandoogo.com\/?post_type=product&#038;p=1000"},"modified":"2025-10-19T14:01:42","modified_gmt":"2025-10-19T14:01:42","slug":"expose-complet-sur-le-mariage-force-dans-sous-lorage-de-seydou-badian","status":"publish","type":"product","link":"https:\/\/karandoogo.com\/index.php\/produit\/expose-complet-sur-le-mariage-force-dans-sous-lorage-de-seydou-badian\/","title":{"rendered":"Expos\u00e9 complet sur le mariage forc\u00e9 dans sous l&rsquo;orage de Seydou Badian"},"content":{"rendered":"","protected":false},"excerpt":{"rendered":"<p><strong>NB:<\/strong> Les documents mis \u00e0 disposition sur ce site sont des documents \u00e0 exploiter, autrement dit des compl\u00e9ments pour parfaire votre travail. Ils ne sont pas faits pour \u00eatre pr\u00e9sent\u00e9s \u00e0 l\u2019\u00e9tat.<\/p>\n<p><strong><u>PLAN<\/u><\/strong><\/p>\n<p><strong><u>INTRODUCTION<\/u><\/strong><\/p>\n<ol type=\"I\">\n<li><strong><u>BIOGRAPHIE ET BIBLIOGRAPHIE<\/u><\/strong><\/li>\n<li><strong><u>Biographie<\/u><\/strong><\/li>\n<li><strong><u>Bibliographie<\/u><\/strong><\/li>\n<li><strong><u>PRESENTATION DE L\u2019\u0152UVRE<\/u><\/strong><\/li>\n<li><strong><u>R\u00e9sum\u00e9 de l\u2019\u0153uvre<\/u><\/strong><\/li>\n<li><strong><u>LE MARIAGE FORCE DANS L\u2019\u0152UVRE<\/u><\/strong><\/li>\n<li><strong><u>Une imposition parentale<\/u><\/strong><\/li>\n<li><strong><u>Ob\u00e9issance obligatoire pour un mariage polygame<\/u><\/strong><\/li>\n<li><strong><u>ETUDE DE PERSONNAGES<\/u><\/strong><\/li>\n<li><strong><u>Personnages principaux<\/u><\/strong><\/li>\n<li><strong><u>Personnages secondaires<\/u><\/strong><\/li>\n<li><strong><u>ETUDE DANS LE TEMPS ET DANS L\u2019ESPACE<\/u><\/strong><\/li>\n<li><strong><u>Le temps<\/u><\/strong><\/li>\n<li><strong><u>L\u2019espace<\/u><\/strong><\/li>\n<\/ol>\n<p><strong><u>CONCLUSION<\/u><\/strong><\/p>\n<p><strong><u>INTRODUCTION<\/u><\/strong><\/p>\n<p>L\u2019Afrique dispose de plusieurs \u00e9crivains tels que\u00a0<strong>Jean PLIYA, Ferdinand OYONO, Seydou BADIAN, George GEDOU, F\u00e9lix COUCHORO<\/strong>\u00a0etc.<\/p>\n<p>Seydou\u00a0<strong>BADIAN<\/strong>\u00a0est l\u2019un de ses \u00e9crivains qui a \u00e9crit plusieurs \u0153uvres parmi lesquels se trouve le\u201d sous l\u2019orage\u201d suivie de la \u201cmort de CHAKA\u201d<\/p>\n<p>Sous l\u2019orage est un \u0153uvre qui met l\u2019accent sur la soci\u00e9t\u00e9 traditionnelle africaine, il existe beaucoup de pratique positive. Par contre cette m\u00eame soci\u00e9t\u00e9 regorge de coutumes qui m\u00e9ritent d\u2019\u00eatre corrig\u00e9es.<\/p>\n<p>Parmi celle-ci, il y a le mariage forc\u00e9, l\u2019excision, la chosification de la femme africaine etc. Gr\u00e2ce \u00e0 la scolarisation, la femme africaine va s\u2019\u00e9manciper (se lib\u00e9rer) suite \u00e0 des luttes ardues.<\/p>\n<p>Le d\u00e9veloppement de notre th\u00e8me nous am\u00e8nera \u00e0 faire une vue sur la biographie et la bibliographie.<\/p>\n<ol type=\"I\">\n<li><strong><u>BIOGRAPHIE ET BIBLIOGRAPHIE<\/u><\/strong><\/li>\n<li><strong><u>Biographie<\/u><\/strong><\/li>\n<\/ol>\n<p>L\u2019auteur\u00a0<strong>SEYDOU BADIAN<\/strong>Kouyat\u00e9 est un \u00e9crivain et homme politique malien n\u00e9 \u00e0 Bamako en 1928.<\/p>\n<p>Apr\u00e8s des \u00e9tudes de m\u00e9decine \u00e0 l\u2019Universit\u00e9 de Montpellier en France, il rentre au Mali. Proche du premier pr\u00e9sident Modibo Ke\u00efta, il \u00e9crit les paroles de l\u2019hymne national : Pour l\u2019Afrique et pour toi, Mali. Il est nomm\u00e9 ministre de la Coordination \u00e9conomique et financi\u00e8re et du Plan le 17 septembre 1962. Lors du coup d\u2019\u00c9tat de Moussa Traor\u00e9 en 1968, il est d\u00e9port\u00e9 \u00e0 Kidal puis s\u2019exile \u00e0 Dakar au S\u00e9n\u00e9gal.<\/p>\n<p>Militant de la premi\u00e8re heure de l\u2019Union soudanaise-Rassemblement d\u00e9mocratique africain, il en avait \u00e9t\u00e9 radi\u00e9 en 1998 pour s\u2019\u00eatre oppos\u00e9 \u00e0 une partie de la direction qui pr\u00f4nait le non reconnaissance des institutions lors des \u00e9lections contest\u00e9es.<\/p>\n<p>\u00c9crivain reconnu internationalement, il publie avant l\u2019ind\u00e9pendance du Mali, en 1957, son premier roman intitul\u00e9 Sous l\u2019orage. Deux autres romans seront publi\u00e9s ensuite, Le Sang des masques en 1976 et Noces sacr\u00e9es en 1977.<\/p>\n<ul>\n<li><strong><u>Bibliographie<\/u><\/strong><\/li>\n<li>La mort de CHAKA (1962)\u00a0;<\/li>\n<li>Sous l\u2019orage (1963)\u00a0;<\/li>\n<li>Les dirigeants africains face \u00e0 leur peuple (1964)\u00a0;<\/li>\n<li>Le sang des masques (1976),<\/li>\n<li>Noces sacr\u00e9s (1977) etc.<\/li>\n<\/ul>\n<ol type=\"I\">\n<li><strong><u>PRESENTATION DE L\u2019\u0152UVRE<\/u><\/strong><\/li>\n<li><strong><u>R\u00e9sum\u00e9 de l\u2019\u0153uvre<\/u><\/strong><\/li>\n<\/ol>\n<p>Sous l\u2019orage o\u00f9 le triomphe de l\u2019amour met en sc\u00e8ne un couple de jeune lettr\u00e9 dont l\u2019amour r\u00e9ciproque est contrari\u00e9 par les projets du p\u00e8re BENFA\u00a0; p\u00e8re de KANY qui entre selon la coutume faire \u00e9pouser \u00e0 sa fille un riche et vieux marchand FAMAGAN. Devant la r\u00e9ticence de KANY, le p\u00e8re BENFA l\u2019exile au village de son oncle DJIGUI. C\u2019est alors l\u2019occasion pour la jeune fille de\u2026<\/p>\n<p>Pour obtenir l&rsquo;expos\u00e9 complet contactez le +226 56196345 (WhatsApp)<\/p>\n","protected":false},"featured_media":831,"template":"","meta":{"jetpack_publicize_message":"","jetpack_publicize_feature_enabled":true,"jetpack_social_post_already_shared":false,"jetpack_social_options":{"image_generator_settings":{"template":"highway","default_image_id":0,"font":"","enabled":false},"version":2}},"product_brand":[],"product_cat":[544,547],"product_tag":[553,552],"class_list":{"0":"post-1000","1":"product","2":"type-product","3":"status-publish","4":"has-post-thumbnail","6":"product_cat-exposes","7":"product_cat-litterature-africaine","8":"product_tag-auteur-africain","9":"product_tag-litterature-africaine","11":"first","12":"instock","13":"downloadable","14":"virtual","15":"sold-individually","16":"purchasable","17":"product-type-simple"},"aioseo_notices":[],"jetpack_publicize_connections":[],"jetpack-related-posts":[],"jetpack_sharing_enabled":true,"_links":{"self":[{"href":"https:\/\/karandoogo.com\/index.php\/wp-json\/wp\/v2\/product\/1000","targetHints":{"allow":["GET"]}}],"collection":[{"href":"https:\/\/karandoogo.com\/index.php\/wp-json\/wp\/v2\/product"}],"about":[{"href":"https:\/\/karandoogo.com\/index.php\/wp-json\/wp\/v2\/types\/product"}],"wp:featuredmedia":[{"embeddable":true,"href":"https:\/\/karandoogo.com\/index.php\/wp-json\/wp\/v2\/media\/831"}],"wp:attachment":[{"href":"https:\/\/karandoogo.com\/index.php\/wp-json\/wp\/v2\/media?parent=1000"}],"wp:term":[{"taxonomy":"product_brand","embeddable":true,"href":"https:\/\/karandoogo.com\/index.php\/wp-json\/wp\/v2\/product_brand?post=1000"},{"taxonomy":"product_cat","embeddable":true,"href":"https:\/\/karandoogo.com\/index.php\/wp-json\/wp\/v2\/product_cat?post=1000"},{"taxonomy":"product_tag","embeddable":true,"href":"https:\/\/karandoogo.com\/index.php\/wp-json\/wp\/v2\/product_tag?post=1000"}],"curies":[{"name":"wp","href":"https:\/\/api.w.org\/{rel}","templated":true}]}}