{"id":1119,"date":"2022-07-27T20:43:37","date_gmt":"2022-07-27T20:43:37","guid":{"rendered":"https:\/\/karandoogo.com\/?post_type=product&#038;p=1119"},"modified":"2025-10-19T13:57:54","modified_gmt":"2025-10-19T13:57:54","slug":"expose-complet-sur-les-paysages-agraires-en-zone-humide-et-cotiere-cas-de-la-cote-divoire","status":"publish","type":"product","link":"https:\/\/karandoogo.com\/index.php\/produit\/expose-complet-sur-les-paysages-agraires-en-zone-humide-et-cotiere-cas-de-la-cote-divoire\/","title":{"rendered":"Expos\u00e9 complet sur les paysages agraires en zone Humide et coti\u00e8re (Cas de la Cote d&rsquo;Ivoire)"},"content":{"rendered":"","protected":false},"excerpt":{"rendered":"<p><strong>NB:<\/strong> Les documents mis \u00e0 disposition sur ce site sont des documents \u00e0 exploiter, autrement dit des compl\u00e9ments pour parfaire votre travail. Ils ne sont pas faits pour \u00eatre pr\u00e9sent\u00e9s \u00e0 l\u2019\u00e9tat.<\/p>\n<p><strong><u>PLAN<\/u><\/strong><\/p>\n<p><strong><u>INTRODUCTION<\/u><\/strong><\/p>\n<p><em><u>I.Le Mileu physique de la zone humide et c\u00f4ti\u00e8re<\/u><\/em><\/p>\n<p><em>\u00a0\u00a0\u00a0\u00a0\u00a0\u00a0\u00a0\u00a0\u00a0\u00a0\u00a0\u00a0\u00a0\u00a0\u00a0\u00a0\u00a0\u00a0\u00a0\u00a0\u00a0\u00a0\u00a0<u>1.La situation g\u00e9ographique<\/u><\/em><\/p>\n<p><em><u>2.Le climat<\/u><\/em><\/p>\n<p><em><u>3.La v\u00e9g\u00e9tation<\/u><\/em><\/p>\n<p>4.<em><u>Les sols<\/u><\/em><\/p>\n<p><em><u>II- L\u2019homme dans la zone humide et c\u00f4ti\u00e8re<\/u><\/em><\/p>\n<p><em><u>1- L\u2019habitat<\/u><\/em><\/p>\n<p><em><u>\u2013 Habitat urbain<\/u><\/em><\/p>\n<p><em><u>\u2013 L\u2019habitat rural<\/u><\/em><\/p>\n<p>3<em><u>.Les autres activit\u00e9s<\/u><\/em><\/p>\n<p>III.<em>Les syst\u00e8mes de productions en zone Humide et C\u00f4ti\u00e8re<\/em><\/p>\n<p>1.<em><u>Les techniques culturales<\/u><\/em><\/p>\n<p><em><u>\u00a02.Les diff\u00e9rentes types de cultures<\/u><\/em><\/p>\n<p><em><u>a.Les cultures industrielles d\u2019exportations<\/u><\/em><\/p>\n<p><em><u>a.1.Le caf\u00e9 et le cacao<\/u><\/em><\/p>\n<p><em><u>a.2.Le coton<\/u><\/em><\/p>\n<p><em><u>a.3.Les ol\u00e9agineux<\/u><\/em><\/p>\n<p><em><u>\u00a0a.4.L\u2019h\u00e9v\u00e9a et canne \u00e0 sucre<\/u><\/em><\/p>\n<p><em><u>a.5.Les fruits<\/u><\/em><\/p>\n<p><em><u>a.6.Les productions diverses<\/u><\/em><\/p>\n<p><em><u>2.Les cultures vivri\u00e8res<\/u><\/em><\/p>\n<p>IV \u2013<em><u>\u00a0Les cons\u00e9quences des activit\u00e9s de l\u2019homme sur<\/u><\/em><\/p>\n<p><em><u>L\u2019environnement<\/u><\/em><\/p>\n<p><em><u>1 \u2013 les cons\u00e9quences positives (atouts)<\/u><\/em><\/p>\n<p><em><u>2 \u2013 Les cons\u00e9quences n\u00e9gatives<\/u><\/em><\/p>\n<p><em><u>Conclusion<\/u><\/em><\/p>\n<p><strong><u>INTRODUCTION<\/u><\/strong><\/p>\n<p>Le paysage agraire est le r\u00e9sultat visible de l\u2019am\u00e9nagement de la surface de la terre. C\u2019est aussi la combinaison de la forme et des dimensions des champs ou parcelles. Il existe diff\u00e9rents paysages agraires mais notre \u00e9tude se portera sur les paysages agraires en zone humide et c\u00f4ti\u00e8re (la C\u00f4te d\u2019Ivoire).La nettet\u00e9 de la s\u00e9paration entre l\u2019espace laiss\u00e9 en friche ou en for\u00eat et l\u2019importance de l\u2019\u00e9tendue de ses derni\u00e8res. Il faut aussi prendre en compte la pr\u00e9sence ou l\u2019absence de cl\u00f4ture et la r\u00e9partition de l\u2019habitat.<\/p>\n<p>Les paysages agraires d\u2019aujourd\u2019hui sont le r\u00e9sultat d\u2019une tr\u00e8s longue histoire entre les paysans et la terre qu\u2019ils cultivent; ces paysages continuent de changer avec l\u2019introduction de nouvelles techniques agricoles, mais aussi avec le recul des besoins en main d\u2019\u0153uvre voire avec l\u2019abandon de l\u2019activit\u00e9 agricole sur des \u00e9tendues plus ou moins importantes.<\/p>\n<p><em><u>I.G\u00e9n\u00e9ralit\u00e9 sur la zone humide et c\u00f4ti\u00e8res<\/u><\/em><\/p>\n<p><em>\u00a0\u00a0\u00a0\u00a0\u00a0\u00a0\u00a0\u00a0\u00a0\u00a0\u00a0\u00a0\u00a0\u00a0\u00a0\u00a0\u00a0\u00a0\u00a0\u00a0\u00a0\u00a0\u00a0<u>1.La situation g\u00e9ographique<\/u><\/em><\/p>\n<p>La C\u00f4te d\u2019Ivoire est un pays\u00a0<em>d\u2019Afrique Occidentale<\/em>.Elle est situ\u00e9e dans\u00a0<em>l\u2019h\u00e9misph\u00e8re\u00a0<\/em>nord entre\u00a0<em>le tropic du cancer et l\u2019\u00e9quateur<\/em>. Le pays est bord\u00e9\u00a0<em>au sud<\/em>\u00a0par\u00a0<em>l\u2019oc\u00e9an atlantique<\/em>,au niveau du\u00a0<em>golfe de<\/em>\u00a0<em>guin\u00e9e<\/em>. Il partage des fronti\u00e8res terrestres avec le Liberia et la Guin\u00e9e \u00e0 l\u2019ouest, le Mali et le Burkina Faso au nord puis le Ghana \u00e0 l\u2019est. Elle \u00e0 la forme d\u2019un carr\u00e9 irr\u00e9gulier de plus de 550 km de c\u00f4t\u00e9.La superficie totale est de 322462 km\u00b2 (terres et eaux int\u00e9rieurs).<\/p>\n<p><em><u>2.Le climat<\/u><\/em><\/p>\n<p>La situation g\u00e9ographique de la C\u00f4te d\u2019ivoire lui conf\u00e8re un climat vari\u00e9,le climat tropical humide au sud et au nord un climat tropical sec.<\/p>\n<p>Le sud est tr\u00e8s arros\u00e9 avec une pluviom\u00e9trie de l\u2019ordre de 1600 et 2200 mm de pluie et caract\u00e9ris\u00e9 par deux (02) saisons humides (une longue et l\u2019autre courte) entrecoup\u00e9es de deux (02)<\/p>\n<p>saisons s\u00e8che.Plus on se d\u00e9place vers le nord, plus le climat est d\u00e9grad\u00e9 dans le sens de l\u2019aridit\u00e9 donnant alors lieu \u00e0 saisons (une s\u00e8che et l\u2019autre pluvieuse).Les pr\u00e9cipitations dans cette zone nord tourne autour de 1000 \u00e0 1200 mm\/an.<\/p>\n<p>Le climat sud \u00e9quatorial occupe le tiers sud du pays (T\u00b0 moyenne 25\u00b0 C \u00e0 33\u00b0 C,pr\u00e9cipitation 1400 \u00e0 2500 mm\/an);il est tr\u00e8s humide avec un taux moyen de l\u2019ordre de 80 \u00e0 90% sur l\u2019ann\u00e9e et deux (02) saisons de pluies interrompues par deux (02) saisons s\u00e8che d\u2019in\u00e9gales dur\u00e9e.<\/p>\n<p>Le climat tropical humide occupe une bande qui ceinture au nord la zone sub\u00e9quatoriale (T\u00b0 14\u00b0c \u00e0 33\u00b0c), pr\u00e9cipitation 1300 \u00e0 1750 mm\/an et taux d\u2019humidit\u00e9 de 60 \u00e0 70%).Une seule saison s\u00e8che et une saison humide.<\/p>\n<p>Le climat tropical de type soudanien (26\u00b0c \u00e0 27\u00b0c avec pr\u00e9cipitation de 1150 \u00e0 1350 mm\/an et taux d\u2019humidit\u00e9 de 40 \u00e0 50% occupe le nord) tandis qu\u2019un climat particulier\u00a0 dit sub- montagnard (T\u00b0 moyenne annuelle 25\u00b0c),pr\u00e9cipitation 1300 \u00e0 2300 mm\/an,occupe les zones de l\u2019ouest montagneux.Une seule\u00a0\u00a0 saison s\u00e8che et une seule saison humide \u00e9galement dans ses deux cas.<\/p>\n<p><em><u>3.La v\u00e9g\u00e9tation<\/u><\/em>\u00a0\u00a0\u00a0\u00a0\u00a0\u00a0\u00a0\u00a0 En raison des deux (02) zones climatiques nord-sud,la C\u00f4te d\u2019Ivoire est\u2026<\/p>\n<p>Pour obtenir l&rsquo;expos\u00e9 complet contactez le +226 56196345 (WhatsApp).<\/p>\n","protected":false},"featured_media":831,"template":"","meta":{"jetpack_publicize_message":"","jetpack_publicize_feature_enabled":true,"jetpack_social_post_already_shared":false,"jetpack_social_options":{"image_generator_settings":{"template":"highway","default_image_id":0,"font":"","enabled":false},"version":2}},"product_brand":[],"product_cat":[544,548],"product_tag":[625,626,602],"class_list":{"0":"post-1119","1":"product","2":"type-product","3":"status-publish","4":"has-post-thumbnail","6":"product_cat-exposes","7":"product_cat-histoire-geographie","8":"product_tag-cote-divoire","9":"product_tag-expose","10":"product_tag-paysages-agraires","12":"first","13":"instock","14":"downloadable","15":"virtual","16":"sold-individually","17":"purchasable","18":"product-type-simple"},"aioseo_notices":[],"jetpack_publicize_connections":[],"jetpack-related-posts":[],"jetpack_sharing_enabled":true,"_links":{"self":[{"href":"https:\/\/karandoogo.com\/index.php\/wp-json\/wp\/v2\/product\/1119","targetHints":{"allow":["GET"]}}],"collection":[{"href":"https:\/\/karandoogo.com\/index.php\/wp-json\/wp\/v2\/product"}],"about":[{"href":"https:\/\/karandoogo.com\/index.php\/wp-json\/wp\/v2\/types\/product"}],"wp:featuredmedia":[{"embeddable":true,"href":"https:\/\/karandoogo.com\/index.php\/wp-json\/wp\/v2\/media\/831"}],"wp:attachment":[{"href":"https:\/\/karandoogo.com\/index.php\/wp-json\/wp\/v2\/media?parent=1119"}],"wp:term":[{"taxonomy":"product_brand","embeddable":true,"href":"https:\/\/karandoogo.com\/index.php\/wp-json\/wp\/v2\/product_brand?post=1119"},{"taxonomy":"product_cat","embeddable":true,"href":"https:\/\/karandoogo.com\/index.php\/wp-json\/wp\/v2\/product_cat?post=1119"},{"taxonomy":"product_tag","embeddable":true,"href":"https:\/\/karandoogo.com\/index.php\/wp-json\/wp\/v2\/product_tag?post=1119"}],"curies":[{"name":"wp","href":"https:\/\/api.w.org\/{rel}","templated":true}]}}