{"id":1203,"date":"2022-07-29T15:40:06","date_gmt":"2022-07-29T15:40:06","guid":{"rendered":"https:\/\/karandoogo.com\/?post_type=product&#038;p=1203"},"modified":"2025-10-19T13:57:53","modified_gmt":"2025-10-19T13:57:53","slug":"expose-complet-sur-les-paysages-agraires-en-asie-des-moussons-cas-de-la-chine","status":"publish","type":"product","link":"https:\/\/karandoogo.com\/index.php\/produit\/expose-complet-sur-les-paysages-agraires-en-asie-des-moussons-cas-de-la-chine\/","title":{"rendered":"Expos\u00e9 complet sur les paysages agraires en Asie des Moussons : Cas de la Chine"},"content":{"rendered":"","protected":false},"excerpt":{"rendered":"<p><strong>NB:<\/strong> Les documents mis \u00e0 disposition sur ce site sont des documents \u00e0 exploiter, autrement dit des compl\u00e9ments pour parfaire votre travail. Ils ne sont pas faits pour \u00eatre pr\u00e9sent\u00e9s \u00e0 l\u2019\u00e9tat.<\/p>\n<p><strong><u>INTRODUCTION<\/u><\/strong><\/p>\n<ol type=\"I\">\n<li><strong><u>RELIEF DE LA CHINE<\/u><\/strong><\/li>\n<li><strong><u>CLIMAT<\/u><\/strong><\/li>\n<li><strong><u>LES PAYSAGES AGRAIRES EN CHINE<\/u><\/strong><\/li>\n<li><strong><u>LES PRINCIPALES PRODUCTIONS AGRAIRES CHINOISES<\/u><\/strong><\/li>\n<\/ol>\n<p><strong><u>1-Les c\u00e9r\u00e9ales<\/u><\/strong><\/p>\n<p><strong><u>2-Ol\u00e9agineux<\/u><\/strong><\/p>\n<p><strong><u>CONCLUSION<\/u><\/strong><\/p>\n<p><strong><u>INTRODUCTION<\/u><\/strong><\/p>\n<p>La Chine est un pays tr\u00e8s peupl\u00e9 d\u2019Asie de l\u2019est. Son territoire immense pr\u00e9sente des paysages vari\u00e9s : prairies, d\u00e9serts, montagnes, lacs, rivi\u00e8res et plus de 14 000 km de littoral. P\u00e9kin, la capitale \u00e0 l\u2019architecture moderne, conserve \u00e9galement des sites historiques, comme le palais de la Cit\u00e9 interdite et la place Tian Anmen. Shangha\u00ef est l\u2019un des plus grands centres financiers mondiaux et comporte de nombreux gratte-ciels. L\u2019embl\u00e9matique Grande Muraille de Chine partage le nord du pays d\u2019est en ouest.Avec plus de 5 000 km d\u2019une fronti\u00e8re \u00e0 l\u2019autre, la Chine pr\u00e9sente des paysages tr\u00e8s vari\u00e9s. La moiti\u00e9 orientale du pays est compos\u00e9e de plaines fertiles, de montagnes, de d\u00e9serts et de steppes. La moiti\u00e9 occidentale est occup\u00e9e par des d\u00e9pressions, des plateaux vallonn\u00e9s et des massifs.L\u2019agriculture en Chine est un secteur \u00e9conomique important de la Chine, elle emploierait plus de 300 millions d\u2019agriculteurs. La Chine occupe le premier rang de la production agricole, notamment de c\u00e9r\u00e9ales, produisant essentiellement du riz, du bl\u00e9, des pommes de terre, du sorgho, de l\u2019arachide, du th\u00e9, du millet, de l\u2019orge, du coton, des ol\u00e9agineux, du porc et du poisson.<\/p>\n<ol type=\"I\">\n<li><strong><u>RELIEF DE LA CHINE<\/u><\/strong><\/li>\n<\/ol>\n<p>40 % du territoire chinois se trouve au-dessus de 2 000 m\u00e8tres d\u2019altitude1. Les g\u00e9ographes distinguent en g\u00e9n\u00e9ral trois grands ensembles, dispos\u00e9s en espalier, avec un gradient d\u2019altitude d\u00e9croissant de l\u2019ouest vers l\u2019est. Un escarpement continental, qui court du Grand Khingan au plateau Yunnan-Guizhou en passant par les monts Taihang, s\u00e9pare les plateaux arides du nord et de l\u2019ouest des plaines fertiles de l\u2019est, o\u00f9 se concentre la grande majorit\u00e9 de la population et de l\u2019agriculture intensive.<\/p>\n<ol type=\"I\">\n<li><strong><u>CLIMAT<\/u><\/strong><\/li>\n<\/ol>\n<p>Le climat de la Chine est tr\u00e8s vari\u00e9, de subtropical (appel\u00e9 d\u2019ailleurs parfois \u00ab climat chinois \u00bb) au sud (de l\u2019\u00eele de Hainan \u00e0 Shanghai) \u00e0 subarctique au nord (province de Heilongjiang)[r\u00e9f. n\u00e9cessaire], et marqu\u00e9 par la mousson r\u00e9sultant de la diff\u00e9rence de capacit\u00e9 du continent et de l\u2019oc\u00e9an \u00e0 absorber la chaleur. C\u2019est en effet la mousson qui est responsable pour une large part de la quantit\u00e9 de pr\u00e9cipitations que re\u00e7oivent les diff\u00e9rentes r\u00e9gions du pays. La r\u00e9partition de la population chinoise est \u00e0 mettre en rapport avec les contraintes climatiques. Les r\u00e9gions arides du Nord-Ouest (Mongolie int\u00e9rieure et Xinjiang) subissent de grands \u00e9carts de temp\u00e9rature, avec des \u00e9t\u00e9s caniculaires et \u2026<\/p>\n<p>Pour obtenir l&rsquo;expos\u00e9 complet contactez le +226 56196345 (WhatsApp).<\/p>\n","protected":false},"featured_media":831,"template":"","meta":{"jetpack_publicize_message":"","jetpack_publicize_feature_enabled":true,"jetpack_social_post_already_shared":false,"jetpack_social_options":{"image_generator_settings":{"template":"highway","default_image_id":0,"font":"","enabled":false},"version":2}},"product_brand":[],"product_cat":[544,549],"product_tag":[644,645,602],"class_list":{"0":"post-1203","1":"product","2":"type-product","3":"status-publish","4":"has-post-thumbnail","6":"product_cat-exposes","7":"product_cat-geographie","8":"product_tag-asie-des-moussons","9":"product_tag-chine","10":"product_tag-paysages-agraires","12":"first","13":"instock","14":"downloadable","15":"virtual","16":"sold-individually","17":"purchasable","18":"product-type-simple"},"aioseo_notices":[],"jetpack_publicize_connections":[],"jetpack-related-posts":[],"jetpack_sharing_enabled":true,"_links":{"self":[{"href":"https:\/\/karandoogo.com\/index.php\/wp-json\/wp\/v2\/product\/1203","targetHints":{"allow":["GET"]}}],"collection":[{"href":"https:\/\/karandoogo.com\/index.php\/wp-json\/wp\/v2\/product"}],"about":[{"href":"https:\/\/karandoogo.com\/index.php\/wp-json\/wp\/v2\/types\/product"}],"wp:featuredmedia":[{"embeddable":true,"href":"https:\/\/karandoogo.com\/index.php\/wp-json\/wp\/v2\/media\/831"}],"wp:attachment":[{"href":"https:\/\/karandoogo.com\/index.php\/wp-json\/wp\/v2\/media?parent=1203"}],"wp:term":[{"taxonomy":"product_brand","embeddable":true,"href":"https:\/\/karandoogo.com\/index.php\/wp-json\/wp\/v2\/product_brand?post=1203"},{"taxonomy":"product_cat","embeddable":true,"href":"https:\/\/karandoogo.com\/index.php\/wp-json\/wp\/v2\/product_cat?post=1203"},{"taxonomy":"product_tag","embeddable":true,"href":"https:\/\/karandoogo.com\/index.php\/wp-json\/wp\/v2\/product_tag?post=1203"}],"curies":[{"name":"wp","href":"https:\/\/api.w.org\/{rel}","templated":true}]}}