{"id":1312,"date":"2022-08-09T01:42:53","date_gmt":"2022-08-09T01:42:53","guid":{"rendered":"https:\/\/karandoogo.com\/?post_type=product&#038;p=1312"},"modified":"2025-10-19T13:56:03","modified_gmt":"2025-10-19T13:56:03","slug":"expose-complet-sur-le-communisme","status":"publish","type":"product","link":"https:\/\/karandoogo.com\/index.php\/produit\/expose-complet-sur-le-communisme\/","title":{"rendered":"Expos\u00e9 tr\u00e8s complet sur le communisme"},"content":{"rendered":"","protected":false},"excerpt":{"rendered":"<p><strong>NB:<\/strong> Les documents mis \u00e0 disposition sur ce site sont des documents \u00e0 exploiter, autrement dit des compl\u00e9ments pour parfaire votre travail. Ils ne sont pas faits pour \u00eatre pr\u00e9sent\u00e9s \u00e0 l\u2019\u00e9tat.<\/p>\n<p><strong><u>INTRODUCTION<\/u><\/strong><\/p>\n<ol type=\"I\">\n<li><strong><u>DEFINITION DU CONCEPT DE COMMUNISME<\/u><\/strong><\/li>\n<li><strong><u>HISTOIRE DU COMMUNISME<\/u><\/strong><\/li>\n<li><strong><u>LES TYPES DE COMMUNISME<\/u><\/strong><\/li>\n<li><strong><u>Le Marxisme<\/u><\/strong><\/li>\n<li><strong><u>Le mao\u00efsme<\/u><\/strong><\/li>\n<li><strong><u>Le trotskisme<\/u><\/strong><\/li>\n<li><strong><u>LE COMMUNISME DANS LE MONDE<\/u><\/strong><\/li>\n<li><strong><u>En Europe<\/u><\/strong><\/li>\n<li><strong><u>En Asie<\/u><\/strong><\/li>\n<li><strong><u>En Am\u00e9rique latine<\/u><\/strong><\/li>\n<li><strong><u>LA FIN DES REGIMES COMMUNISTES EN EUROPE<\/u><\/strong><\/li>\n<li><strong><u>REFLEXIONS SUR LE COMMUNISME AUJOURD\u2019HUI.<\/u><\/strong><\/li>\n<\/ol>\n<p><strong><u>CONCLUSION<\/u><\/strong><\/p>\n<p><strong><u>INTRODUCTION<\/u><\/strong><\/p>\n<p>Le\u00a0<strong>communisme<\/strong>\u00a0(du\u00a0<a href=\"https:\/\/fr.wikipedia.org\/wiki\/Latin\">latin<\/a>\u00a0<em>communis<\/em>\u00a0\u2013 commun, universel) est un ensemble de doctrines politiques, issues du\u00a0<a href=\"https:\/\/fr.wikipedia.org\/wiki\/Socialisme\">socialisme<\/a>\u00a0et, pour la plupart, du\u00a0<a href=\"https:\/\/fr.wikipedia.org\/wiki\/Marxisme\">marxisme<\/a>, s\u2019opposant au\u00a0<a href=\"https:\/\/fr.wikipedia.org\/wiki\/Capitalisme\">capitalisme<\/a>\u00a0et visant \u00e0 l\u2019instauration d\u2019une soci\u00e9t\u00e9 sans\u00a0<a href=\"https:\/\/fr.wikipedia.org\/wiki\/Classes_sociales\">classes sociales<\/a>.<\/p>\n<p>Plus largement, ce terme est associ\u00e9 au\u00a0<a href=\"https:\/\/fr.wikipedia.org\/wiki\/Mouvement_communiste_international\">mouvement communiste international<\/a>\u00a0n\u00e9 apr\u00e8s la\u00a0<a href=\"https:\/\/fr.wikipedia.org\/wiki\/Premi%C3%A8re_Guerre_mondiale\">Premi\u00e8re Guerre mondiale<\/a>, fruit d\u2019une scission de la\u00a0<a href=\"https:\/\/fr.wikipedia.org\/wiki\/Internationale_ouvri%C3%A8re\">II<sup>e<\/sup>\u00a0Internationale<\/a>\u00a0provoqu\u00e9e par les\u00a0<a href=\"https:\/\/fr.wikipedia.org\/wiki\/Bolcheviks\">bolcheviks<\/a>. Il renvoie \u00e9galement, dans le contexte de la\u00a0<a href=\"https:\/\/fr.wikipedia.org\/wiki\/Guerre_froide\">guerre froide<\/a>, \u00e0 une alliance g\u00e9opolitique (<a href=\"https:\/\/fr.wikipedia.org\/wiki\/Bloc_de_l%27Est\">Bloc communiste<\/a>) domin\u00e9e par l\u2019<a href=\"https:\/\/fr.wikipedia.org\/wiki\/Union_des_r%C3%A9publiques_socialistes_sovi%C3%A9tiques\">Union sovi\u00e9tique<\/a>, ainsi qu\u2019\u00e0\u00a0<a href=\"https:\/\/fr.wikipedia.org\/wiki\/%C3%89tat_communiste\">une forme de r\u00e9gime politique<\/a>,\u00a0<a href=\"https:\/\/fr.wikipedia.org\/wiki\/Dictature\">dictatorial<\/a>\u00a0ou\u00a0<a href=\"https:\/\/fr.wikipedia.org\/wiki\/Totalitarisme\">totalitaire<\/a>, caract\u00e9ris\u00e9 par la position exclusive du\u00a0<a href=\"https:\/\/fr.wikipedia.org\/wiki\/Partis_communistes_dans_le_monde\">Parti communiste<\/a>, la surveillance et la pression constante des\u00a0<a href=\"https:\/\/fr.wikipedia.org\/wiki\/Police_politique\">polices politiques<\/a>\u00a0sur toutes les structures institutionnelles, sociales et \u00e9conomiques ainsi que sur les simples citoyens\u00a0et par une\u00a0<a href=\"https:\/\/fr.wikipedia.org\/wiki\/%C3%89conomie_(activit%C3%A9_humaine)\">\u00e9conomie<\/a>\u00a0<a href=\"https:\/\/fr.wikipedia.org\/wiki\/Planification\">planifi\u00e9e<\/a>\u00a0et\u00a0<a href=\"https:\/\/fr.wikipedia.org\/wiki\/%C3%89tatisme\">\u00e9tatis\u00e9e<\/a>.<\/p>\n<ol type=\"I\">\n<li><strong><u>DEFINITION DU CONCEPT DE COMMUNISME<\/u><\/strong><\/li>\n<\/ol>\n<p>Le\u00a0<strong>communisme<\/strong>\u00a0est un mouvement\u00a0<a href=\"https:\/\/fr.vikidia.org\/wiki\/Soci%C3%A9t%C3%A9\">social<\/a>\u00a0dont le but est de\u00a0:<\/p>\n<ul>\n<li>Cr\u00e9er une soci\u00e9t\u00e9 sans\u00a0<a href=\"https:\/\/fr.vikidia.org\/w\/index.php?title=Classe_sociale&amp;action=edit&amp;redlink=1\">classes<\/a>\u00a0(c\u2019est-\u00e0-dire sans qu\u2019un groupe d\u2019hommes ne vive aux d\u00e9pens d\u2019un autre groupe d\u2019hommes).<\/li>\n<li>Fournir \u00e0 chacun ce dont il a besoin pour vivre et d\u00e9velopper ses capacit\u00e9s, tout en \u00e9vitant le gaspillage du travail des hommes.<\/li>\n<\/ul>\n<p>Pour cela, le communisme essaie de supprimer la\u00a0<a href=\"https:\/\/fr.vikidia.org\/wiki\/Propri%C3%A9t%C3%A9_priv%C3%A9e\">propri\u00e9t\u00e9 priv\u00e9e<\/a>\u00a0afin que tout appartienne \u00e0 toute la communaut\u00e9, qui d\u00e9cidera de la mani\u00e8re dont chaque chose doit \u00eatre utilis\u00e9e pour r\u00e9pondre aux deux points \u00e9voqu\u00e9s plus haut. Sur ce plan, le communisme s\u2019oppose au\u00a0<a href=\"https:\/\/fr.vikidia.org\/wiki\/Capitalisme\">capitalisme<\/a>\u00a0(un syst\u00e8me \u00e9conomique caract\u00e9ris\u00e9 par le commerce et la\u00a0<a href=\"https:\/\/fr.vikidia.org\/wiki\/Propri%C3%A9t%C3%A9_priv%C3%A9e\">propri\u00e9t\u00e9 priv\u00e9e<\/a>\u00a0de l\u2019\u00e9conomie). Pour parvenir \u00e0 ce but, les communistes veulent cr\u00e9er un\u00a0<a href=\"https:\/\/fr.vikidia.org\/wiki\/R%C3%A9gime_politique\">r\u00e9gime politique<\/a>\u00a0o\u00f9 le parti communiste dirigera la soci\u00e9t\u00e9 et l\u2019\u00e9conomie\u00a0: la dictature du prol\u00e9tariat.<\/p>\n<p>A l\u2019origine, on appelait \u00ab\u00a0communisme\u00a0\u00bb le mouvement. Mais ensuite le mot a d\u00e9sign\u00e9 le but final, c\u2019est-\u00e0-dire la soci\u00e9t\u00e9 sans classes et sans propri\u00e9t\u00e9 priv\u00e9e. On appelle parfois \u00e0 tort \u00ab\u00a0communistes\u00a0\u00bb les\u00a0<a href=\"https:\/\/fr.vikidia.org\/wiki\/%C3%89tat\">\u00c9tats<\/a>\u00a0qui pr\u00e9tendent chercher \u00e0 cr\u00e9er cette soci\u00e9t\u00e9, m\u00eame quand en r\u00e9alit\u00e9 ce n\u2019est pas le cas.<\/p>\n<p>Jusqu\u2019\u00e0 pr\u00e9sent, un seul parti communiste est parvenu \u00e0 cr\u00e9er une dictature du prol\u00e9tariat\u00a0: le parti Bolshevik en Russie, qui a pris le pouvoir dans ce pays lors de la r\u00e9volution\u00a0d\u2019octobre 1917. Mais les communistes ne sont pas parvenus \u00e0 \u00e9tendre leur r\u00e9volution au monde entier pour cr\u00e9er la soci\u00e9t\u00e9 sans classes et sans propri\u00e9t\u00e9 priv\u00e9e. Battus, ils ont presque tous \u00e9t\u00e9 assassin\u00e9s par\u00a0<a href=\"https:\/\/fr.vikidia.org\/wiki\/Staline\">Staline<\/a>, qui a cr\u00e9\u00e9 un\u00a0<a href=\"https:\/\/fr.vikidia.org\/wiki\/Totalitarisme\">\u00c9tat totalitaire<\/a>\u00a0tout en continuant \u00e0 s\u2019appeler \u00ab\u00a0communiste\u00a0\u00bb pour se faire aimer des travailleurs.<\/p>\n<ol type=\"I\">\n<li><strong><u>HISTOIRE DU COMMUNISME<\/u><\/strong><\/li>\n<\/ol>\n<p>De nombreux philosophes, au cours des si\u00e8cles, \u00e9crivent des livres qui proposent de supprimer la propri\u00e9t\u00e9 priv\u00e9e, ou simplement de rendre la soci\u00e9t\u00e9 plus juste en r\u00e9duisant les in\u00e9galit\u00e9s. A la fin du XVIIIe si\u00e8cle, Gracchus Babeuf, un r\u00e9volutionnaire fran\u00e7ais, a eu des id\u00e9es qui ressemblent beaucoup au communisme contemporain. Plus tard, dans les ann\u00e9es 1800, les socialistes veulent r\u00e9soudre les probl\u00e8mes des ouvriers et de l\u2019injustice sociale. Certains socialistes se disent communistes : les plus connus sont..<\/p>\n<p>Pour obtenir l&rsquo;expos\u00e9 complet contactez le +226 56196345 (WhatsApp).<\/p>\n","protected":false},"featured_media":831,"template":"","meta":{"jetpack_publicize_message":"","jetpack_publicize_feature_enabled":true,"jetpack_social_post_already_shared":false,"jetpack_social_options":{"image_generator_settings":{"template":"highway","default_image_id":0,"font":"","enabled":false},"version":2}},"product_brand":[],"product_cat":[544,608],"product_tag":[673],"class_list":{"0":"post-1312","1":"product","2":"type-product","3":"status-publish","4":"has-post-thumbnail","6":"product_cat-exposes","7":"product_cat-histoire","8":"product_tag-communisme","10":"first","11":"instock","12":"downloadable","13":"virtual","14":"sold-individually","15":"purchasable","16":"product-type-simple"},"aioseo_notices":[],"jetpack_publicize_connections":[],"jetpack-related-posts":[],"jetpack_sharing_enabled":true,"_links":{"self":[{"href":"https:\/\/karandoogo.com\/index.php\/wp-json\/wp\/v2\/product\/1312","targetHints":{"allow":["GET"]}}],"collection":[{"href":"https:\/\/karandoogo.com\/index.php\/wp-json\/wp\/v2\/product"}],"about":[{"href":"https:\/\/karandoogo.com\/index.php\/wp-json\/wp\/v2\/types\/product"}],"wp:featuredmedia":[{"embeddable":true,"href":"https:\/\/karandoogo.com\/index.php\/wp-json\/wp\/v2\/media\/831"}],"wp:attachment":[{"href":"https:\/\/karandoogo.com\/index.php\/wp-json\/wp\/v2\/media?parent=1312"}],"wp:term":[{"taxonomy":"product_brand","embeddable":true,"href":"https:\/\/karandoogo.com\/index.php\/wp-json\/wp\/v2\/product_brand?post=1312"},{"taxonomy":"product_cat","embeddable":true,"href":"https:\/\/karandoogo.com\/index.php\/wp-json\/wp\/v2\/product_cat?post=1312"},{"taxonomy":"product_tag","embeddable":true,"href":"https:\/\/karandoogo.com\/index.php\/wp-json\/wp\/v2\/product_tag?post=1312"}],"curies":[{"name":"wp","href":"https:\/\/api.w.org\/{rel}","templated":true}]}}