{"id":1321,"date":"2022-08-09T01:25:34","date_gmt":"2022-08-09T01:25:34","guid":{"rendered":"https:\/\/karandoogo.com\/?post_type=product&#038;p=1321"},"modified":"2025-10-19T13:56:03","modified_gmt":"2025-10-19T13:56:03","slug":"expose-complet-sur-le-basket-ball-histoire-evolution-principe-de-jeux","status":"publish","type":"product","link":"https:\/\/karandoogo.com\/index.php\/produit\/expose-complet-sur-le-basket-ball-histoire-evolution-principe-de-jeux\/","title":{"rendered":"Expos\u00e9 complet sur le Basket- Ball (histoire, \u00e9volution, principe de jeux)"},"content":{"rendered":"","protected":false},"excerpt":{"rendered":"<p><strong>NB:<\/strong> Les documents mis \u00e0 disposition sur ce site sont des documents \u00e0 exploiter, autrement dit des compl\u00e9ments pour parfaire votre travail. Ils ne sont pas faits pour \u00eatre pr\u00e9sent\u00e9s \u00e0 l\u2019\u00e9tat.<\/p>\n<p><strong>PLAN<\/strong><\/p>\n<p><strong><u>INTRODUCTION<\/u><\/strong><\/p>\n<ol type=\"I\">\n<li><strong><u>HISTOIRE DU BASKET<\/u><\/strong><\/li>\n<li><strong><u>REGLES DU JEU<\/u><\/strong><\/li>\n<\/ol>\n<p><strong><u>1- les 5 premi\u00e8res r\u00e8gles du jeu :<\/u><\/strong><\/p>\n<p><strong><u>2- Le terrain.<\/u><\/strong><\/p>\n<p><strong><u>3- Le jeu<\/u><\/strong><\/p>\n<p><strong><u>4- Les R\u00e8gles actuelles<\/u><\/strong><\/p>\n<p><strong><u>5- L\u2019attaque<\/u><\/strong><\/p>\n<p><strong><u>6-La d\u00e9fense<\/u><\/strong><\/p>\n<p><strong><u>7-Postes<\/u><\/strong><\/p>\n<ol type=\"I\">\n<li><strong><u>LES ATHLETES LES PLUS IMPORTANTS DU BASKET<\/u><\/strong><\/li>\n<\/ol>\n<p><strong><u>CONCLUSION<\/u><\/strong><\/p>\n<p><strong><u>Introduction<\/u><\/strong><\/p>\n<p>Le basket-ball ou basketball, fr\u00e9quemment d\u00e9sign\u00e9 en fran\u00e7ais par son abr\u00e9viation basket, est un sport de balle et sport collectif opposant deux \u00e9quipes de cinq joueurs sur un terrain rectangulaire. L\u2019objectif de chaque \u00e9quipe est de faire passer un ballon au sein d\u2019un arceau de 46 cm de diam\u00e8tre, fix\u00e9 \u00e0 un panneau et plac\u00e9 \u00e0 3,05 m du sol : le panier. Chaque panier inscrit rapporte deux points \u00e0 son \u00e9quipe, \u00e0 l\u2019exception des tirs effectu\u00e9s au-del\u00e0 de la ligne des trois points qui rapportent trois points et des lancers francs accord\u00e9s \u00e0 la suite d\u2019une faute qui rapportent un point. L\u2019\u00e9quipe avec le nombre de points le plus important remporte la partie.<\/p>\n<ol type=\"I\">\n<li><strong><u>Histoire du Basket<\/u><\/strong><\/li>\n<\/ol>\n<p>Le basket-ball est un sport totalement invent\u00e9. Il est n\u00e9 en d\u00e9cembre 1891 aux Etats-Unis dans le coll\u00e8ge de Springfield. Le jeu a \u00e9t\u00e9 imagin\u00e9 par James Naismith, qui \u00e9tait professeur\u00a0 de sports. Comme les \u00e9tudiants ne pouvaient faire ni du base-ball, ni du football am\u00e9ricain en hiver, ils s\u2019ennuyaient. Le directeur du coll\u00e8ge a alors demand\u00e9 \u00e0 James Naismith d\u2019inventer un sport d\u2019hiver en salle. Le docteur lui donna le nom de Basket-ball : \u201d la balle au panier \u201c. Ce jeu a tr\u00e8s vite connu un \u00e9norme succ\u00e8s. Un an \u00e0 peine apr\u00e8s sa cr\u00e9ation, le jeu se r\u00e9pand dans\u2026<\/p>\n<p>Pour obtenir l&rsquo;expos\u00e9 complet contactez le +226 56196345 (WhatsApp).<\/p>\n","protected":false},"featured_media":831,"template":"","meta":{"jetpack_publicize_message":"","jetpack_publicize_feature_enabled":true,"jetpack_social_post_already_shared":false,"jetpack_social_options":{"image_generator_settings":{"template":"highway","default_image_id":0,"font":"","enabled":false},"version":2}},"product_brand":[],"product_cat":[667,544],"product_tag":[669,668],"class_list":{"0":"post-1321","1":"product","2":"type-product","3":"status-publish","4":"has-post-thumbnail","6":"product_cat-epreuves-physiques-et-sportives-eps","7":"product_cat-exposes","8":"product_tag-basquet-ball","9":"product_tag-sport","11":"first","12":"instock","13":"downloadable","14":"virtual","15":"sold-individually","16":"purchasable","17":"product-type-simple"},"aioseo_notices":[],"jetpack_publicize_connections":[],"jetpack-related-posts":[],"jetpack_sharing_enabled":true,"_links":{"self":[{"href":"https:\/\/karandoogo.com\/index.php\/wp-json\/wp\/v2\/product\/1321","targetHints":{"allow":["GET"]}}],"collection":[{"href":"https:\/\/karandoogo.com\/index.php\/wp-json\/wp\/v2\/product"}],"about":[{"href":"https:\/\/karandoogo.com\/index.php\/wp-json\/wp\/v2\/types\/product"}],"wp:featuredmedia":[{"embeddable":true,"href":"https:\/\/karandoogo.com\/index.php\/wp-json\/wp\/v2\/media\/831"}],"wp:attachment":[{"href":"https:\/\/karandoogo.com\/index.php\/wp-json\/wp\/v2\/media?parent=1321"}],"wp:term":[{"taxonomy":"product_brand","embeddable":true,"href":"https:\/\/karandoogo.com\/index.php\/wp-json\/wp\/v2\/product_brand?post=1321"},{"taxonomy":"product_cat","embeddable":true,"href":"https:\/\/karandoogo.com\/index.php\/wp-json\/wp\/v2\/product_cat?post=1321"},{"taxonomy":"product_tag","embeddable":true,"href":"https:\/\/karandoogo.com\/index.php\/wp-json\/wp\/v2\/product_tag?post=1321"}],"curies":[{"name":"wp","href":"https:\/\/api.w.org\/{rel}","templated":true}]}}