{"id":1681,"date":"2022-08-25T16:53:24","date_gmt":"2022-08-25T16:53:24","guid":{"rendered":"https:\/\/karandoogo.com\/?post_type=product&#038;p=1681"},"modified":"2025-10-19T13:54:41","modified_gmt":"2025-10-19T13:54:41","slug":"expose-complet-sur-le-racisme-dans-les-bouts-de-bois-de-dieu-de-sembene-ousmane","status":"publish","type":"product","link":"https:\/\/karandoogo.com\/index.php\/produit\/expose-complet-sur-le-racisme-dans-les-bouts-de-bois-de-dieu-de-sembene-ousmane\/","title":{"rendered":"Expos\u00e9 complet sur le racisme dans les Bouts de Bois de Dieu de Sembene Ousmane"},"content":{"rendered":"","protected":false},"excerpt":{"rendered":"<p><strong>NB:<\/strong> Les documents mis \u00e0 disposition sur ce site sont des documents \u00e0 exploiter, autrement dit des compl\u00e9ments pour parfaire votre travail. Ils ne sont pas faits pour \u00eatre pr\u00e9sent\u00e9s \u00e0 l\u2019\u00e9tat.<\/p>\n<p><strong><u>PLAN<\/u><\/strong><\/p>\n<p><strong><u>INTODUCTION<\/u><\/strong><\/p>\n<p><strong><u>I.\u00a0 PRESENTATION DE L\u2019AUTEUR<\/u><\/strong><\/p>\n<p><strong><u>1.\u00a0\u00a0\u00a0\u00a0\u00a0\u00a0Biographie de Semb\u00e8ne<\/u><\/strong><\/p>\n<p><strong><u>2.\u00a0\u00a0\u00a0\u00a0\u00a0\u00a0Bibliographie et filmographie<\/u><\/strong><\/p>\n<p><strong><u>II.\u00a0\u00a0\u00a0\u00a0\u00a0\u00a0PRESENTATION DU ROMAN<\/u><\/strong><\/p>\n<ol type=\"1\">\n<li><strong><u>Structure du roman<\/u><\/strong><\/li>\n<li><strong><u>R\u00e9sum\u00e9 du roman\u00a0<\/u><\/strong><\/li>\n<\/ol>\n<p><strong><u>III.\u00a0LES PERSONNAGES<\/u><\/strong><\/p>\n<ol type=\"1\">\n<li><strong><u>Les personnages de Bamako<\/u><\/strong><\/li>\n<li><strong><u>Les personnages de Thi\u00e8s<\/u><\/strong><\/li>\n<\/ol>\n<p><strong><u>IV.\u00a0\u00a0 LES THEMES PRINCIPAUX<\/u><\/strong><\/p>\n<ol type=\"1\">\n<li><strong><u>Discrimination raciale<\/u><\/strong><\/li>\n<li><strong><u>La violence<\/u><\/strong><\/li>\n<\/ol>\n<p><strong><u>V- THEMES SECONDAIRES\u00a0:<\/u><\/strong><\/p>\n<ol type=\"1\">\n<li><strong><u>La r\u00e9volte<\/u><\/strong><\/li>\n<\/ol>\n<p><strong><u>VI-L\u2019ESPACE ET LE TEMPS<\/u><\/strong><\/p>\n<p><strong><u>VII.\u00a0\u00a0\u00a0LE STYLE<\/u><\/strong><\/p>\n<ol type=\"1\">\n<li><strong><u>La technique cin\u00e9matographique<\/u><\/strong><\/li>\n<\/ol>\n<p><strong><u>2. La pr\u00e9cision du vocabulaire et la couleur locale<\/u><\/strong><\/p>\n<p><strong><u>3. L\u2019humour<\/u><\/strong><\/p>\n<p><strong><u>4. Le chant<\/u><\/strong><\/p>\n<p><strong><u>CONCLUSION<\/u><\/strong><\/p>\n<p><strong><u>INTODUCTION<\/u><\/strong><\/p>\n<p>La production romanesque n\u00e9gro africaine reste \u00e9troitement li\u00e9e aux \u00e9v\u00e9nements historiques du continent. Ainsi, on aura trois courants qui feront successivement l\u2019apologie de la colonisation, la critique de la colonisation puis celle des ind\u00e9pendances. Ce roman que nous nous proposons d\u2019\u00e9tudier appartient au second courant car le romancier a pris comme objectif la d\u00e9nonciation de l\u2019injustice et de la violence caus\u00e9es par la pr\u00e9sence coloniale.<\/p>\n<p><strong><u>I.\u00a0\u00a0\u00a0\u00a0\u00a0\u00a0\u00a0\u00a0\u00a0\u00a0\u00a0\u00a0\u00a0\u00a0\u00a0\u00a0\u00a0\u00a0\u00a0PRESENTATION DE L\u2019AUTEUR<\/u><\/strong><\/p>\n<p><strong><u>1.\u00a0\u00a0\u00a0\u00a0\u00a0\u00a0Biographie de Semb\u00e8ne<\/u><\/strong><\/p>\n<p>Ousmane Semb\u00e8ne est n\u00e9 le 1er janvier 1923 \u00e0 Ziguinchor. Ses parents sont des L\u00e9bous ayant quitt\u00e9 la presqu\u2019\u00eele du Cap-Vert pour la Casamance. \u00c0 partir de 7 ans, il fr\u00e9quente l\u2019\u00e9cole coranique et l\u2019\u00e9cole fran\u00e7aise, apprenant \u00e0 la fois le fran\u00e7ais et l\u2019arabe, alors que sa langue maternelle est le wolof. Il abandonne l\u2019\u00e9cole primaire et n\u2019a jamais repris les \u00e9tudes. En 1942, il est mobilis\u00e9 par l\u2019arm\u00e9e fran\u00e7aise et int\u00e8gre les tirailleurs s\u00e9n\u00e9galais. En 1946, il embarque clandestinement pour la France et d\u00e9barque \u00e0 Marseille, o\u00f9 il vit de diff\u00e9rents petits travaux. Il est notamment docker au port de Marseille pendant dix ans. Il adh\u00e8re \u00e0 la CGT (Conf\u00e9d\u00e9ration G\u00e9n\u00e9ral du Travail, Syndicat qui lutte pour les travailleurs) et au Parti communiste fran\u00e7ais. Il milite contre \u2026<\/p>\n<p>Pour obtenir l&rsquo;expos\u00e9 complet contactez le +226 56196345 (WhatsApp).<\/p>\n","protected":false},"featured_media":831,"template":"","meta":{"jetpack_publicize_message":"","jetpack_publicize_feature_enabled":true,"jetpack_social_post_already_shared":false,"jetpack_social_options":{"image_generator_settings":{"template":"highway","default_image_id":0,"font":"","enabled":false},"version":2}},"product_brand":[],"product_cat":[598,547],"product_tag":[682,681],"class_list":{"0":"post-1681","1":"product","2":"type-product","3":"status-publish","4":"has-post-thumbnail","6":"product_cat-litterature","7":"product_cat-litterature-africaine","8":"product_tag-racisme","9":"product_tag-sembene-ousmane","11":"first","12":"instock","13":"downloadable","14":"virtual","15":"sold-individually","16":"purchasable","17":"product-type-simple"},"aioseo_notices":[],"jetpack_publicize_connections":[],"jetpack-related-posts":[],"jetpack_sharing_enabled":true,"_links":{"self":[{"href":"https:\/\/karandoogo.com\/index.php\/wp-json\/wp\/v2\/product\/1681","targetHints":{"allow":["GET"]}}],"collection":[{"href":"https:\/\/karandoogo.com\/index.php\/wp-json\/wp\/v2\/product"}],"about":[{"href":"https:\/\/karandoogo.com\/index.php\/wp-json\/wp\/v2\/types\/product"}],"wp:featuredmedia":[{"embeddable":true,"href":"https:\/\/karandoogo.com\/index.php\/wp-json\/wp\/v2\/media\/831"}],"wp:attachment":[{"href":"https:\/\/karandoogo.com\/index.php\/wp-json\/wp\/v2\/media?parent=1681"}],"wp:term":[{"taxonomy":"product_brand","embeddable":true,"href":"https:\/\/karandoogo.com\/index.php\/wp-json\/wp\/v2\/product_brand?post=1681"},{"taxonomy":"product_cat","embeddable":true,"href":"https:\/\/karandoogo.com\/index.php\/wp-json\/wp\/v2\/product_cat?post=1681"},{"taxonomy":"product_tag","embeddable":true,"href":"https:\/\/karandoogo.com\/index.php\/wp-json\/wp\/v2\/product_tag?post=1681"}],"curies":[{"name":"wp","href":"https:\/\/api.w.org\/{rel}","templated":true}]}}