{"id":1734,"date":"2022-08-28T01:46:06","date_gmt":"2022-08-28T01:46:06","guid":{"rendered":"https:\/\/karandoogo.com\/?post_type=product&#038;p=1734"},"modified":"2025-10-19T13:53:01","modified_gmt":"2025-10-19T13:53:01","slug":"expose-complet-sur-madame-de-bovary-de-gustave-flaubert","status":"publish","type":"product","link":"https:\/\/karandoogo.com\/index.php\/produit\/expose-complet-sur-madame-de-bovary-de-gustave-flaubert\/","title":{"rendered":"Expos\u00e9 complet sur Madame de Bovary de Gustave Flaubert"},"content":{"rendered":"","protected":false},"excerpt":{"rendered":"<p><strong>NB:<\/strong> Les documents mis \u00e0 disposition sur ce site sont des documents \u00e0 exploiter, autrement dit des compl\u00e9ments pour parfaire votre travail. Ils ne sont pas faits pour \u00eatre pr\u00e9sent\u00e9s \u00e0 l\u2019\u00e9tat.<\/p>\n<p><strong><u>PLAN<\/u><\/strong><\/p>\n<p><strong><u>INTRODUCTION<\/u><\/strong><\/p>\n<p><strong><u>I- LA PRESENTATION DE L\u2019\u0152UVRE<\/u><\/strong><\/p>\n<p><strong><u>1- la biographie de l\u2019auteur<\/u><\/strong><\/p>\n<p><strong><u>2- la bibliographie de l\u2019auteur<\/u><\/strong><\/p>\n<p><strong><u>3- le r\u00e9sume de l\u2019\u0153uvre<\/u><\/strong><\/p>\n<p><strong><u>II- ETUDES DES PERSONNAGES<\/u><\/strong><\/p>\n<p><strong><u>1-les personnages principaux<\/u><\/strong><\/p>\n<p><strong><u>2- les personnages secondaires<\/u><\/strong><\/p>\n<p><strong><u>III- ETUDES THEMATIQUES<\/u><\/strong><\/p>\n<p><strong><u>1- le th\u00e8me principal<\/u><\/strong><\/p>\n<p><strong><u>2- les th\u00e8mes secondaires<\/u><\/strong><\/p>\n<p><strong><u>V-STYLE DE L\u2019AUTEUR<\/u><\/strong><\/p>\n<p><strong><u>CONCLUSION<\/u><\/strong><\/p>\n<p><strong><u>INTRODUCTION<\/u><\/strong><\/p>\n<p>Madame Bovary, \u0153uvre \u00e9crite par le r\u00e9aliste Gustave Flaubert nous renseigne sur les m\u0153urs bourgeoises du XIXe si\u00e8cle. C\u2019est de cette \u0153uvre que nous ferons une analyse int\u00e9grale sur le romantisme qui est un mouvement litt\u00e9raire qui pr\u00f4ne de laisser largement place \u00e0 l\u2019expression des sentiments et des sensations en abolissant les r\u00e8gles strictes de la litt\u00e9rature classique.<\/p>\n<p><strong><u>I- LA PRESENTATION DE L\u2019\u0152UVRE<\/u><\/strong><\/p>\n<p>GENRE : Roman<\/p>\n<p>Auteur : Gustave Flaubert<\/p>\n<p>Registre : Comique, satirique, path\u00e9tique, lyrique, ironique.<\/p>\n<p>Structure : 3 parties, 35 chapitres<\/p>\n<p>Formes : R\u00e9cit en prose<\/p>\n<p><strong><u>1- la biographie de l\u2019auteur<\/u><\/strong><\/p>\n<p>N\u00e9 dans une famille de la petite bourgeoisie catholique et d\u2019anc\u00eatres protestants, Gustave Flaubert est le deuxi\u00e8me enfant d\u2019Achille Cl\u00e9ophas Flaubert (1784-1846), chirurgien-chef tr\u00e8s occup\u00e9 \u00e0 l\u2019H\u00f4tel-Dieu de Rouen, et de son \u00e9pouse (la m\u00e8re de Gustave), Anne Justine Caroline Fleuriot (1793-1872), fille d\u2019un m\u00e9decin de Pont-l\u2019\u00c9v\u00eaque.<\/p>\n<p>Acte de naissance de Gustave Flaubert en 1821.<\/p>\n<p>Il na\u00eet le 12 d\u00e9cembre 1821 apr\u00e8s une s\u0153ur et deux fr\u00e8res d\u00e9c\u00e9d\u00e9s en bas \u00e2ge , et sera d\u00e9laiss\u00e9 en faveur de son fr\u00e8re a\u00een\u00e9, brillant \u00e9l\u00e8ve admir\u00e9 par la famille (pr\u00e9nomm\u00e9 Achille comme son p\u00e8re, \u00e0 qui il succ\u00e9dera d\u2019ailleurs comme chirurgien-chef de l\u2019H\u00f4tel-Dieu de Rouen). Gustave Flaubert passe une enfance sans joie, marqu\u00e9e par l\u2019environnement sombre de l\u2019appartement de fonction de son p\u00e8re \u00e0 l\u2019h\u00f4pital de Rouen, mais adoucie par sa complicit\u00e9 avec sa s\u0153ur cadette, Caroline, n\u00e9e trois ans apr\u00e8s lui. Adolescent aux exaltations romantiques, il est d\u00e9j\u00e0 attir\u00e9 par\u2026<\/p>\n<p>Pour obtenir l&rsquo;expos\u00e9 complet contactez le +226 56196345 (WhatsApp).<\/p>\n","protected":false},"featured_media":831,"template":"","meta":{"jetpack_publicize_message":"","jetpack_publicize_feature_enabled":true,"jetpack_social_post_already_shared":false,"jetpack_social_options":{"image_generator_settings":{"template":"highway","default_image_id":0,"font":"","enabled":false},"version":2}},"product_brand":[],"product_cat":[598],"product_tag":[636,716],"class_list":{"0":"post-1734","1":"product","2":"type-product","3":"status-publish","4":"has-post-thumbnail","6":"product_cat-litterature","7":"product_tag-litterature","8":"product_tag-madame-de-bovary","10":"first","11":"instock","12":"downloadable","13":"virtual","14":"sold-individually","15":"purchasable","16":"product-type-simple"},"aioseo_notices":[],"jetpack_publicize_connections":[],"jetpack-related-posts":[],"jetpack_sharing_enabled":true,"_links":{"self":[{"href":"https:\/\/karandoogo.com\/index.php\/wp-json\/wp\/v2\/product\/1734","targetHints":{"allow":["GET"]}}],"collection":[{"href":"https:\/\/karandoogo.com\/index.php\/wp-json\/wp\/v2\/product"}],"about":[{"href":"https:\/\/karandoogo.com\/index.php\/wp-json\/wp\/v2\/types\/product"}],"wp:featuredmedia":[{"embeddable":true,"href":"https:\/\/karandoogo.com\/index.php\/wp-json\/wp\/v2\/media\/831"}],"wp:attachment":[{"href":"https:\/\/karandoogo.com\/index.php\/wp-json\/wp\/v2\/media?parent=1734"}],"wp:term":[{"taxonomy":"product_brand","embeddable":true,"href":"https:\/\/karandoogo.com\/index.php\/wp-json\/wp\/v2\/product_brand?post=1734"},{"taxonomy":"product_cat","embeddable":true,"href":"https:\/\/karandoogo.com\/index.php\/wp-json\/wp\/v2\/product_cat?post=1734"},{"taxonomy":"product_tag","embeddable":true,"href":"https:\/\/karandoogo.com\/index.php\/wp-json\/wp\/v2\/product_tag?post=1734"}],"curies":[{"name":"wp","href":"https:\/\/api.w.org\/{rel}","templated":true}]}}