{"id":1746,"date":"2022-08-28T02:22:47","date_gmt":"2022-08-28T02:22:47","guid":{"rendered":"https:\/\/karandoogo.com\/?post_type=product&#038;p=1746"},"modified":"2025-10-19T13:53:00","modified_gmt":"2025-10-19T13:53:00","slug":"expose-complet-sur-la-tectonique-des-plaques","status":"publish","type":"product","link":"https:\/\/karandoogo.com\/index.php\/produit\/expose-complet-sur-la-tectonique-des-plaques\/","title":{"rendered":"Expos\u00e9 complet sur la TECTONIQUE DES PLAQUES (Causes et cons\u00e9quences)"},"content":{"rendered":"","protected":false},"excerpt":{"rendered":"<p><strong>NB:<\/strong> Les documents mis \u00e0 disposition sur ce site sont des documents \u00e0 exploiter, autrement dit des compl\u00e9ments pour parfaire votre travail. Ils ne sont pas faits pour \u00eatre pr\u00e9sent\u00e9s \u00e0 l\u2019\u00e9tat.<\/p>\n<p><strong><u>Introduction<\/u><\/strong><\/p>\n<ol type=\"I\">\n<li><strong><u>D\u00e9finition<\/u><\/strong><\/li>\n<li><strong><u>D\u00e9riv\u00e9 des Continents<\/u><\/strong><\/li>\n<li><strong><u>Le parall\u00e9lisme des c\u00f4tes de l\u2019Atlantique<\/u><\/strong><\/li>\n<li><strong><u>La r\u00e9partition de certains fossiles<\/u><\/strong><\/li>\n<li><strong><u>Les traces d\u2019anciennes glaciations<\/u><\/strong><\/li>\n<\/ol>\n<p><strong><u>L\u2019Ouverture des Oc\u00e9ans<\/u><\/strong><\/p>\n<ol type=\"1\">\n<li><strong><u>Le pal\u00e9omagn\u00e9tisme<\/u><\/strong><\/li>\n<\/ol>\n<p><strong><u>Les cons\u00e9quences des d\u00e9placements des plaques<\/u><\/strong><\/p>\n<ol type=\"1\">\n<li><strong><u>Les zones d\u2019accr\u00e9tion<\/u><\/strong><\/li>\n<li><strong><u>Les zones de subduction<\/u><\/strong><\/li>\n<li><strong><u>Les zones de fermeture oc\u00e9anique<\/u><\/strong><\/li>\n<li><strong><u>Les failles transformantes<\/u><\/strong><\/li>\n<\/ol>\n<p><strong><u>Validit\u00e9 de la tectonique des plaques<\/u><\/strong><\/p>\n<p><strong><u>Conclusion<\/u><\/strong><\/p>\n<p><strong><u>Introduction<\/u><\/strong><\/p>\n<p>La tectonique des plaques (du latin tardif tectonicus, d\u00e9riv\u00e9 du grec ancien Tektonikos \u00ab\u00a0de construction\u00a0\u00bb) est un mod\u00e8le scientifique expliquant la dynamique globale de la lithosph\u00e8re terrestre. Ce mod\u00e8le th\u00e9orique a \u00e9t\u00e9 constitu\u00e9 \u00e0 partie du concept de d\u00e9rive des continents, qui fut d\u00e9velopp\u00e9 par Alfred Wegener au d\u00e9but du XXe si\u00e8cle. La th\u00e9orie de la tectonique des plaques fut accept\u00e9e par la communaut\u00e9 scientifique \u00e0 la fin des ann\u00e9es 1960, \u00e0 la suite de l\u2019\u00e9mission des concepts du \u00ab\u00a0double tapis roulant oc\u00e9anique\u00a0\u00bb<\/p>\n<ol type=\"I\">\n<li><strong><u>D\u00e9finition<\/u><\/strong><\/li>\n<\/ol>\n<p>La tectonique des plaques correspond aux mouvements relatifs lithosph\u00e9riques(cro\u00fbte et partie sup\u00e9rieur solide du manteau) constituant la surface d\u2019une plan\u00e8tediff\u00e9renci\u00e9. De la tectonique des plaques naissent les failles tectoniques \u00e0 l\u2019origine des s\u00e9ismes.<\/p>\n<ol type=\"I\">\n<li><strong><u>D\u00e9riv\u00e9 des Continents<\/u><\/strong><\/li>\n<\/ol>\n<p>Selon cette th\u00e9orie d\u2019Alfred Wegener, au d\u00e9part \u00a0il existait un continent uni appel\u00e9 Goudwana l\u2019Afrique, Am\u00e9rique, latine, Australie. C\u2019est \u00e0 la suite des mouvementstechn\u00e9troniques que ces continents ce d\u00e9tachent les uns les autres. C\u2019estce qui en est \u00e9galement de la formation de l\u2019Eurasie.<\/p>\n<ol type=\"1\">\n<li><strong><u>Le parall\u00e9lisme des c\u00f4tes de l\u2019Atlantique<\/u><\/strong><\/li>\n<\/ol>\n<p>On observe en effet un certain parall\u00e9lisme des lignes c\u00f4ti\u00e8res entre part les Am\u00e9riques et d\u2019autre part L\u2019Europe et Afrique. Ce amena Wegener \u00e0 concevoir que dans un pass\u00e9 lointain toutes masses continentales \u00e9taient r\u00e9unies en un seul m\u00e9ga continent, la Pang\u00e9e.<\/p>\n<ul>\n<li><strong><u>La r\u00e9partition de certains fossiles<\/u><\/strong><\/li>\n<\/ul>\n<p>On retrouve, de part et autre de l\u2019Atlantique, sur les continents actuels, les fossiles de plantes et d\u2019animaux terrestres datant de 240Ma.<\/p>\n<ul>\n<li><strong><u>Les traces d\u2019anciennes glaciations<\/u><\/strong><\/li>\n<\/ul>\n<p>On observe, sur certaines portions des continents actuels, des marques de glaciation datant il y a 250millions ann\u00e9es, indiquant que ses portions de continent ont \u00e9t\u00e9 recouvertes par une calotte glaciaire. Il est plus qu\u2019improbable qu\u2019il est pu y avoir glaciation sur les continents se trouvant dans la zone tropicale (Sud de l\u2019Afrique, Inde). De plus, il est anormale que l\u2019\u00e9coulement des glaces dont le sens est indiqu\u00e9 par les fl\u00e8ches, se face vers l\u2019int\u00e9rieur d\u2019un continent (des points bas vers des points hauts\u00a0; cas de l\u2019Am\u00e9rique du Sud, de l\u2019Afrique, de l\u2019Inde et l\u2019Australie)<\/p>\n<p>III<strong><u>\u2013 L\u2019Ouverture des Oc\u00e9ans<\/u><\/strong><\/p>\n<p>Wegener avait vu juste pour la th\u00e9orie d\u2019ensemble en fait, ce ne sont pas tant les continent qui d\u00e9rivent que les oc\u00e9ans qui s\u2019ouvrent. Lors de la pose au fond de l\u2019atlantique du premier fil t\u00e9l\u00e9graphique reliant l\u2019Europe \u00e0 l\u2019Am\u00e9rique, les scientifiques se sont &#8230;<\/p>\n<p>Pour obtenir l&rsquo;expos\u00e9 complet contactez le +226 56196345 (WhatsApp).<\/p>\n","protected":false},"featured_media":831,"template":"","meta":{"jetpack_publicize_message":"","jetpack_publicize_feature_enabled":true,"jetpack_social_post_already_shared":false,"jetpack_social_options":{"image_generator_settings":{"template":"highway","default_image_id":0,"font":"","enabled":false},"version":2}},"product_brand":[],"product_cat":[549,550],"product_tag":[728],"class_list":{"0":"post-1746","1":"product","2":"type-product","3":"status-publish","4":"has-post-thumbnail","6":"product_cat-geographie","7":"product_cat-geologie","8":"product_tag-tectonique-des-plaques","10":"first","11":"instock","12":"downloadable","13":"virtual","14":"sold-individually","15":"purchasable","16":"product-type-simple"},"aioseo_notices":[],"jetpack_publicize_connections":[],"jetpack-related-posts":[],"jetpack_sharing_enabled":true,"_links":{"self":[{"href":"https:\/\/karandoogo.com\/index.php\/wp-json\/wp\/v2\/product\/1746","targetHints":{"allow":["GET"]}}],"collection":[{"href":"https:\/\/karandoogo.com\/index.php\/wp-json\/wp\/v2\/product"}],"about":[{"href":"https:\/\/karandoogo.com\/index.php\/wp-json\/wp\/v2\/types\/product"}],"wp:featuredmedia":[{"embeddable":true,"href":"https:\/\/karandoogo.com\/index.php\/wp-json\/wp\/v2\/media\/831"}],"wp:attachment":[{"href":"https:\/\/karandoogo.com\/index.php\/wp-json\/wp\/v2\/media?parent=1746"}],"wp:term":[{"taxonomy":"product_brand","embeddable":true,"href":"https:\/\/karandoogo.com\/index.php\/wp-json\/wp\/v2\/product_brand?post=1746"},{"taxonomy":"product_cat","embeddable":true,"href":"https:\/\/karandoogo.com\/index.php\/wp-json\/wp\/v2\/product_cat?post=1746"},{"taxonomy":"product_tag","embeddable":true,"href":"https:\/\/karandoogo.com\/index.php\/wp-json\/wp\/v2\/product_tag?post=1746"}],"curies":[{"name":"wp","href":"https:\/\/api.w.org\/{rel}","templated":true}]}}