{"id":1773,"date":"2022-08-28T15:26:13","date_gmt":"2022-08-28T15:26:13","guid":{"rendered":"https:\/\/karandoogo.com\/?post_type=product&#038;p=1773"},"modified":"2025-10-19T13:53:00","modified_gmt":"2025-10-19T13:53:00","slug":"expose-complet-deps-sur-la-gymnastique","status":"publish","type":"product","link":"https:\/\/karandoogo.com\/index.php\/produit\/expose-complet-deps-sur-la-gymnastique\/","title":{"rendered":"Expos\u00e9 complet d&rsquo;EPS sur la gymnastique"},"content":{"rendered":"","protected":false},"excerpt":{"rendered":"<p><strong>NB:<\/strong> Les documents mis \u00e0 disposition sur ce site sont des documents \u00e0 exploiter, autrement dit des compl\u00e9ments pour parfaire votre travail. Ils ne sont pas faits pour \u00eatre pr\u00e9sent\u00e9s \u00e0 l\u2019\u00e9tat.<\/p>\n<p><strong><u>PLAN<\/u><\/strong><\/p>\n<p><strong><u>INTRODUCTION<\/u><\/strong><\/p>\n<ol type=\"I\">\n<li><strong><u>HISTOIRE<\/u><\/strong><\/li>\n<li><strong><u>EVOLUTION<\/u><\/strong><\/li>\n<\/ol>\n<p><strong><u>CONCLUSION<\/u><\/strong><\/p>\n<p><strong><u>INTRODUCTION<\/u><\/strong><\/p>\n<p>La\u00a0<strong>gymnastique<\/strong>\u00a0(abr\u00e9g\u00e9e en \u00ab\u00a0gym\u00a0\u00bb) est un terme g\u00e9n\u00e9rique qui regroupe aujourd\u2019hui des formes tr\u00e8s diverses de disciplines sportives, pratiqu\u00e9es pour le loisir ou la comp\u00e9tition\u00a0:\u00a0<a href=\"https:\/\/fr.wikipedia.org\/wiki\/Gymnastique_artistique\">gymnastique artistique<\/a>,\u00a0<a href=\"https:\/\/fr.wikipedia.org\/wiki\/Gymnastique_rythmique\">gymnastique rythmique<\/a>,\u00a0<a href=\"https:\/\/fr.wikipedia.org\/wiki\/Trampoline_(sport)\">trampoline<\/a>,\u00a0<a href=\"https:\/\/fr.wikipedia.org\/wiki\/Gymnastique_acrobatique\">gymnastique acrobatique<\/a>,\u00a0<a href=\"https:\/\/fr.wikipedia.org\/wiki\/Gymnastique_a%C3%A9robic\">gymnastique a\u00e9robique<\/a>,\u00a0<a href=\"https:\/\/fr.wikipedia.org\/wiki\/Tumbling\">tumbling<\/a>\u2026 Le terme est aussi appliqu\u00e9 \u00e0 des formes d\u2019activit\u00e9s dites gymniques, plus ou moins li\u00e9es \u00e0 la sant\u00e9 ou \u00e0 la condition physique des personnes la pratiquant, telles que l\u2019<a href=\"https:\/\/fr.wikipedia.org\/wiki\/Aquagym\">aquagym<\/a>\u00a0ou le\u00a0<a href=\"https:\/\/fr.wikipedia.org\/wiki\/Fitness\">fitness<\/a>.<\/p>\n<p>Lors des comp\u00e9titions, les gymnastes sont not\u00e9s par des juges qui ont re\u00e7u une formation, qui d\u00e9pend de la f\u00e9d\u00e9ration concern\u00e9e qui se pratique en plusieurs formations tous les matins et par la suite le chef des juges doit faire passer un examen.<\/p>\n<ol type=\"I\">\n<li><strong><u>HISTOIRE<\/u><\/strong><\/li>\n<\/ol>\n<p><em>Gymnastique<\/em>\u00a0vient du\u00a0<a href=\"https:\/\/fr.wikipedia.org\/wiki\/Grec_ancien\">grec<\/a><em>gumn\u00f3s<\/em>\u00a0, qui signifie \u00ab\u00a0nu\u00a0\u00bb\u00a0; le\u00a0<a href=\"https:\/\/fr.wikipedia.org\/wiki\/Gymnase_(Gr%C3%A8ce_antique)\">gymnase<\/a><em>gumn\u00e1sion<\/em>\u00a0\u00e9tait le lieu o\u00f9 l\u2019on s\u2019exer\u00e7ait nu. Le terme\u00a0<em>gymnastique<\/em>, en\u00a0<a href=\"https:\/\/fr.wikipedia.org\/wiki\/Gr%C3%A8ce_antique\">Gr\u00e8ce antique<\/a>, avait deux acceptions. La premi\u00e8re concernait les\u00a0<a href=\"https:\/\/fr.wikipedia.org\/wiki\/Jeunesse\">jeunes<\/a>\u00a0gens. Dans ce cas, le terme englobait les exercices d\u2019assouplissement et\u2026<\/p>\n<p>Pour obtenir l&rsquo;expos\u00e9 complet contactez le +226 56196345 (WhatsApp).<\/p>\n","protected":false},"featured_media":831,"template":"","meta":{"jetpack_publicize_message":"","jetpack_publicize_feature_enabled":true,"jetpack_social_post_already_shared":false,"jetpack_social_options":{"image_generator_settings":{"template":"highway","default_image_id":0,"font":"","enabled":false},"version":2}},"product_brand":[],"product_cat":[667],"product_tag":[743],"class_list":{"0":"post-1773","1":"product","2":"type-product","3":"status-publish","4":"has-post-thumbnail","6":"product_cat-epreuves-physiques-et-sportives-eps","7":"product_tag-gymnastique","9":"first","10":"instock","11":"downloadable","12":"virtual","13":"sold-individually","14":"purchasable","15":"product-type-simple"},"aioseo_notices":[],"jetpack_publicize_connections":[],"jetpack-related-posts":[],"jetpack_sharing_enabled":true,"_links":{"self":[{"href":"https:\/\/karandoogo.com\/index.php\/wp-json\/wp\/v2\/product\/1773","targetHints":{"allow":["GET"]}}],"collection":[{"href":"https:\/\/karandoogo.com\/index.php\/wp-json\/wp\/v2\/product"}],"about":[{"href":"https:\/\/karandoogo.com\/index.php\/wp-json\/wp\/v2\/types\/product"}],"wp:featuredmedia":[{"embeddable":true,"href":"https:\/\/karandoogo.com\/index.php\/wp-json\/wp\/v2\/media\/831"}],"wp:attachment":[{"href":"https:\/\/karandoogo.com\/index.php\/wp-json\/wp\/v2\/media?parent=1773"}],"wp:term":[{"taxonomy":"product_brand","embeddable":true,"href":"https:\/\/karandoogo.com\/index.php\/wp-json\/wp\/v2\/product_brand?post=1773"},{"taxonomy":"product_cat","embeddable":true,"href":"https:\/\/karandoogo.com\/index.php\/wp-json\/wp\/v2\/product_cat?post=1773"},{"taxonomy":"product_tag","embeddable":true,"href":"https:\/\/karandoogo.com\/index.php\/wp-json\/wp\/v2\/product_tag?post=1773"}],"curies":[{"name":"wp","href":"https:\/\/api.w.org\/{rel}","templated":true}]}}