{"id":1774,"date":"2022-08-28T15:12:04","date_gmt":"2022-08-28T15:12:04","guid":{"rendered":"https:\/\/karandoogo.com\/?post_type=product&#038;p=1774"},"modified":"2025-10-19T13:53:00","modified_gmt":"2025-10-19T13:53:00","slug":"expose-complet-sur-la-circulation-atmospherique","status":"publish","type":"product","link":"https:\/\/karandoogo.com\/index.php\/produit\/expose-complet-sur-la-circulation-atmospherique\/","title":{"rendered":"Expos\u00e9 complet sur la circulation atmosph\u00e9rique"},"content":{"rendered":"","protected":false},"excerpt":{"rendered":"<p><strong>NB:<\/strong> Les documents mis \u00e0 disposition sur ce site sont des documents \u00e0 exploiter, autrement dit des compl\u00e9ments pour parfaire votre travail. Ils ne sont pas faits pour \u00eatre pr\u00e9sent\u00e9s \u00e0 l\u2019\u00e9tat.<\/p>\n<p><strong><u>INTRODUCTION<\/u><\/strong><\/p>\n<p><strong><u>LES DIFFERENTES THEORIES DE LA CIRCULATION<\/u><\/strong><\/p>\n<ol type=\"I\">\n<li><strong><u>ATMOSPHERIQUE GENERALE<\/u><\/strong><\/li>\n<li><strong><u>Cellule de Haliday<\/u><\/strong><\/li>\n<li><strong><u>Cellule polaire<\/u><\/strong><\/li>\n<li><strong><u>Cellule de Ferrel<\/u><\/strong><\/li>\n<li><strong><u>\u00a0LA GEOGRAPHIQUE CLIMATIQUE DU GLOBE<\/u><\/strong><\/li>\n<li><strong><u>Flux zonal<\/u><\/strong><\/li>\n<li><strong><u>Flux m\u00e9ridional<\/u><\/strong><\/li>\n<li><strong><u>Syst\u00e8me semi permanent<\/u><\/strong><\/li>\n<\/ol>\n<p><strong><u>CONCLUSION<\/u><\/strong><\/p>\n<p><strong><u>INTRODUCTION<\/u><\/strong><\/p>\n<p>La circulation g\u00e9n\u00e9rale atmosph\u00e9rique est la description des mouvements de l\u2019atmosph\u00e8re \u00e0 grande \u00e9chelle Elle est caract\u00e9ris\u00e9e par une grande variabilit\u00e9 mais elle pr\u00e9sente certains caract\u00e8res permanents ou saisonniers. Elle se caract\u00e9rise par le mouvement \u00e0 l\u2019\u00e9chelle plan\u00e9taire de diff\u00e9rentes masses d\u2019air entourant la Terre ce qui redistribue l\u2019\u00e9nergie solaire en conjonction avec la circulation oc\u00e9anique. Ainsi, comme la Terre est un sph\u00e9ro\u00efde, la radiation solaire incidente au sol varie entre un maximum aux r\u00e9gions faisant face directement au Soleil, situ\u00e9 selon les saisons plus ou moins loin de l\u2019\u00e9quateur, et un minimum \u00e0 celles tr\u00e8s inclin\u00e9s par rapport \u00e0 ces derniers proches des P\u00f4les. La radiation thermique r\u00e9\u00e9mise par le sol est proportionnelle \u00e0 la quantit\u00e9 d\u2019\u00e9nergie re\u00e7ue ce qui g\u00e9n\u00e8re un r\u00e9chauffement diff\u00e9rentiel entre les deux r\u00e9gions. De sorte que ce d\u00e9s\u00e9quilibre thermique a pour cons\u00e9quence la cr\u00e9ation de cellules de convection pr\u00e8s de l\u2019\u00e9quateur. Quand on s\u2019\u00e9loigne de celui-ci, la rotation de la Terre (qui g\u00e9n\u00e8re la force de Coriolis) influence le trajet de l\u2019air selon la r\u00e9partition des pressions et les toutes formes la circulation atmosph\u00e9rique.<\/p>\n<ol type=\"I\">\n<li><strong><u>LES DIFFERENTES THEORIES DE LA CIRCULATION ATMOSPHERIQUE GENERALE<\/u><\/strong><\/li>\n<\/ol>\n<ol type=\"1\">\n<li><strong><u>Cellule de Haliday<\/u><\/strong><\/li>\n<\/ol>\n<p>Le moteur de la circulation atmosph\u00e9rique sous les tropiques est le r\u00e9chauffement solaire. \u00c0 cause de l\u2019inclinaison de 23,27 degr\u00e9s de l\u2019axe de rotation de la Terre, le Soleil n\u2019est jamais \u00e0 plus de quelques dizaines de degr\u00e9s du z\u00e9nith \u00e0 midi tout au long de l\u2019ann\u00e9e dans les tropiques ce qui donne un maximum de r\u00e9chauffement autour de l\u2019\u00e9quateur g\u00e9ographique. Cette chaleur est transport\u00e9e en grande partie dans l\u2019atmosph\u00e8re sous forme de rel\u00e2chement de chaleur latente dans les orages tropicaux.<\/p>\n<ul>\n<li><strong><u>Cellule polaire<\/u><\/strong><\/li>\n<\/ul>\n<p>La cellule polaire de chaque h\u00e9misph\u00e8re est un syst\u00e8me identique \u00e0 la cellule de Hadley. M\u00eame si l\u2019air est plus sec et froid au nord\/sud du 60e parall\u00e8le, il peut subir une circulation ferm\u00e9e convective. Le parcours de l\u2019air se passe sous les 8 km d\u2019altitude car la tropopause n\u2019y d\u00e9passe pas ce niveau. L\u2019air descendant est tr\u00e8s sec ce qui explique que\u2026.<\/p>\n<p>Pour obtenir l&rsquo;expos\u00e9 complet contactez le +226 56196345 (WhatsApp).<\/p>\n","protected":false},"featured_media":831,"template":"","meta":{"jetpack_publicize_message":"","jetpack_publicize_feature_enabled":true,"jetpack_social_post_already_shared":false,"jetpack_social_options":{"image_generator_settings":{"template":"highway","default_image_id":0,"font":"","enabled":false},"version":2}},"product_brand":[],"product_cat":[550,627],"product_tag":[741],"class_list":{"0":"post-1774","1":"product","2":"type-product","3":"status-publish","4":"has-post-thumbnail","6":"product_cat-geologie","7":"product_cat-sciences-de-la-vie-et-de-la-terre","8":"product_tag-circulation-atmospherique","10":"first","11":"instock","12":"downloadable","13":"virtual","14":"sold-individually","15":"purchasable","16":"product-type-simple"},"aioseo_notices":[],"jetpack_publicize_connections":[],"jetpack-related-posts":[],"jetpack_sharing_enabled":true,"_links":{"self":[{"href":"https:\/\/karandoogo.com\/index.php\/wp-json\/wp\/v2\/product\/1774","targetHints":{"allow":["GET"]}}],"collection":[{"href":"https:\/\/karandoogo.com\/index.php\/wp-json\/wp\/v2\/product"}],"about":[{"href":"https:\/\/karandoogo.com\/index.php\/wp-json\/wp\/v2\/types\/product"}],"wp:featuredmedia":[{"embeddable":true,"href":"https:\/\/karandoogo.com\/index.php\/wp-json\/wp\/v2\/media\/831"}],"wp:attachment":[{"href":"https:\/\/karandoogo.com\/index.php\/wp-json\/wp\/v2\/media?parent=1774"}],"wp:term":[{"taxonomy":"product_brand","embeddable":true,"href":"https:\/\/karandoogo.com\/index.php\/wp-json\/wp\/v2\/product_brand?post=1774"},{"taxonomy":"product_cat","embeddable":true,"href":"https:\/\/karandoogo.com\/index.php\/wp-json\/wp\/v2\/product_cat?post=1774"},{"taxonomy":"product_tag","embeddable":true,"href":"https:\/\/karandoogo.com\/index.php\/wp-json\/wp\/v2\/product_tag?post=1774"}],"curies":[{"name":"wp","href":"https:\/\/api.w.org\/{rel}","templated":true}]}}