{"id":1781,"date":"2022-08-28T15:53:33","date_gmt":"2022-08-28T15:53:33","guid":{"rendered":"https:\/\/karandoogo.com\/?post_type=product&#038;p=1781"},"modified":"2025-10-19T13:53:00","modified_gmt":"2025-10-19T13:53:00","slug":"expose-complet-sur-la-greve-dans-les-bouts-de-bois-de-dieu-de-sembene-ousmane","status":"publish","type":"product","link":"https:\/\/karandoogo.com\/index.php\/produit\/expose-complet-sur-la-greve-dans-les-bouts-de-bois-de-dieu-de-sembene-ousmane\/","title":{"rendered":"Expos\u00e9 complet sur la gr\u00e8ve dans les bouts de bois de Dieu de Sembene Ousmane"},"content":{"rendered":"","protected":false},"excerpt":{"rendered":"<p><strong>NB:<\/strong> Les documents mis \u00e0 disposition sur ce site sont des documents \u00e0 exploiter, autrement dit des compl\u00e9ments pour parfaire votre travail. Ils ne sont pas faits pour \u00eatre pr\u00e9sent\u00e9s \u00e0 l\u2019\u00e9tat.<\/p>\n<p><strong><u>INTRODUCTION<\/u><\/strong><\/p>\n<ol type=\"I\">\n<li><strong><u>PRESENTATION DE L\u2019AUTEUR ET DE L\u2019\u0152UVRE<\/u><\/strong><\/li>\n<li><strong><u>Biographie<\/u><\/strong><\/li>\n<li><strong><u>Bibliographie<\/u><\/strong><\/li>\n<li><strong><u>La pr\u00e9sentation de l\u2019\u0153uvre<\/u><\/strong><\/li>\n<li><strong><u>La structure de l\u2019\u0153uvre<\/u><\/strong><\/li>\n<li><strong><u>Le r\u00e9sum\u00e9 de l\u2019\u0153uvre<\/u><\/strong><\/li>\n<li><strong><u>ETUDE DU THEME DE LA GREVE DANS L\u2019OEUVRE<\/u><\/strong><\/li>\n<li><strong><u>LES CAUSES DE LA GREVE<\/u><\/strong><\/li>\n<li><strong><u>LES ASPECTS DE LA GREVE<\/u><\/strong><\/li>\n<\/ol>\n<ol type=\"a\">\n<li><strong><u>L\u2019organisation<\/u><\/strong><\/li>\n<li><strong><u>Les acteurs<\/u><\/strong><\/li>\n<li><strong>\u00a0<u>LES CONSEQUENCES DE LA GREVE<\/u><\/strong><\/li>\n<\/ol>\n<ol type=\"a\">\n<li><strong><u>Les cons\u00e9quences n\u00e9gatives<\/u><\/strong><\/li>\n<li><strong><u>Les cons\u00e9quences positives<\/u><\/strong><\/li>\n<li><strong>\u00a0<u>LES SOLUTIONS<\/u><\/strong><\/li>\n<\/ol>\n<p><strong><u>CONCLUSION<\/u><\/strong><\/p>\n<p><strong><u>INTRODUCTION<\/u><\/strong><\/p>\n<p>Le roman &lt;&lt;les bouts de bois de Dieu &gt;&gt; d\u2019Ousmane SEMBENE est une \u0153uvre litt\u00e9raire africaine sous l\u2019\u00e8re coloniale. L\u2019auteur s\u2019inspire d\u2019un fait r\u00e9el\u00a0: la gr\u00e8ve des cheminots du Dakar-Niger qui a eu lieu du 10 octobre 1947 au 19 mars 1948 s\u2019\u00e9tend tout au long de la ligne avec pour principaux th\u00e9\u00e2tre les villes de Dakar et Thi\u00e8s au SENEGAL, Bamako au MALI. L\u2019auteur d\u00e9voile les motifs qui ont pouss\u00e9 les cheminots \u00e0 interrompre le travail durant 5 mois.<\/p>\n<ol type=\"I\">\n<li><strong><u>PRESENTATION DE L\u2019AUTEUR ET DE L\u2019\u0152UVRE<\/u><\/strong><\/li>\n<li><strong><u>Biographie<\/u><\/strong><\/li>\n<\/ol>\n<p>Ousmane SEMBENE est n\u00e9 le 1<sup>er<\/sup>\u00a0janvier 1923 \u00e0 Casamance plus pr\u00e9cis\u00e9ment \u00e0 Ziguinchor, dans le Sud du SENEGAL, dans une famille de p\u00e9cheur. Il fut expuls\u00e9 \u00e0 l\u2019\u00e9cole primaire pour indiscipline et n\u2019a jamais reprit les \u00e9tudes. En 1942, il est mobilis\u00e9 par l\u2019arm\u00e9e fran\u00e7aise et int\u00e8gre les tirailleurs S\u00e9n\u00e9galais. En 1946, il embarque clandestinement pour la FRANCE et d\u00e9barque \u00e0 Marseille o\u00f9 il vit de diff\u00e8rent petits travaux (de son m\u00e9tier de docker). C\u2019est en 1956 que SEMBENE publie son premier roman le Docker Noir. Il rentre au SENEGAL au moment o\u00f9 \u00e9clate la grande gr\u00e8ve des cheminots du Dakar-NIGER, qu\u2019il relatera dans son roman &lt;&lt; Les Bouts de Bois de Dieu &gt;&gt; (en 1960). En 1961, il entre dans une \u00e9cole de cin\u00e9ma \u00e0 Moscou en RUSSIE \u00e0 l\u2019\u00e2ge de 40 ans. Il r\u00e9alise d\u00e8s 1963 son premier court m\u00e9trage Borom Sarret. Consid\u00e9r\u00e9 comme le premier de l\u2019Afrique Noir\u00a0; Ousmane SEMBENE s\u2019est \u00e9teint le samedi 09 juin 2007 \u00e0 Ziguinchor \u00e0 l\u2019\u00e2ge de 84 ans et laisse \u00e0 sa post\u00e9rit\u00e9 un h\u00e9ritage immense.<\/p>\n<ul>\n<li><strong><u>Bibliographie<\/u><\/strong><\/li>\n<\/ul>\n<p>En plus des Bouts de Bois de Dieu, Ousmane SEMBENE est l\u2019auteur d\u2019autres \u0153uvres telles que\u00a0:<\/p>\n<p>\u2013\u00a0\u00a0\u00a0\u00a0\u00a0\u00a0\u00a0 Le Docker Noir publi\u00e9 en 1956 o\u00f9 l\u2019auteur explore ses exp\u00e9riences de docker noir et africains \u00e0 Marseille\u00a0; \u2013\u00a0\u00a0\u00a0\u00a0\u00a0\u00a0\u00a0 O pays, mon beau peuple publi\u00e9 en 1957, l\u2019auteur \u00e9voque le combat d\u2019un homme seul pour arracher son pays \u00e0 une somnolence. Il offre l\u2019image d\u2019une Afrique\u2026<\/p>\n<p>Pour obtenir l&rsquo;expos\u00e9 complet contactez le +226 56196345 (WhatsApp).<\/p>\n","protected":false},"featured_media":831,"template":"","meta":{"jetpack_publicize_message":"","jetpack_publicize_feature_enabled":true,"jetpack_social_post_already_shared":false,"jetpack_social_options":{"image_generator_settings":{"template":"highway","default_image_id":0,"font":"","enabled":false},"version":2}},"product_brand":[],"product_cat":[598,547],"product_tag":[737,745],"class_list":{"0":"post-1781","1":"product","2":"type-product","3":"status-publish","4":"has-post-thumbnail","6":"product_cat-litterature","7":"product_cat-litterature-africaine","8":"product_tag-bouts-de-bois-de-dieu","9":"product_tag-greve","11":"first","12":"instock","13":"downloadable","14":"virtual","15":"sold-individually","16":"purchasable","17":"product-type-simple"},"aioseo_notices":[],"jetpack_publicize_connections":[],"jetpack-related-posts":[],"jetpack_sharing_enabled":true,"_links":{"self":[{"href":"https:\/\/karandoogo.com\/index.php\/wp-json\/wp\/v2\/product\/1781","targetHints":{"allow":["GET"]}}],"collection":[{"href":"https:\/\/karandoogo.com\/index.php\/wp-json\/wp\/v2\/product"}],"about":[{"href":"https:\/\/karandoogo.com\/index.php\/wp-json\/wp\/v2\/types\/product"}],"wp:featuredmedia":[{"embeddable":true,"href":"https:\/\/karandoogo.com\/index.php\/wp-json\/wp\/v2\/media\/831"}],"wp:attachment":[{"href":"https:\/\/karandoogo.com\/index.php\/wp-json\/wp\/v2\/media?parent=1781"}],"wp:term":[{"taxonomy":"product_brand","embeddable":true,"href":"https:\/\/karandoogo.com\/index.php\/wp-json\/wp\/v2\/product_brand?post=1781"},{"taxonomy":"product_cat","embeddable":true,"href":"https:\/\/karandoogo.com\/index.php\/wp-json\/wp\/v2\/product_cat?post=1781"},{"taxonomy":"product_tag","embeddable":true,"href":"https:\/\/karandoogo.com\/index.php\/wp-json\/wp\/v2\/product_tag?post=1781"}],"curies":[{"name":"wp","href":"https:\/\/api.w.org\/{rel}","templated":true}]}}