{"id":1806,"date":"2022-08-28T16:55:42","date_gmt":"2022-08-28T16:55:42","guid":{"rendered":"https:\/\/karandoogo.com\/?post_type=product&#038;p=1806"},"modified":"2025-10-19T13:51:37","modified_gmt":"2025-10-19T13:51:37","slug":"expose-complet-sur-les-sites-dor-dexploitation-miniere-au-burkina","status":"publish","type":"product","link":"https:\/\/karandoogo.com\/index.php\/produit\/expose-complet-sur-les-sites-dor-dexploitation-miniere-au-burkina\/","title":{"rendered":"Expos\u00e9 complet sur les sites d&rsquo;or d&rsquo;exploitation mini\u00e8re au Burkina"},"content":{"rendered":"","protected":false},"excerpt":{"rendered":"<p><strong>NB:<\/strong> Les documents mis \u00e0 disposition sur ce site sont des documents \u00e0 exploiter, autrement dit des compl\u00e9ments pour parfaire votre travail. Ils ne sont pas faits pour \u00eatre pr\u00e9sent\u00e9s \u00e0 l\u2019\u00e9tat.<\/p>\n<p><strong><u>PLAN<\/u><\/strong><\/p>\n<p><strong><u>INTRODUCTION<\/u><\/strong><\/p>\n<ol type=\"I\">\n<li><strong><u>LE SECTEUR DES MINES AU BURKINA FASO<\/u><\/strong><\/li>\n<li><strong><u>Statistiques<\/u><\/strong><\/li>\n<li><strong><u>Historique<\/u><\/strong><\/li>\n<li><strong><u>LES DIFF\u00c9RENTS SITES D\u2019OR D\u2019EXPLOITATION INDUSTRIELLE AU BURKINA FASO\u00a0<\/u><\/strong><strong><u>ET LEURS CARACT\u00c9RISTIQUES<\/u><\/strong><u><\/u><\/li>\n<li><strong><u>DIFFICULT\u00c9S RENCONTRES DANS LES SITES<\/u><\/strong><\/li>\n<\/ol>\n<p><strong><u>1)\u00a0\u00a0\u00a0\u00a0\u00a0 L\u2019eau<\/u><\/strong><u><\/u><\/p>\n<p><strong><u>2)\u00a0\u00a0\u00a0\u00a0\u00a0 Un d\u00e9sastre \u00e9cologique<\/u><\/strong><\/p>\n<p><strong><u>3)\u00a0\u00a0\u00a0\u00a0\u00a0 Les cons\u00e9quences sociales<\/u><\/strong><\/p>\n<ul>\n<li><strong><u>PROPOSITIONS DE SOLUTIONS<\/u><\/strong><\/li>\n<\/ul>\n<p><strong><u>CONCLUSION<\/u><\/strong><\/p>\n<p><strong><u>INTRODUCTION<\/u><\/strong><\/p>\n<p>Depuis les ann\u00e9es 2010, le Burkina Faso fait partie des pays producteurs et exportateurs d\u2019or. Au fil du temps, son secteur minier s\u2019est \u00e9toff\u00e9 avec l\u2019arriv\u00e9e de plusieurs soci\u00e9t\u00e9s extractives. Aujourd\u2019hui encore, des entreprises sont en phase de s\u2019installer. C\u2019est d\u2019ailleurs, pour organiser ce beau monde et pour une gestion \u00e9quitable des ressources issues de l\u2019exploitation des sites miniers que l\u2019Etat a adopt\u00e9 un nouveau code minier. Cependant, une excursion dans ce domaine s\u2019av\u00e8re n\u00e9cessaire pour davantage d\u2019informations.<\/p>\n<ol type=\"I\">\n<li><strong><u>LE SECTEUR DES MINES AU BURKINA FASO<\/u><\/strong><\/li>\n<li><strong><u>Statistiques<\/u><\/strong><\/li>\n<\/ol>\n<p>Selon l\u2019analyse de l\u2019\u00e9volution des recettes budg\u00e9taires sur la p\u00e9riode 2013-2015 du Burkina Faso, le secteur minier a, \u00e0 lui seul particip\u00e9 au chapitre des recettes propres, \u00e0 hauteur de 191 408 000 000F CFA sur un total de 1 119 024 837 000F CFA en 2013 (soit une contribution de 17,10%). En 2014, la part de l\u2019exploitation mini\u00e8re a \u00e9t\u00e9 estim\u00e9e \u00e0 168 493 000 000F CFA sur des recettes propres de 1 072 490 819 000F CFA (un taux de 15,71%). Sous la Transition, il a \u00e9t\u00e9 constat\u00e9 une hausse substantielle du taux d\u00fb \u00e0 la baisse des recettes propres nationales. En effet, le taux est pass\u00e9 \u00e0 15,88% ; pour des recettes recouvr\u00e9es \u00e0 environ 168 410 410 000F CFA sur le total national qui est de 1 060 722 332 000F CFA.<\/p>\n<ul>\n<li><strong><u>Historique<\/u><\/strong><\/li>\n<\/ul>\n<p>Pour m\u00e9moire, les recettes propres mini\u00e8res sont recouvr\u00e9es par la direction g\u00e9n\u00e9rale des Imp\u00f4ts, celle des Douane et la direction g\u00e9n\u00e9rale du Tr\u00e9sor et de la Comptabilit\u00e9 publique. Au-del\u00e0 de ces chiffres, l\u2019action du Gouvernement a port\u00e9 sur une optimisation de la contribution des mines pour en faire de v\u00e9ritables moteurs du d\u00e9veloppement local. \u00c0 cet effet, un nouveau Code minier a \u00e9t\u00e9 adopt\u00e9 par le Conseil National de la Transition le 26 juin 2015. Ce nouveau code comporte plusieurs innovations dont l\u2019esprit est de concilier \u00e0 la fois l\u2019attractivit\u00e9 du secteur minier et le d\u00e9veloppement durable. L\u2019innovation majeure reste la cr\u00e9ation du fonds minier de\u2026<\/p>\n<p>Pour obtenir l&rsquo;expos\u00e9 complet contactez le +226 56196345 (WhatsApp).<\/p>\n","protected":false},"featured_media":831,"template":"","meta":{"jetpack_publicize_message":"","jetpack_publicize_feature_enabled":true,"jetpack_social_post_already_shared":false,"jetpack_social_options":{"image_generator_settings":{"template":"highway","default_image_id":0,"font":"","enabled":false},"version":2}},"product_brand":[],"product_cat":[703,549,550],"product_tag":[754,753],"class_list":{"0":"post-1806","1":"product","2":"type-product","3":"status-publish","4":"has-post-thumbnail","6":"product_cat-economie","7":"product_cat-geographie","8":"product_cat-geologie","9":"product_tag-exploitation-miniere","10":"product_tag-sites-dor","12":"first","13":"instock","14":"downloadable","15":"virtual","16":"sold-individually","17":"purchasable","18":"product-type-simple"},"aioseo_notices":[],"jetpack_publicize_connections":[],"jetpack-related-posts":[],"jetpack_sharing_enabled":true,"_links":{"self":[{"href":"https:\/\/karandoogo.com\/index.php\/wp-json\/wp\/v2\/product\/1806","targetHints":{"allow":["GET"]}}],"collection":[{"href":"https:\/\/karandoogo.com\/index.php\/wp-json\/wp\/v2\/product"}],"about":[{"href":"https:\/\/karandoogo.com\/index.php\/wp-json\/wp\/v2\/types\/product"}],"wp:featuredmedia":[{"embeddable":true,"href":"https:\/\/karandoogo.com\/index.php\/wp-json\/wp\/v2\/media\/831"}],"wp:attachment":[{"href":"https:\/\/karandoogo.com\/index.php\/wp-json\/wp\/v2\/media?parent=1806"}],"wp:term":[{"taxonomy":"product_brand","embeddable":true,"href":"https:\/\/karandoogo.com\/index.php\/wp-json\/wp\/v2\/product_brand?post=1806"},{"taxonomy":"product_cat","embeddable":true,"href":"https:\/\/karandoogo.com\/index.php\/wp-json\/wp\/v2\/product_cat?post=1806"},{"taxonomy":"product_tag","embeddable":true,"href":"https:\/\/karandoogo.com\/index.php\/wp-json\/wp\/v2\/product_tag?post=1806"}],"curies":[{"name":"wp","href":"https:\/\/api.w.org\/{rel}","templated":true}]}}