{"id":1859,"date":"2022-08-28T21:41:00","date_gmt":"2022-08-28T21:41:00","guid":{"rendered":"https:\/\/karandoogo.com\/?post_type=product&#038;p=1859"},"modified":"2025-10-19T13:51:36","modified_gmt":"2025-10-19T13:51:36","slug":"expose-complet-sur-la-problematique-des-produits-energetiques-dans-le-monde-et-au-burkina","status":"publish","type":"product","link":"https:\/\/karandoogo.com\/index.php\/produit\/expose-complet-sur-la-problematique-des-produits-energetiques-dans-le-monde-et-au-burkina\/","title":{"rendered":"Expos\u00e9 complet sur la probl\u00e9matique des produits \u00e9nerg\u00e9tiques dans le monde et au Burkina"},"content":{"rendered":"","protected":false},"excerpt":{"rendered":"<p><strong>NB:<\/strong> Les documents mis \u00e0 disposition sur ce site sont des documents \u00e0 exploiter, autrement dit des compl\u00e9ments pour parfaire votre travail. Ils ne sont pas faits pour \u00eatre pr\u00e9sent\u00e9s \u00e0 l\u2019\u00e9tat.<\/p>\n<p><strong><u>PLAN<\/u><\/strong><\/p>\n<p><strong><u>INTRODUCTION<\/u><\/strong><\/p>\n<ol type=\"I\">\n<li><strong><u>LES ZONES DE PRODUCTION ET DE CONSOMMATION DES PRODUITSENERGETIQUES<\/u><\/strong><\/li>\n<li><strong><u>Le p\u00e9trole<\/u><\/strong><\/li>\n<li><strong><u>D\u00e9finition<\/u><\/strong><\/li>\n<li><strong><u>Zones de production<\/u><\/strong><\/li>\n<li><strong><u>Consommation<\/u><\/strong><\/li>\n<li><strong><u>Gaz naturels<\/u><\/strong><\/li>\n<li><strong><u>D\u00e9finition<\/u><\/strong><\/li>\n<li><strong><u>Production<\/u><\/strong><\/li>\n<li><a href=\"https:\/\/fr.wikipedia.org\/wiki\/France\"><strong>France<\/strong><\/a><strong><u>\u00a0<\/u><\/strong><\/li>\n<li><a href=\"https:\/\/fr.wikipedia.org\/wiki\/Pays-Bas\"><strong>Pays-Bas<\/strong><\/a><strong><u>\u00a0<\/u><\/strong><\/li>\n<li><a href=\"https:\/\/fr.wikipedia.org\/wiki\/Norv%C3%A8ge\"><strong>Norv\u00e8ge<\/strong><\/a><strong><u>\u00a0<\/u><\/strong><\/li>\n<li><strong><u>En\u00a0<\/u><\/strong><a href=\"https:\/\/fr.wikipedia.org\/wiki\/Belgique\"><strong>Belgique<\/strong><\/a><strong><u>\u00a0<\/u><\/strong><\/li>\n<li><strong><u>Consommation<\/u><\/strong><\/li>\n<li><strong><u>L\u2019uranium<\/u><\/strong><\/li>\n<li><strong><u>D\u00e9finition<\/u><\/strong><\/li>\n<li><strong><u>Production<\/u><\/strong><\/li>\n<li><strong><u>La consommation<\/u><\/strong><\/li>\n<li><strong><u>LES PRODUITS ENERGETIQUES DANS LA GEOPOLITIQUE MONDIALE<\/u><\/strong><\/li>\n<li><strong><u>LES PROBLEMES ENERGETIQUES DU BURKINA FASO<\/u><\/strong><\/li>\n<\/ol>\n<p><strong><u>CONCLUSION<\/u><\/strong><\/p>\n<p><strong><u>INTRODUCTION<\/u><\/strong><\/p>\n<p>L\u2019\u00e9nergie\u00a0est un secteur de premi\u00e8re importance pour l\u2019\u00e9conomie. Il comprend la\u00a0<a href=\"https:\/\/fr.wikipedia.org\/wiki\/Production\">production<\/a>, le\u00a0<a href=\"https:\/\/fr.wikipedia.org\/wiki\/Transport\">transport<\/a>, la\u00a0<a href=\"https:\/\/fr.wikipedia.org\/wiki\/Transformation\">transformation<\/a>, la\u00a0<a href=\"https:\/\/fr.wikipedia.org\/wiki\/Distribution\">distribution<\/a>\u00a0et la\u00a0<a href=\"https:\/\/fr.wikipedia.org\/wiki\/Commercialisation\">commercialisation<\/a>\u00a0des diverses sources d\u2019<a href=\"https:\/\/fr.wikipedia.org\/wiki\/%C3%89nergie\">\u00e9nergie<\/a>. La production d\u2019<a href=\"https:\/\/fr.wikipedia.org\/wiki\/%C3%89nergie_primaire\">\u00e9nergie primaire<\/a>\u00a0est suivie par sa transformation \u00e9ventuelle en\u00a0<a href=\"https:\/\/fr.wikipedia.org\/wiki\/%C3%89nergie_finale\">\u00e9nergie secondaire<\/a>\u00a0: production de\u00a0<a href=\"https:\/\/fr.wikipedia.org\/wiki\/Produit_p%C3%A9trolier\">produits p\u00e9troliers<\/a>par\u00a0<a href=\"https:\/\/fr.wikipedia.org\/wiki\/Raffinage_du_p%C3%A9trole\">raffinage<\/a>,\u00a0<a href=\"https:\/\/fr.wikipedia.org\/wiki\/Production_d%27%C3%A9lectricit%C3%A9\">production d\u2019\u00e9lectricit\u00e9<\/a>\u00a0et de\u00a0<a href=\"https:\/\/fr.wikipedia.org\/wiki\/R%C3%A9seau_de_chaleur\">gaz<\/a>.<\/p>\n<ol type=\"I\">\n<li><strong><u>LES ZONES DE PRODUCTION ET DE CONSOMMATION DES PRODUITSENERGETIQUES<\/u><\/strong><\/li>\n<\/ol>\n<ol type=\"1\">\n<li><strong><u>Le p\u00e9trole<\/u><\/strong><\/li>\n<li><strong><u>D\u00e9finition<\/u><\/strong><\/li>\n<\/ol>\n<p>Le\u00a0p\u00e9trole\u00a0(en\u00a0<a href=\"https:\/\/fr.wikipedia.org\/wiki\/Latin\">latin<\/a>\u00a0<em>petroleum<\/em>, du\u00a0<a href=\"https:\/\/fr.wikipedia.org\/wiki\/Grec_(langue)\">grec<\/a>\u00a0<em>petra<\/em>, \u00ab\u00a0roche\u00a0\u00bb, et du latin\u00a0<em>oleum<\/em>, \u00ab\u00a0huile\u00a0\u00bb) est une\u00a0<a href=\"https:\/\/fr.wikipedia.org\/wiki\/Roche\">roche<\/a>\u00a0liquide d\u2019origine naturelle, une\u00a0<a href=\"https:\/\/fr.wikipedia.org\/wiki\/Huile_min%C3%A9rale\">huile min\u00e9rale<\/a>\u00a0compos\u00e9e d\u2019une multitude de\u00a0<a href=\"https:\/\/fr.wikipedia.org\/wiki\/Compos%C3%A9_organique\">compos\u00e9s organiques<\/a>, essentiellement des\u00a0<a href=\"https:\/\/fr.wikipedia.org\/wiki\/Hydrocarbure\">hydrocarbures<\/a>, pi\u00e9g\u00e9e dans des\u00a0<a href=\"https:\/\/fr.wikipedia.org\/wiki\/Formation_g%C3%A9ologique\">formations g\u00e9ologiques<\/a>\u00a0particuli\u00e8res. L\u2019exploitation de cette source d\u2019<a href=\"https:\/\/fr.wikipedia.org\/wiki\/%C3%89nergie_fossile\">\u00e9nergie fossile<\/a>\u00a0et d\u2019hydrocarbures est l\u2019un des piliers de l\u2019<a href=\"https:\/\/fr.wikipedia.org\/wiki\/%C3%89conomie_industrielle\">\u00e9conomie industrielle<\/a>\u00a0contemporaine, car le p\u00e9trole fournit la quasi-totalit\u00e9 des\u00a0<a href=\"https:\/\/fr.wikipedia.org\/wiki\/Carburant\">carburants<\/a>\u00a0liquides \u2014\u00a0<a href=\"https:\/\/fr.wikipedia.org\/wiki\/Fioul\">fioul<\/a>,\u00a0<a href=\"https:\/\/fr.wikipedia.org\/wiki\/Gazole\">gazole<\/a>,\u00a0<a href=\"https:\/\/fr.wikipedia.org\/wiki\/K%C3%A9ros%C3%A8ne\">k\u00e9ros\u00e8ne<\/a>,\u00a0<a href=\"https:\/\/fr.wikipedia.org\/wiki\/Essence_(hydrocarbure)\">essence<\/a>,\u00a0\u00a0\u2014 tandis que le\u00a0<a href=\"https:\/\/fr.wikipedia.org\/wiki\/Naphta\">naphta<\/a>\u00a0produit par le\u00a0<a href=\"https:\/\/fr.wikipedia.org\/wiki\/Raffinage_du_p%C3%A9trole\">raffinage<\/a>\u00a0est \u00e0 la base de la\u00a0<a href=\"https:\/\/fr.wikipedia.org\/wiki\/P%C3%A9trochimie\">p\u00e9trochimie<\/a>, dont sont issus un tr\u00e8s grand nombre de mat\u00e9riaux usuels \u2014\u00a0<a href=\"https:\/\/fr.wikipedia.org\/wiki\/Mati%C3%A8re_plastique\">plastiques<\/a>,\u00a0<a href=\"https:\/\/fr.wikipedia.org\/wiki\/Fibre_synth%C3%A9tique\">textiles synth\u00e9tiques<\/a>,\u00a0<a href=\"https:\/\/fr.wikipedia.org\/wiki\/Caoutchouc_(mat%C3%A9riau)\">caoutchoucs<\/a>\u00a0synth\u00e9tiques (<a href=\"https:\/\/fr.wikipedia.org\/wiki\/%C3%89lastom%C3%A8re\">\u00e9lastom\u00e8res<\/a>),\u00a0<a href=\"https:\/\/fr.wikipedia.org\/wiki\/D%C3%A9tergent\">d\u00e9tergents<\/a>,\u00a0<a href=\"https:\/\/fr.wikipedia.org\/wiki\/Adh%C3%A9sif\">adh\u00e9sifs<\/a>,\u00a0<a href=\"https:\/\/fr.wikipedia.org\/wiki\/Engrais\">engrais<\/a>,\u00a0<a href=\"https:\/\/fr.wikipedia.org\/wiki\/Cosm%C3%A9tique\">cosm\u00e9tiques<\/a>,\u00a0etc.\u00a0\u2014 et que les fractions les plus lourdes conduisent aux\u00a0<a href=\"https:\/\/fr.wikipedia.org\/wiki\/Bitume\">bitumes<\/a>,\u00a0<a href=\"https:\/\/fr.wikipedia.org\/wiki\/Paraffine\">paraffines<\/a>\u00a0et\u00a0<a href=\"https:\/\/fr.wikipedia.org\/wiki\/Lubrifiant_m%C3%A9canique\">lubrifiants<\/a>.<\/p>\n<ul>\n<li><strong><u>Zones de production<\/u><\/strong><\/li>\n<\/ul>\n<p>Selon l\u2019<a href=\"https:\/\/fr.wikipedia.org\/wiki\/Agence_internationale_de_l%27%C3%A9nergie\">Agence internationale de l\u2019\u00e9nergie<\/a>\u00a0(AIE), les \u00c9tats-Unis vont battre en 2018 leur record de production de brut qui datait de 1970, devenant le deuxi\u00e8me producteur d\u2019or noir derri\u00e8re la Russie et passant devant l\u2019Arabie saoudite, rel\u00e9gu\u00e9e au troisi\u00e8me rang. La Russie restera \u00e0 la premi\u00e8re place mais les \u00c9tats-Unis pourraient la rattraper d\u00e8s 2019 ou 2020 si la tendance se poursuit. Si l\u2019on ajoute au p\u00e9trole brut les liquides de gaz naturel, les \u00c9tats-Unis \u00e9taient d\u00e9j\u00e0 num\u00e9ro un mondial, devant l\u2019Arabie saoudite et la\u2026<\/p>\n<p>Pour obtenir l&rsquo;expos\u00e9 complet contactez le +226 56196345 (WhatsApp).<\/p>\n","protected":false},"featured_media":831,"template":"","meta":{"jetpack_publicize_message":"","jetpack_publicize_feature_enabled":true,"jetpack_social_post_already_shared":false,"jetpack_social_options":{"image_generator_settings":{"template":"highway","default_image_id":0,"font":"","enabled":false},"version":2}},"product_brand":[],"product_cat":[627,546],"product_tag":[766,765],"class_list":{"0":"post-1859","1":"product","2":"type-product","3":"status-publish","4":"has-post-thumbnail","6":"product_cat-sciences-de-la-vie-et-de-la-terre","7":"product_cat-societe","8":"product_tag-burkina","9":"product_tag-produits-energetiques","11":"first","12":"instock","13":"downloadable","14":"virtual","15":"sold-individually","16":"purchasable","17":"product-type-simple"},"aioseo_notices":[],"jetpack_publicize_connections":[],"jetpack-related-posts":[],"jetpack_sharing_enabled":true,"_links":{"self":[{"href":"https:\/\/karandoogo.com\/index.php\/wp-json\/wp\/v2\/product\/1859","targetHints":{"allow":["GET"]}}],"collection":[{"href":"https:\/\/karandoogo.com\/index.php\/wp-json\/wp\/v2\/product"}],"about":[{"href":"https:\/\/karandoogo.com\/index.php\/wp-json\/wp\/v2\/types\/product"}],"wp:featuredmedia":[{"embeddable":true,"href":"https:\/\/karandoogo.com\/index.php\/wp-json\/wp\/v2\/media\/831"}],"wp:attachment":[{"href":"https:\/\/karandoogo.com\/index.php\/wp-json\/wp\/v2\/media?parent=1859"}],"wp:term":[{"taxonomy":"product_brand","embeddable":true,"href":"https:\/\/karandoogo.com\/index.php\/wp-json\/wp\/v2\/product_brand?post=1859"},{"taxonomy":"product_cat","embeddable":true,"href":"https:\/\/karandoogo.com\/index.php\/wp-json\/wp\/v2\/product_cat?post=1859"},{"taxonomy":"product_tag","embeddable":true,"href":"https:\/\/karandoogo.com\/index.php\/wp-json\/wp\/v2\/product_tag?post=1859"}],"curies":[{"name":"wp","href":"https:\/\/api.w.org\/{rel}","templated":true}]}}