{"id":1964,"date":"2022-08-29T17:15:40","date_gmt":"2022-08-29T17:15:40","guid":{"rendered":"https:\/\/karandoogo.com\/?post_type=product&#038;p=1964"},"modified":"2025-10-19T13:48:53","modified_gmt":"2025-10-19T13:48:53","slug":"expose-complet-sur-les-temps-geologiques","status":"publish","type":"product","link":"https:\/\/karandoogo.com\/index.php\/produit\/expose-complet-sur-les-temps-geologiques\/","title":{"rendered":"Expos\u00e9 complet sur les temps g\u00e9ologiques"},"content":{"rendered":"","protected":false},"excerpt":{"rendered":"<p><strong>NB:<\/strong> Les documents mis \u00e0 disposition sur ce site sont des documents \u00e0 exploiter, autrement dit des compl\u00e9ments pour parfaire votre travail. Ils ne sont pas faits pour \u00eatre pr\u00e9sent\u00e9s \u00e0 l\u2019\u00e9tat.<\/p>\n<p><strong><u>PLAN<\/u><\/strong><\/p>\n<p><strong><u>INTRODUCTION<\/u><\/strong><\/p>\n<ol type=\"I\">\n<li><strong><u>HISTOIRE<\/u><\/strong><\/li>\n<li><strong><u>L\u2019AGE DE L\u2019UNIVERS ET DE LA TERRE<\/u><\/strong><\/li>\n<\/ol>\n<h5><strong><u>1) LE D\u00c9COUPAGE DU TEMPS EN \u00c8RES<\/u><\/strong><\/h5>\n<p><strong><u>2)\u00a0<\/u><\/strong><strong><u>L\u2019\u00e2ge de l\u2019univers<\/u><\/strong><\/p>\n<p><strong><u>3) L\u2019\u00e2ge de la terre<\/u><\/strong><\/p>\n<ol type=\"I\">\n<li><strong><u>METHODE DE DETERMINATION DE L\u2019AGE DES ROCHES<\/u><\/strong><\/li>\n<li><strong><u>La chronologie absolue<\/u><\/strong><\/li>\n<\/ol>\n<p><strong><u>CONCLUSION<\/u><\/strong><\/p>\n<p><strong><u>INTRODUCTION<\/u><\/strong><\/p>\n<p>L\u2019<strong>\u00e9chelle des temps g\u00e9ologiques<\/strong>\u00a0est un syst\u00e8me de classement chronologique utilis\u00e9, notamment en\u00a0<a href=\"https:\/\/fr.wikipedia.org\/wiki\/G%C3%A9ologie\">g\u00e9ologie<\/a>, pour dater les \u00e9v\u00e9nements survenus durant l\u2019<a href=\"https:\/\/fr.wikipedia.org\/wiki\/Histoire_de_la_Terre\">histoire de la Terre<\/a>. Si son origine date du\u00a0<a href=\"https:\/\/fr.wikipedia.org\/wiki\/XVIIIe_si%C3%A8cle\">XVIII<sup>e<\/sup>\u00a0si\u00e8cle<\/a>, elle prend une forme de datation pr\u00e9cise en\u00a0<a href=\"https:\/\/fr.wikipedia.org\/wiki\/1913\">1913<\/a>, lorsque\u00a0<a href=\"https:\/\/fr.wikipedia.org\/wiki\/Arthur_Holmes\">Arthur Holmes<\/a>, reconnu aujourd\u2019hui comme le p\u00e8re de l\u2019\u00e9chelle des temps g\u00e9ologiques, publie la premi\u00e8re. Les techniques de\u00a0<a href=\"https:\/\/fr.wikipedia.org\/wiki\/Datation\">datation<\/a>, la science de la\u00a0<a href=\"https:\/\/fr.wikipedia.org\/wiki\/Chronostratigraphie\">chronostratigraphie<\/a>\u00a0ne cessent de s\u2019enrichir\u00a0; les \u00e9chelles doivent ainsi \u00eatre p\u00e9riodiquement mises \u00e0 jour, les \u00e2ges devenant plus pr\u00e9cis.<\/p>\n<ol type=\"I\">\n<li><strong><u>HISTOIRE<\/u><\/strong><\/li>\n<\/ol>\n<p>Au cours des XVI<sup>e<\/sup>\u00a0et XVII<sup>e<\/sup>\u00a0si\u00e8cles, les mineurs commencent \u00e0 exprimer le besoin de comprendre les relations entre les diff\u00e9rentes unit\u00e9s lithologiques. En\u00a0<a href=\"https:\/\/fr.wikipedia.org\/wiki\/1669\">1669<\/a>, le g\u00e9ologue danois\u00a0<a href=\"https:\/\/fr.wikipedia.org\/wiki\/Niels_Stensen\">Niels Stensen<\/a>\u00a0\u00e9nonce le principe de superposition, selon lequel une couche s\u00e9dimentaire est toujours plus r\u00e9cente que les couches sous-jacentes (sauf remaniement ult\u00e9rieur). Ce nouveau principe permet aux travailleurs de commencer \u00e0 reconna\u00eetre les diff\u00e9rentes successions de roches, mais la description des roches, bas\u00e9e \u00e0 l\u2019\u00e9poque sur des crit\u00e8res d\u2019observation tels que la couleur, la texture ou l\u2019odeur, ne permet pas de faire des comparaisons entre les s\u00e9quences de diff\u00e9rentes zones g\u00e9ographiques. La d\u00e9couverte de fossiles un peu partout sur la plan\u00e8te permet de faire un travail de corr\u00e9lation entre des zones g\u00e9ographiques distinctes. En 1795,\u00a0<a href=\"https:\/\/fr.wikipedia.org\/wiki\/James_Hutton\">James Hutton<\/a>\u00a0\u00e9nonce le principe d\u2019<a href=\"https:\/\/fr.wikipedia.org\/wiki\/Uniformitarisme\">uniformitarisme<\/a>\u00a0(aussi appel\u00e9 principe d\u2019actualisme), qui suppose que les processus g\u00e9ologiques sont uniformes dans le temps en termes de fr\u00e9quence et de magnitude. Le g\u00e9ologue britannique\u00a0<a href=\"https:\/\/fr.wikipedia.org\/wiki\/William_Smith_%28g%C3%A9ologue%29\">William Smith<\/a>\u00a0publie en 1815 une carte g\u00e9ologique d\u00e9taill\u00e9e de l\u2019Angleterre, du Pays de Galles et d\u2019une partie de l\u2019\u00c9cosse, lui permettant de d\u00e9couvrir les\u00a0<a href=\"https:\/\/fr.wikipedia.org\/wiki\/Fossile_stratigraphique\">fossiles stratigraphiques<\/a>, r\u00e9gissant l\u2019approche\u00a0<a href=\"https:\/\/fr.wikipedia.org\/wiki\/Biostratigraphie\">biostratigraphique<\/a>. Ce nouveau principe, nomm\u00e9 principe de succession faunistique, indique que les fossiles d\u00e9couverts dans une s\u00e9quence stratigraphique le sont de mani\u00e8re ordonn\u00e9e, ce qui permet de mettre en place une \u00e9chelle de temps relative.<\/p>\n<ol type=\"I\">\n<li><strong><u>L\u2019AGE DE L\u2019UNIVERS ET DE LA TERRE<\/u><\/strong><\/li>\n<\/ol>\n<h5><strong>1) LE D\u00c9COUPAGE DU TEMPS EN \u00c8RES<\/strong><\/h5>\n<h6><strong>1. L\u2019\u00c8RE PRIMAIRE OU PAL\u00c9OZO\u00cfQUE<\/strong>\u00a0(\u2013540 \u00c0 \u2013250\u00a0MA)<\/h6>\n<p>\u2022 \u00a0Le d\u00e9but de l\u2019\u00e8re primaire correspond \u00e0 l\u2019apparition des\u00a0<strong>temps fossilif\u00e8res<\/strong>\u00a0(\u2013540\u00a0Ma). Il y a 245\u00a0Ma, la moiti\u00e9 des organismes marins a disparu ainsi que la presque totalit\u00e9 des vert\u00e9br\u00e9s terrestres. On estime que 95\u00a0% des esp\u00e8ces existantes \u00e0\u2026<\/p>\n<p>Pour obtenir l&rsquo;expos\u00e9 complet contactez le +226 56196345 (WhatsApp).<\/p>\n","protected":false},"featured_media":831,"template":"","meta":{"jetpack_publicize_message":"","jetpack_publicize_feature_enabled":true,"jetpack_social_post_already_shared":false,"jetpack_social_options":{"image_generator_settings":{"template":"highway","default_image_id":0,"font":"","enabled":false},"version":2}},"product_brand":[],"product_cat":[550,608],"product_tag":[799],"class_list":{"0":"post-1964","1":"product","2":"type-product","3":"status-publish","4":"has-post-thumbnail","6":"product_cat-geologie","7":"product_cat-histoire","8":"product_tag-temps-geologiques","10":"first","11":"instock","12":"downloadable","13":"virtual","14":"sold-individually","15":"purchasable","16":"product-type-simple"},"aioseo_notices":[],"jetpack_publicize_connections":[],"jetpack-related-posts":[],"jetpack_sharing_enabled":true,"_links":{"self":[{"href":"https:\/\/karandoogo.com\/index.php\/wp-json\/wp\/v2\/product\/1964","targetHints":{"allow":["GET"]}}],"collection":[{"href":"https:\/\/karandoogo.com\/index.php\/wp-json\/wp\/v2\/product"}],"about":[{"href":"https:\/\/karandoogo.com\/index.php\/wp-json\/wp\/v2\/types\/product"}],"wp:featuredmedia":[{"embeddable":true,"href":"https:\/\/karandoogo.com\/index.php\/wp-json\/wp\/v2\/media\/831"}],"wp:attachment":[{"href":"https:\/\/karandoogo.com\/index.php\/wp-json\/wp\/v2\/media?parent=1964"}],"wp:term":[{"taxonomy":"product_brand","embeddable":true,"href":"https:\/\/karandoogo.com\/index.php\/wp-json\/wp\/v2\/product_brand?post=1964"},{"taxonomy":"product_cat","embeddable":true,"href":"https:\/\/karandoogo.com\/index.php\/wp-json\/wp\/v2\/product_cat?post=1964"},{"taxonomy":"product_tag","embeddable":true,"href":"https:\/\/karandoogo.com\/index.php\/wp-json\/wp\/v2\/product_tag?post=1964"}],"curies":[{"name":"wp","href":"https:\/\/api.w.org\/{rel}","templated":true}]}}