{"id":1966,"date":"2022-08-29T17:35:53","date_gmt":"2022-08-29T17:35:53","guid":{"rendered":"https:\/\/karandoogo.com\/?post_type=product&#038;p=1966"},"modified":"2025-10-19T13:48:53","modified_gmt":"2025-10-19T13:48:53","slug":"expose-complet-sur-le-lion-joseph-kessel","status":"publish","type":"product","link":"https:\/\/karandoogo.com\/index.php\/produit\/expose-complet-sur-le-lion-joseph-kessel\/","title":{"rendered":"Expos\u00e9 complet sur le Lion Joseph Kessel"},"content":{"rendered":"","protected":false},"excerpt":{"rendered":"<p><strong>NB:<\/strong> Les documents mis \u00e0 disposition sur ce site sont des documents \u00e0 exploiter, autrement dit des compl\u00e9ments pour parfaire votre travail. Ils ne sont pas faits pour \u00eatre pr\u00e9sent\u00e9s \u00e0 l\u2019\u00e9tat.<\/p>\n<p><strong><u>Introduction<\/u><\/strong><\/p>\n<ol type=\"I\">\n<li><strong><u>Pr\u00e9sentation de l\u2019\u0153uvre<\/u><\/strong><u><\/u><\/li>\n<\/ol>\n<ol type=\"1\">\n<li><strong><u>Le titre<\/u><\/strong>\u00a0: Le Lion de Joseph Kessel<\/li>\n<li><strong>La maison d\u2019\u00e9dition<\/strong><\/li>\n<li><strong>Date d\u2019\u00e9dition<\/strong><\/li>\n<li><strong>R\u00e9sum\u00e9<\/strong><\/li>\n<\/ol>\n<p><strong>3) Le genre de l\u2019\u0153uvre<\/strong><\/p>\n<p><strong>4) Lieu de l\u2019action<\/strong><\/p>\n<p><strong>5) Epoque<\/strong><\/p>\n<p><strong>6)\u00a0<u>Les personnages<\/u><\/strong><\/p>\n<p><strong>7. Nos raison d\u2019aim\u00e9<\/strong><\/p>\n<p><strong>8. Deux passages que nous avons aim\u00e9s<\/strong><\/p>\n<p><strong>9. Les mots difficiles et leurs explications<\/strong><\/p>\n<p><strong>10) L\u2019auteur du roman<\/strong><u><\/u><\/p>\n<ol type=\"a\">\n<li><strong><u>Biographie\u00a0\u00a0\u00a0\u00a0\u00a0\u00a0\u00a0<\/u><\/strong><u><\/u><\/li>\n<li><strong><u>Bibliographie<\/u><\/strong><\/li>\n<\/ol>\n<p><strong><u>Conclusion<\/u><\/strong><\/p>\n<figure class=\"wp-block-table\">\n<table>\n<tbody>\n<tr>\n<td><strong>PLAN DE TRAVAIL<\/strong><\/td>\n<\/tr>\n<\/tbody>\n<\/table>\n<\/figure>\n<p><strong>\u00a0<\/strong><\/p>\n<p><strong><u>Introduction<\/u><\/strong><\/p>\n<p>L\u2019histoire du Lion se d\u00e9roule dans une r\u00e9serve naturelle du Kenya. Un voyageur, venu de Paris, y d\u00e9barque dans la r\u00e9serve et rencontre \u00e0 son arriv\u00e9e une petite fille pr\u00e9nomm\u00e9e Patricia. Tr\u00e8s vite, une amiti\u00e9 se lie entre l\u2019homme et la fillette. Mais Patricia n\u2019est pas une fillette ordinaire : elle pr\u00e9tend parler aux animaux. Elle est d\u2019ailleurs l\u2019amie d\u2019un lion du nom de King. Chaque jour, Patricia a rendez-vous avec le lion et les parents de la fillette craignent pour sa s\u00e9curit\u00e9 puisque, lorsqu\u2019un jeune homme est en passe de devenir un homme, la coutume veut qu\u2019il combatte un lion. Est-il alors possible pour une fillette de se lier d\u2019amiti\u00e9 avec un lion lorsque les rites de sa tribu opposent l\u2019homme et l\u2019animal ? C\u2019est l\u00e0, tout l\u2019enjeu de l\u2019\u0153uvre de Joseph Kessel.<\/p>\n<ol type=\"I\">\n<li><strong><u>Pr\u00e9sentation de l\u2019\u0153uvre<\/u><\/strong><u><\/u><\/li>\n<\/ol>\n<ul>\n<li><strong><u>Le titre<\/u><\/strong>\u00a0: Le Lion de Joseph Kessel<\/li>\n<li><strong>La maison d\u2019\u00e9dition<\/strong><\/li>\n<\/ul>\n<p>L\u2019\u0153uvre a \u00e9t\u00e9 \u00e9dit\u00e9e aux \u00e9ditions Gallimard<\/p>\n<ul>\n<li><strong>Date d\u2019\u00e9dition<\/strong><\/li>\n<\/ul>\n<p>Le Lion\u00a0 a \u00e9t\u00e9 publi\u00e9 au premier trimestre de l\u2019ann\u00e9e 1958<\/p>\n<ul>\n<li><strong>R\u00e9sum\u00e9<\/strong><\/li>\n<\/ul>\n<p>Le roman\u00a0 &lt;&lt; Le Lion\u00a0 &gt;&gt;\u00a0 a \u00e9t\u00e9 \u00e9crit par Joseph Kessel et fut publi\u00e9 en 1958 aux \u00e9ditions Gallimard. L\u2019histoire se d\u00e9roule au Kenya et les personnages principaux sont Patricia, une fillette qui vit dans la r\u00e9gion, le narrateur dont on ne dispose pas du nom et un lion nomm\u00e9 King. Le narrateur est un homme qui est venu faire une visite au Kenya, il nous raconte l\u2019histoire de Patricia et King \u00e0 travers ses yeux de novice, \u00e0 travers sa vision \u00e9tonn\u00e9e et charm\u00e9e par ces paysages et celle de la faune d\u2019un pays qui lui est inconnu. Le lion King est un personnage \u00e0 part enti\u00e8re, il a \u00e9t\u00e9 recueilli alors qu\u2019il n\u2019\u00e9tait encore qu\u2019un lionceau et a \u00e9t\u00e9 adopt\u00e9 par Patricia, il a alors grandi entour\u00e9 par l\u2019amour de Patricia.<\/p>\n<p>L\u2019action se d\u00e9roule au c\u0153ur d\u2019un Parc Royal dans la r\u00e9gion du Kilimandjaro, cet espace est prot\u00e9g\u00e9 et Patricia y veille, avec sa force de petite fille, sur les animaux laiss\u00e9s \u00e0 l\u2019\u00e9tat sauvage. N\u00e9anmoins, ils sont cens\u00e9s \u00eatre prot\u00e9g\u00e9s des chasseurs et doivent pouvoir grandir et se reproduire librement. Le narrateur arrive dans ce parc en tant que visiteur, il cherche le d\u00e9paysement et d\u00e8s qu\u2019il a pos\u00e9 un pied par terre dans ce parc hors du commun, il obtient ce qu\u2019il cherchait. Il d\u00e9cide alors de partir \u00e0 l\u2019aventure dans le parc, il tient \u00e0 d\u00e9couvrir la faune de cet endroit merveilleux et il rencontre alors Patricia, la fille du gestionnaire du parc John Bullit. Patricia est une petite fille, \u00e2g\u00e9e d\u2019une dizaine d\u2019ann\u00e9es mais \u00e9tonnement adulte pour son \u00e2ge. Cette petite fille dispose d\u2019une particularit\u00e9, la m\u00e8re de la petite explique au visiteur qu\u2019elle s\u2019est\u2026<\/p>\n<p>Pour obtenir l&rsquo;expos\u00e9 complet contactez le +226 56196345 (WhatsApp).<\/p>\n","protected":false},"featured_media":831,"template":"","meta":{"jetpack_publicize_message":"","jetpack_publicize_feature_enabled":true,"jetpack_social_post_already_shared":false,"jetpack_social_options":{"image_generator_settings":{"template":"highway","default_image_id":0,"font":"","enabled":false},"version":2}},"product_brand":[],"product_cat":[598],"product_tag":[802,801],"class_list":{"0":"post-1966","1":"product","2":"type-product","3":"status-publish","4":"has-post-thumbnail","6":"product_cat-litterature","7":"product_tag-joseph-kessel","8":"product_tag-le-lion","10":"first","11":"instock","12":"downloadable","13":"virtual","14":"sold-individually","15":"purchasable","16":"product-type-simple"},"aioseo_notices":[],"jetpack_publicize_connections":[],"jetpack-related-posts":[],"jetpack_sharing_enabled":true,"_links":{"self":[{"href":"https:\/\/karandoogo.com\/index.php\/wp-json\/wp\/v2\/product\/1966","targetHints":{"allow":["GET"]}}],"collection":[{"href":"https:\/\/karandoogo.com\/index.php\/wp-json\/wp\/v2\/product"}],"about":[{"href":"https:\/\/karandoogo.com\/index.php\/wp-json\/wp\/v2\/types\/product"}],"wp:featuredmedia":[{"embeddable":true,"href":"https:\/\/karandoogo.com\/index.php\/wp-json\/wp\/v2\/media\/831"}],"wp:attachment":[{"href":"https:\/\/karandoogo.com\/index.php\/wp-json\/wp\/v2\/media?parent=1966"}],"wp:term":[{"taxonomy":"product_brand","embeddable":true,"href":"https:\/\/karandoogo.com\/index.php\/wp-json\/wp\/v2\/product_brand?post=1966"},{"taxonomy":"product_cat","embeddable":true,"href":"https:\/\/karandoogo.com\/index.php\/wp-json\/wp\/v2\/product_cat?post=1966"},{"taxonomy":"product_tag","embeddable":true,"href":"https:\/\/karandoogo.com\/index.php\/wp-json\/wp\/v2\/product_tag?post=1966"}],"curies":[{"name":"wp","href":"https:\/\/api.w.org\/{rel}","templated":true}]}}