{"id":2099,"date":"2022-08-30T16:53:30","date_gmt":"2022-08-30T16:53:30","guid":{"rendered":"https:\/\/karandoogo.com\/?post_type=product&#038;p=2099"},"modified":"2025-10-19T13:46:21","modified_gmt":"2025-10-19T13:46:21","slug":"expose-sur-le-role-des-parents-dans-la-reussite-scolaire-des-enfants","status":"publish","type":"product","link":"https:\/\/karandoogo.com\/index.php\/produit\/expose-sur-le-role-des-parents-dans-la-reussite-scolaire-des-enfants\/","title":{"rendered":"Expos\u00e9 sur le r\u00f4le des parents dans la r\u00e9ussite scolaire des enfants"},"content":{"rendered":"","protected":false},"excerpt":{"rendered":"<p><strong>NB:<\/strong> Les documents mis \u00e0 disposition sur ce site sont des documents \u00e0 exploiter, autrement dit des compl\u00e9ments pour parfaire votre travail. Ils ne sont pas faits pour \u00eatre pr\u00e9sent\u00e9s \u00e0 l\u2019\u00e9tat.<\/p>\n<p><strong><u>PLAN<\/u><\/strong><\/p>\n<p><strong><u>INTRODUCTION<\/u><\/strong><\/p>\n<ol type=\"I\">\n<li><strong><u>LES TYPES D\u2019EDUCATIONS PARENTALES ET LEUR CONSEQUENCE<\/u><\/strong><\/li>\n<li><strong><u>Le parent autoritaire<\/u><\/strong>\u00a0:<\/li>\n<li><strong><u>Le parent d\u00e9mocratique<\/u><\/strong>\u00a0:<\/li>\n<li><strong><u>Le parent permissif<\/u><\/strong>\u00a0:<\/li>\n<li><strong><u>Le parent d\u00e9sengag\u00e9<\/u><\/strong>\u00a0:<\/li>\n<li><strong><u>\u00a0PROBLEMES\u00a0RENCONTRES PAR LES PARENTS :<\/u><\/strong><\/li>\n<li><strong><u>Une soci\u00e9t\u00e9 en plein changement\u00a0:<\/u><\/strong><\/li>\n<li><strong><u>Manque de dialogue parents \u2013enfants\u00a0:<\/u><\/strong><\/li>\n<li><strong><u>SOLUTION PRATIQUES POUR LES PARENTS<\/u><\/strong><\/li>\n<li><strong><u>Prendre conscience du d\u00e9calage entre la famille et l\u2019\u00e9cole :<\/u><\/strong><\/li>\n<li><strong><u>Faire la distinction entre les difficult\u00e9s et l\u2019\u00e9chec scolaire<\/u><\/strong><\/li>\n<li><strong><u>\u00catre attentif \u00e0 votre enfant<\/u><\/strong><\/li>\n<\/ol>\n<p><strong><u>CONCLUSION<\/u><\/strong><\/p>\n<p><strong><u>INTRODUCTION<\/u><\/strong><\/p>\n<p>Parmi tous les facteurs qui influencent l\u2019\u00e9ducation de l\u2019enfant de sa naissance \u00e0 l\u2019\u00e2ge adulte, la famille et l\u2019\u00e9cole jouent un r\u00f4le primordial. Cependant, avec les bouleversements profonds qui affectent aussi bien la famille que l\u2019\u00e9cole traditionnelle, on constate une confusion croissante quant \u00e0 leurs responsabilit\u00e9s respectives. Tous les deux manquent souvent de rep\u00e8res, surtout face \u00e0 des d\u00e9fis comme les mod\u00e8les alternatifs fournis par les m\u00e9dias ou \u00e0 des ph\u00e9nom\u00e8nes de soci\u00e9t\u00e9 complexes tels que l\u2019exclusion sociale, la marginalisation ou la violence.Il n\u2019y a jamais une seule explication\u00a0\u00e0 un probl\u00e8me aussi complexe\u00a0que l\u2019\u00e9chec scolaire. Evoquer une responsabilit\u00e9 parentale n\u2019a pas pour but de nier celle de l\u2019institution scolaire, ni celle bien s\u00fbr des enseignants.<\/p>\n<ol type=\"I\">\n<li><strong><u>LES TYPES D\u2019EDUCATIONS PARENTALES ET LEUR CONSEQUENCE<\/u><\/strong><\/li>\n<\/ol>\n<p>On peut classer les parents en quatre cat\u00e9gories\u00a0:<\/p>\n<ol type=\"1\">\n<li><strong><u>Le parent autoritaire<\/u><\/strong>\u00a0:<\/li>\n<\/ol>\n<p>Le parent autoritaire tente de modeler, de contr\u00f4ler, et d\u2019\u00e9valuer le comportement et les attitudes de l\u2019enfant conform\u00e9ment \u00e0 une norme de conduite \u2013 habituellement une norme absolue. Il consid\u00e8re l\u2019ob\u00e9issance comme une vertu\u00a0; il utilise les punitions et les mesures \u00e9nergiques pour freiner le libre arbitre, les actions ou les croyances de l\u2019enfant en conflit avec ce qui n\u2019est pas la norme de conduite. Il croit qu\u2019en maintenant l\u2019enfant \u00e0 sa place, en limitant son autonomie, et en lui attribuant des responsabilit\u00e9s domestiques il lui inculquera la notion de respect. Il consid\u00e8re la pr\u00e9servation de l\u2019ordre et de la structure traditionnelle comme une fin en soi. Il ne favorise pas l\u2019\u00e9change verbal, en estimant que l\u2019enfant doit accepter sa parole pour ce qui est juste.<\/p>\n<ul>\n<li><strong><u>Le parent d\u00e9mocratique<\/u><\/strong>\u00a0:<\/li>\n<\/ul>\n<p>L\u2019autorit\u00e9 des parents tente de diriger les activit\u00e9s de l\u2019enfant, mais d\u2019une fa\u00e7on rationnelle, ax\u00e9e sur la m\u00e9thode. Il encourage l\u2019\u00e9change verbal, explique \u00e0 l\u2019enfant le raisonnement qui sous-entend ses r\u00e8gles et ses valeurs. Lorsque l\u2019enfant refuse de se conformer \u00e0 ses exigences, il lui demande d\u2019en expliquer les raisons. L\u2019autodiscipline et la volont\u00e9 de conformit\u00e9 aux r\u00e8gles sont valoris\u00e9es. Il applique son propre point de vue, mais&#8230;<\/p>\n<p>Pour obtenir l&rsquo;expos\u00e9 complet contactez le +226 56196345 (WhatsApp).<\/p>\n","protected":false},"featured_media":831,"template":"","meta":{"jetpack_publicize_message":"","jetpack_publicize_feature_enabled":true,"jetpack_social_post_already_shared":false,"jetpack_social_options":{"image_generator_settings":{"template":"highway","default_image_id":0,"font":"","enabled":false},"version":2}},"product_brand":[],"product_cat":[546],"product_tag":[838,837,839],"class_list":{"0":"post-2099","1":"product","2":"type-product","3":"status-publish","4":"has-post-thumbnail","6":"product_cat-societe","7":"product_tag-enfants","8":"product_tag-parent","9":"product_tag-reussite-scolaire","11":"first","12":"instock","13":"downloadable","14":"virtual","15":"sold-individually","16":"purchasable","17":"product-type-simple"},"aioseo_notices":[],"jetpack_publicize_connections":[],"jetpack-related-posts":[],"jetpack_sharing_enabled":true,"_links":{"self":[{"href":"https:\/\/karandoogo.com\/index.php\/wp-json\/wp\/v2\/product\/2099","targetHints":{"allow":["GET"]}}],"collection":[{"href":"https:\/\/karandoogo.com\/index.php\/wp-json\/wp\/v2\/product"}],"about":[{"href":"https:\/\/karandoogo.com\/index.php\/wp-json\/wp\/v2\/types\/product"}],"wp:featuredmedia":[{"embeddable":true,"href":"https:\/\/karandoogo.com\/index.php\/wp-json\/wp\/v2\/media\/831"}],"wp:attachment":[{"href":"https:\/\/karandoogo.com\/index.php\/wp-json\/wp\/v2\/media?parent=2099"}],"wp:term":[{"taxonomy":"product_brand","embeddable":true,"href":"https:\/\/karandoogo.com\/index.php\/wp-json\/wp\/v2\/product_brand?post=2099"},{"taxonomy":"product_cat","embeddable":true,"href":"https:\/\/karandoogo.com\/index.php\/wp-json\/wp\/v2\/product_cat?post=2099"},{"taxonomy":"product_tag","embeddable":true,"href":"https:\/\/karandoogo.com\/index.php\/wp-json\/wp\/v2\/product_tag?post=2099"}],"curies":[{"name":"wp","href":"https:\/\/api.w.org\/{rel}","templated":true}]}}