{"id":2111,"date":"2022-08-30T17:28:01","date_gmt":"2022-08-30T17:28:01","guid":{"rendered":"https:\/\/karandoogo.com\/?post_type=product&#038;p=2111"},"modified":"2025-10-19T13:46:20","modified_gmt":"2025-10-19T13:46:20","slug":"expose-complet-sur-le-phenomene-de-la-guerre","status":"publish","type":"product","link":"https:\/\/karandoogo.com\/index.php\/produit\/expose-complet-sur-le-phenomene-de-la-guerre\/","title":{"rendered":"Expos\u00e9 complet sur le ph\u00e9nom\u00e8ne de la guerre"},"content":{"rendered":"","protected":false},"excerpt":{"rendered":"<p><strong>NB:<\/strong> Les documents mis \u00e0 disposition sur ce site sont des documents \u00e0 exploiter, autrement dit des compl\u00e9ments pour parfaire votre travail. Ils ne sont pas faits pour \u00eatre pr\u00e9sent\u00e9s \u00e0 l\u2019\u00e9tat.<\/p>\n<p><strong><u>PLAN<\/u><\/strong><\/p>\n<p><strong><u>INTRODUCTION<\/u><\/strong><\/p>\n<ol type=\"I\">\n<li><strong><u>LES DIFFERENTES PERCEPTIONS DE LA GUERRE CIVILE<\/u><\/strong><\/li>\n<li><strong><u>La guerre comme facteur de coh\u00e9sion sociale.<\/u><\/strong><\/li>\n<li><strong><u>la guerre comme jeu,<\/u><\/strong><\/li>\n<li><strong><u>La guerre comme produit co-substantiel de la nature humaine<\/u><\/strong><\/li>\n<li><strong><u>CONCEPT MODERNE DE LA GUERRE CIVILE<\/u><\/strong><\/li>\n<li><strong><u>RAPPORT ENTRE LA GUERRE CIVILE ET\u00a0 D\u2019AUTRES DOMAINES<\/u><\/strong><\/li>\n<li><strong><u>Guerre civile et \u00e9conomie<\/u><\/strong><\/li>\n<li><strong><u>Guerre civile et droit<\/u><\/strong><\/li>\n<\/ol>\n<p><strong><u>CONCLUSION<\/u><\/strong><\/p>\n<p><strong><u>INTRODUCTION<\/u><\/strong><\/p>\n<p>La guerre se d\u00e9finit comme un \u00e9tat de conflit arm\u00e9 entre plusieurs groupes politiques constitu\u00e9s, comme des \u00c9tats. Par opposition aux guerres entre \u00c9tats, une guerre peut aussi d\u00e9signer un conflit arm\u00e9 entre deux factions de populations oppos\u00e9es \u00e0 l\u2019int\u00e9rieur d\u2019un m\u00eame \u00c9tat : on parle alors de guerre civile, de guerre ethnique, de guerre r\u00e9volutionnaire ou encore de guerre de s\u00e9cession. Une guerre civile est la situation qui existe lorsqu\u2019au sein d\u2019un \u00c9tat, une lutte arm\u00e9e oppose les forces arm\u00e9es d\u2019un \u00c9tat \u00e0 des groupes arm\u00e9s identifiables, ou des groupes arm\u00e9s entre eux, dans des combats dont l\u2019importance et l\u2019extension d\u00e9passe la simple r\u00e9volte ou l\u2019insurrection.<\/p>\n<ol type=\"I\">\n<li><strong><u>LES DIFFERENTES PERCEPTIONS DE LA GUERRE CIVILE<\/u><\/strong><\/li>\n<li><strong><u>La guerre comme facteur de coh\u00e9sion sociale.<\/u><\/strong><\/li>\n<\/ol>\n<p>Tant du point de vue de l\u2019attaquant que de l\u2019attaqu\u00e9, la guerre semble contribuer \u00e0 maintenir ou restaurer la coh\u00e9sion sociale d\u2019un groupe ou pays. Dans l\u2019Histoire, il est patent que nombre de guerres se d\u00e9clenchent au pr\u00e9texte et dans le but unique (et souvent r\u00e9ussi) de resserrer les rangs derri\u00e8re le destin sup\u00e9rieur de la patrie : Faire l\u2019\u00ab union sacr\u00e9e \u00bb, et soutenir celui qui appara\u00eet alors comme son meilleur d\u00e9fenseur : le chef. Ainsi Otto von Bismarck, r\u00eavant de l\u2019unit\u00e9 allemande incite-t-il la guerre franco-prussienne de 1870.<\/p>\n<ul>\n<li><strong><u>la guerre comme jeu,<\/u><\/strong><\/li>\n<\/ul>\n<p>Harris veut d\u00e9montrer que les gens, les hommes surtout, sont \u00e9lev\u00e9s dans le culte et la croyance de la guerre comme une activit\u00e9 anoblissante, flamboyante et glorieuse, avec un substitut qui est la comp\u00e9tition sportive collective. L\u2019histoire montre qu\u2019on peut \u00eatre \u00e9lev\u00e9 \u00e0 prendre plaisir \u00e0 pourchasser d\u2019autres personnes et \u00e0 les tuer, \u00e0 les d\u00e9tester et les ha\u00efr ou bien \u00e0 se r\u00e9volter contre les r\u00e9sultats de tels actes. Si on croit que les valeurs belliqueuses sont sources des guerres, alors le probl\u00e8me crucial et\u2026<\/p>\n<p>Pour obtenir l&rsquo;expos\u00e9 complet contactez le +226 56196345 (WhatsApp).<\/p>\n","protected":false},"featured_media":831,"template":"","meta":{"jetpack_publicize_message":"","jetpack_publicize_feature_enabled":true,"jetpack_social_post_already_shared":false,"jetpack_social_options":{"image_generator_settings":{"template":"highway","default_image_id":0,"font":"","enabled":false},"version":2}},"product_brand":[],"product_cat":[811,714,546],"product_tag":[845],"class_list":{"0":"post-2111","1":"product","2":"type-product","3":"status-publish","4":"has-post-thumbnail","6":"product_cat-geopolitique","7":"product_cat-politique","8":"product_cat-societe","9":"product_tag-la-guerre","11":"first","12":"instock","13":"downloadable","14":"virtual","15":"sold-individually","16":"purchasable","17":"product-type-simple"},"aioseo_notices":[],"jetpack_publicize_connections":[],"jetpack-related-posts":[],"jetpack_sharing_enabled":true,"_links":{"self":[{"href":"https:\/\/karandoogo.com\/index.php\/wp-json\/wp\/v2\/product\/2111","targetHints":{"allow":["GET"]}}],"collection":[{"href":"https:\/\/karandoogo.com\/index.php\/wp-json\/wp\/v2\/product"}],"about":[{"href":"https:\/\/karandoogo.com\/index.php\/wp-json\/wp\/v2\/types\/product"}],"wp:featuredmedia":[{"embeddable":true,"href":"https:\/\/karandoogo.com\/index.php\/wp-json\/wp\/v2\/media\/831"}],"wp:attachment":[{"href":"https:\/\/karandoogo.com\/index.php\/wp-json\/wp\/v2\/media?parent=2111"}],"wp:term":[{"taxonomy":"product_brand","embeddable":true,"href":"https:\/\/karandoogo.com\/index.php\/wp-json\/wp\/v2\/product_brand?post=2111"},{"taxonomy":"product_cat","embeddable":true,"href":"https:\/\/karandoogo.com\/index.php\/wp-json\/wp\/v2\/product_cat?post=2111"},{"taxonomy":"product_tag","embeddable":true,"href":"https:\/\/karandoogo.com\/index.php\/wp-json\/wp\/v2\/product_tag?post=2111"}],"curies":[{"name":"wp","href":"https:\/\/api.w.org\/{rel}","templated":true}]}}