{"id":2171,"date":"2022-08-31T13:59:12","date_gmt":"2022-08-31T13:59:12","guid":{"rendered":"https:\/\/karandoogo.com\/?post_type=product&#038;p=2171"},"modified":"2025-10-19T13:45:12","modified_gmt":"2025-10-19T13:45:12","slug":"expose-complet-sur-les-dieux-delinquants-daugustin-sonde-coulibaly","status":"publish","type":"product","link":"https:\/\/karandoogo.com\/index.php\/produit\/expose-complet-sur-les-dieux-delinquants-daugustin-sonde-coulibaly\/","title":{"rendered":"Expos\u00e9 complet sur Les dieux D\u00e9linquants d&rsquo;Augustin Sond\u00e9 Coulibaly"},"content":{"rendered":"","protected":false},"excerpt":{"rendered":"<p><strong>NB:<\/strong> Les documents mis \u00e0 disposition sur ce site sont des documents \u00e0 exploiter, autrement dit des compl\u00e9ments pour parfaire votre travail. Ils ne sont pas faits pour \u00eatre pr\u00e9sent\u00e9s \u00e0 l\u2019\u00e9tat.<\/p>\n<p><strong><u>INTRODUCTION<\/u><\/strong><\/p>\n<p><strong>\u00a0<\/strong><strong>I. BIOGRAPHIE\u00a0 DE L&rsquo;AUTEUR<\/strong><\/p>\n<p><strong>II. BIBLIOGRAPHIE DE L&rsquo;AUTEUR<\/strong><\/p>\n<p><strong>III.LES PERSONNAGES <\/strong><strong>DE L\u2019OEUVRE<\/strong><\/p>\n<ol>\n<li>Les personnages principaux<\/li>\n<li>Les personnages secondaires<\/li>\n<\/ol>\n<p><strong>\u00a0IV. <\/strong><strong>ETUDE THEMATIQUE<\/strong><\/p>\n<ol>\n<li><strong><u>Th\u00e8mes principaux : <\/u><\/strong><\/li>\n<\/ol>\n<p>La r\u00e9volte<\/p>\n<p>Les Traditions<\/p>\n<p>La Haine<\/p>\n<ol start=\"2\">\n<li><strong>Les th\u00e8mes secondaires<\/strong><\/li>\n<\/ol>\n<p>La prostitution<\/p>\n<p>L\u2019amour Pur<\/p>\n<p>La souffrance<\/p>\n<p>Le Voyage<\/p>\n<p>La m\u00e9chancet\u00e9<\/p>\n<p><strong>V.RESUME DE L\u2019\u0152UVRE <\/strong><\/p>\n<p>&nbsp;<\/p>\n<p><strong>CONCLUSION<\/strong><\/p>\n<p>&nbsp;<\/p>\n<p><strong><u>\u00a0<\/u><\/strong><\/p>\n<p><strong><u>INTRODUCTION<\/u><\/strong><\/p>\n<p>&nbsp;<\/p>\n<p>Le Roman Les Dieux D\u00e9linquants de Augustin Sond\u00e9 Coulibaly est l\u2019une des \u0153uvres n\u00e9gro-africaines les plus admirables. Ces \u0153uvres traitent objectivement les probl\u00e8mes principaux de l\u2019Afrique. Il a su admirablement \u00e9voquer la situation sociale de son pays. C&rsquo;est l\u2019un des meilleurs \u00e9crits sur les conflits sociaux ct les conf1its de g\u00e9n\u00e9rations. C&rsquo;est une voix africaine qui doit \u00eatre entendue car t\u00e9moin de toute une \u00e9poque, le Maitre de tout un monde, notre tiers monde.<\/p>\n<ol>\n<li><strong><u>BIOGRAPHIE DE L\u2019AUTEUR<\/u><\/strong><\/li>\n<\/ol>\n<p>Augustin Sonde Coulibaly fait partie de la premi\u00e8re g\u00e9n\u00e9ration d\u2019\u00e9crivain avec Kollin Noaga et Etienne Sawadogo. Il est le p\u00e8re fondateur du cercle d\u2019activit\u00e9 litt\u00e9raire et artistique de Haute Volta ( CALAHV) et \u00e9tait soucieux de l\u2019\u00e9mergence de la litt\u00e9rature burkinab\u00e8 : il \u00e9tait associ\u00e9 \u00e0 Nazi Boni d\u2019autres \u00e9crivains dans ce projet. Le cercle cr\u00e9a la revue des visages d&rsquo; Afrique. Le cercle disparaitra en 1974 mais Augustin Sonde Coulibaly continuera \u00e0 s\u2019int\u00e9resser \u00e0 la vie culturelle burkinab\u00e8. Il \u00e9tait sollicit\u00e9 pour des conf\u00e9rences et ne manquait pas de conseiller les jeunes litt\u00e9raires qui se confiaient \u00e0 lui. Il fut membre fondateur de la soci\u00e9t\u00e9 des \u00e9crivains volta\u00efques (SEV), de l&rsquo;union des gens de lettre (UGEL) et \u2026.<\/p>\n<p>Pour obtenir l&rsquo;expos\u00e9 complet contactez le +226 56196345 (WhatsApp).<\/p>\n","protected":false},"featured_media":831,"template":"","meta":{"jetpack_publicize_message":"","jetpack_publicize_feature_enabled":true,"jetpack_social_post_already_shared":false,"jetpack_social_options":{"image_generator_settings":{"template":"highway","default_image_id":0,"font":"","enabled":false},"version":2}},"product_brand":[],"product_cat":[598,547],"product_tag":[863,590,864],"class_list":{"0":"post-2171","1":"product","2":"type-product","3":"status-publish","4":"has-post-thumbnail","6":"product_cat-litterature","7":"product_cat-litterature-africaine","8":"product_tag-augustin-sonde-coulibaly","9":"product_tag-auteur-burkinabe","10":"product_tag-les-dieux-delinquants","12":"first","13":"instock","14":"downloadable","15":"virtual","16":"sold-individually","17":"purchasable","18":"product-type-simple"},"aioseo_notices":[],"jetpack_publicize_connections":[],"jetpack-related-posts":[],"jetpack_sharing_enabled":true,"_links":{"self":[{"href":"https:\/\/karandoogo.com\/index.php\/wp-json\/wp\/v2\/product\/2171","targetHints":{"allow":["GET"]}}],"collection":[{"href":"https:\/\/karandoogo.com\/index.php\/wp-json\/wp\/v2\/product"}],"about":[{"href":"https:\/\/karandoogo.com\/index.php\/wp-json\/wp\/v2\/types\/product"}],"wp:featuredmedia":[{"embeddable":true,"href":"https:\/\/karandoogo.com\/index.php\/wp-json\/wp\/v2\/media\/831"}],"wp:attachment":[{"href":"https:\/\/karandoogo.com\/index.php\/wp-json\/wp\/v2\/media?parent=2171"}],"wp:term":[{"taxonomy":"product_brand","embeddable":true,"href":"https:\/\/karandoogo.com\/index.php\/wp-json\/wp\/v2\/product_brand?post=2171"},{"taxonomy":"product_cat","embeddable":true,"href":"https:\/\/karandoogo.com\/index.php\/wp-json\/wp\/v2\/product_cat?post=2171"},{"taxonomy":"product_tag","embeddable":true,"href":"https:\/\/karandoogo.com\/index.php\/wp-json\/wp\/v2\/product_tag?post=2171"}],"curies":[{"name":"wp","href":"https:\/\/api.w.org\/{rel}","templated":true}]}}