{"id":2275,"date":"2022-08-31T20:01:36","date_gmt":"2022-08-31T20:01:36","guid":{"rendered":"https:\/\/karandoogo.com\/?post_type=product&#038;p=2275"},"modified":"2025-10-19T13:40:33","modified_gmt":"2025-10-19T13:40:33","slug":"expose-complet-sur-les-types-de-concours-professionnels-de-la-fonction-publique-et-les-conditions-dadhesion","status":"publish","type":"product","link":"https:\/\/karandoogo.com\/index.php\/produit\/expose-complet-sur-les-types-de-concours-professionnels-de-la-fonction-publique-et-les-conditions-dadhesion\/","title":{"rendered":"Expos\u00e9 complet sur les types de concours professionnels de la fonction publique et les conditions d&rsquo;adh\u00e9sion"},"content":{"rendered":"","protected":false},"excerpt":{"rendered":"<p><strong>NB:<\/strong> Les documents mis \u00e0 disposition sur ce site sont des documents \u00e0 exploiter, autrement dit des compl\u00e9ments pour parfaire votre travail. Ils ne sont pas faits pour \u00eatre pr\u00e9sent\u00e9s \u00e0 l\u2019\u00e9tat.<\/p>\n<p><strong>Introduction<\/strong><\/p>\n<ol>\n<li><strong>D\u00e9finition<\/strong><\/li>\n<\/ol>\n<ul>\n<li><strong>Examens Professionnels <\/strong><\/li>\n<\/ul>\n<ol>\n<li><strong>Examens<\/strong><\/li>\n<li><strong>Examens professionnels<\/strong><\/li>\n<\/ol>\n<ul>\n<li><strong>Concours professionnels<\/strong>\n<ol>\n<li><strong>Les concours<\/strong><\/li>\n<li><strong>Les concours professionnels <\/strong><\/li>\n<\/ol>\n<\/li>\n<\/ul>\n<ol>\n<li><strong>Les diff\u00e9rents types d\u2019examens professionnels et les conditions de participation<\/strong><\/li>\n<\/ol>\n<ul>\n<li><strong>Le Certificat El\u00e9mentaire d\u2019Aptitude P\u00e9dagogique (CEAP)<\/strong><\/li>\n<\/ul>\n<ol>\n<li><strong>Condition d\u2019inscription au CEAP<\/strong><\/li>\n<li><strong>Constitution du dossier<\/strong><\/li>\n<\/ol>\n<ul>\n<li><strong>Le Certificat d\u2019Aptitude P\u00e9dagogique (CAP)<\/strong><\/li>\n<\/ul>\n<ol>\n<li><strong>Condition d\u2019inscription au CAP<\/strong><\/li>\n<li><strong>Constitution du dossier au CAP<\/strong><\/li>\n<\/ol>\n<ul>\n<li><strong>Les diff\u00e9rents types de concours professionnels et les conditions de participation<\/strong><\/li>\n<\/ul>\n<p><strong>\u00a0<\/strong><\/p>\n<ul>\n<li><strong>Les concours des instituteurs principaux (IP)<\/strong><\/li>\n<\/ul>\n<ol>\n<li><strong>Conditions d\u2019inscriptions \u00e0 l\u2019IB<\/strong><\/li>\n<li><strong>Constitution du dossier \u00e0 l\u2019IB<\/strong><\/li>\n<\/ol>\n<ul>\n<li><strong>Le concours des conseillers p\u00e9dagogique itin\u00e9rant (CPI)<\/strong><\/li>\n<\/ul>\n<ol>\n<li><strong>Conditions d\u2019inscription au CPI<\/strong><\/li>\n<li><strong>Constitution du dossier de CPI<\/strong><\/li>\n<\/ol>\n<ul>\n<li><strong>Le concours des inspecteurs de l\u2019enseignant du 1<sup>er<\/sup> d\u00e9gr\u00e9<\/strong><\/li>\n<\/ul>\n<ol>\n<li><strong>Conditions d\u2019inscription \u00e0 l\u2019IEPD<\/strong><\/li>\n<li><strong>Constitution du dossier \u00e0 l\u2019IEPD<\/strong><\/li>\n<\/ol>\n<p><strong>Conclusion<\/strong><\/p>\n<p><strong>\u00a0<\/strong><\/p>\n<p><strong>\u00a0<\/strong><\/p>\n<p><strong>\u00a0<\/strong><\/p>\n<p><strong>\u00a0<\/strong><\/p>\n<p><strong>\u00a0<\/strong><\/p>\n<p><strong>\u00a0<\/strong><\/p>\n<p><strong>Introduction<\/strong><\/p>\n<p>Toute activit\u00e9 humaine a besoin d\u2019\u00eatre \u00e9valu\u00e9e, mesur\u00e9e. Au Burkina Faso l\u2019acc\u00e8s aux emplois de fonctionnaire se fait par concours direct ou par r\u00e9\u00e9lection sur dossier. Ainsi, les examens et concours Professionnels sont organis\u00e9s par les centres d\u00e9partements de gestion.<\/p>\n<p>Pour y prendre part, les candidats doivent remplir certaines conditions.<\/p>\n<p>Apr\u00e8s avoir d\u00e9finit les examens et concours professionnels, nous donnerons d\u2019une part les diff\u00e9rentes \u00a0les diff\u00e9rents types d\u2019examens et les conditions de participation et d\u2019autre part le diff\u00e9rents types de concours professionnels et les conditions de participation.<\/p>\n<p>&nbsp;<\/p>\n<ol>\n<li><strong>D\u00e9finition<\/strong><\/li>\n<\/ol>\n<ul>\n<li><strong>Examens Professionnels <\/strong>\n<ol>\n<li><strong>Examens<\/strong><\/li>\n<\/ol>\n<\/li>\n<\/ul>\n<p>Selon le dictionnaire fran\u00e7ais Robert, l\u2019examen est une \u00e9preuve que subit un candidat et o\u00f9 l\u2019admission d\u00e9pend d\u2019une note atteinte.<\/p>\n<ol>\n<li><strong>Examens professionnels<\/strong><\/li>\n<\/ol>\n<p>L\u2019examen professionnel est par essence une \u00e9valuation d\u2019un candidat exer\u00e7ant une fonction pr\u00e9cise \u00e0 travers des \u00e9preuves \u00e9crites, pratiques et orales dont l\u2019admission, d\u00e9pend d\u2019une moyenne exig\u00e9e.<\/p>\n<ul>\n<li><strong>Concours professionnels<\/strong>\n<ol>\n<li><strong>Les concours<\/strong><\/li>\n<\/ol>\n<\/li>\n<\/ul>\n<p>Selon le dictionnaire \u00a0Robert un concours est une \u00e9preuve, une comp\u00e9tition pour un nombre limit\u00e9 de places.<\/p>\n<ol>\n<li><strong>Les concours professionnels <\/strong><\/li>\n<\/ol>\n<p>Le concours professionnel\u00a0 est une comp\u00e9tition au cours de laquelle les meilleurs sont retenus pour un nombre limit\u00e9 de place.<\/p>\n<p>&nbsp;<\/p>\n<ol>\n<li><strong>Les diff\u00e9rents types d\u2019examens professionnels et les conditions de participation<\/strong>\n<ol>\n<li><strong>Le Certificat El\u00e9mentaire d\u2019Aptitude P\u00e9dagogique (CEAP)<\/strong><\/li>\n<\/ol>\n<\/li>\n<\/ol>\n<p>Le CEAP est le titre requis pour acc\u00e9der \u00e0 l\u2019emploi d\u2019Instituteur Adjoint certifi\u00e9 (IAC)<\/p>\n<ol>\n<li><strong>Condition d\u2019inscription au CEAP<\/strong><\/li>\n<\/ol>\n<p>Pour \u00eatre candidat au CEAP il faut&#8230;<\/p>\n<p>Pour obtenir l&rsquo;expos\u00e9 complet contactez le +226 56196345 (WhatsApp).<\/p>\n","protected":false},"featured_media":831,"template":"","meta":{"jetpack_publicize_message":"","jetpack_publicize_feature_enabled":true,"jetpack_social_post_already_shared":false,"jetpack_social_options":{"image_generator_settings":{"template":"highway","default_image_id":0,"font":"","enabled":false},"version":2}},"product_brand":[],"product_cat":[714,546],"product_tag":[561,873,906],"class_list":{"0":"post-2275","1":"product","2":"type-product","3":"status-publish","4":"has-post-thumbnail","6":"product_cat-politique","7":"product_cat-societe","8":"product_tag-burkina-faso","9":"product_tag-chomage","10":"product_tag-employabilite","12":"first","13":"instock","14":"downloadable","15":"virtual","16":"sold-individually","17":"purchasable","18":"product-type-simple"},"aioseo_notices":[],"jetpack_publicize_connections":[],"jetpack-related-posts":[],"jetpack_sharing_enabled":true,"_links":{"self":[{"href":"https:\/\/karandoogo.com\/index.php\/wp-json\/wp\/v2\/product\/2275","targetHints":{"allow":["GET"]}}],"collection":[{"href":"https:\/\/karandoogo.com\/index.php\/wp-json\/wp\/v2\/product"}],"about":[{"href":"https:\/\/karandoogo.com\/index.php\/wp-json\/wp\/v2\/types\/product"}],"wp:featuredmedia":[{"embeddable":true,"href":"https:\/\/karandoogo.com\/index.php\/wp-json\/wp\/v2\/media\/831"}],"wp:attachment":[{"href":"https:\/\/karandoogo.com\/index.php\/wp-json\/wp\/v2\/media?parent=2275"}],"wp:term":[{"taxonomy":"product_brand","embeddable":true,"href":"https:\/\/karandoogo.com\/index.php\/wp-json\/wp\/v2\/product_brand?post=2275"},{"taxonomy":"product_cat","embeddable":true,"href":"https:\/\/karandoogo.com\/index.php\/wp-json\/wp\/v2\/product_cat?post=2275"},{"taxonomy":"product_tag","embeddable":true,"href":"https:\/\/karandoogo.com\/index.php\/wp-json\/wp\/v2\/product_tag?post=2275"}],"curies":[{"name":"wp","href":"https:\/\/api.w.org\/{rel}","templated":true}]}}