{"id":2279,"date":"2022-08-31T20:18:58","date_gmt":"2022-08-31T20:18:58","guid":{"rendered":"https:\/\/karandoogo.com\/?post_type=product&#038;p=2279"},"modified":"2025-10-19T13:40:33","modified_gmt":"2025-10-19T13:40:33","slug":"expose-complet-sur-lunification-allemande","status":"publish","type":"product","link":"https:\/\/karandoogo.com\/index.php\/produit\/expose-complet-sur-lunification-allemande\/","title":{"rendered":"Expos\u00e9 complet sur l&rsquo;unification Allemande"},"content":{"rendered":"","protected":false},"excerpt":{"rendered":"<p><strong>NB:<\/strong> Les documents mis \u00e0 disposition sur ce site sont des documents \u00e0 exploiter, autrement dit des compl\u00e9ments pour parfaire votre travail. Ils ne sont pas faits pour \u00eatre pr\u00e9sent\u00e9s \u00e0 l\u2019\u00e9tat.<\/p>\n<p><strong><u>INTRODUCTION<\/u><\/strong><\/p>\n<ul>\n<li><strong><u>CAUSES DE L\u2019UNIFICATION<\/u><\/strong><\/li>\n<li><strong><u>Manque de d\u00e9mocratie<\/u><\/strong><\/li>\n<li><strong><u>Croissance du nationalisme<\/u><\/strong><\/li>\n<\/ul>\n<p><strong><u>II-ETAPES DE L\u2019UNIFICATION<\/u><\/strong><\/p>\n<ol>\n<li><strong><u> Un morcellement politique et une unification \u00e9conomique<\/u><\/strong><\/li>\n<li><strong><u> L\u2019unification politique par la guerre et la diplomatie<\/u><\/strong><\/li>\n<li><strong><u> La cr\u00e9ation du Reich allemand<\/u><\/strong><\/li>\n<\/ol>\n<p><strong><u>III-CONSEQUENCES DE L\u2019UNIFICATION ALLEMANDE<\/u><\/strong><\/p>\n<p><strong><u>CONCLUSION<\/u><\/strong><\/p>\n<p><strong><u>\u00a0<\/u><\/strong><\/p>\n<p><strong><u>INTRODUCTION<\/u><\/strong><\/p>\n<p>L&rsquo;unification de l&rsquo;Allemagne sous la forme d&rsquo;un \u00c9tat-nation eut officiellement lieu le 18 janvier 1871 dans la galerie des Glaces du ch\u00e2teau de Versailles, en France. Les princes allemands s&rsquo;y rassembl\u00e8rent apr\u00e8s leur victoire lors de la guerre franco-prussienne pour proclamer Guillaume Ier de Prusse empereur du nouvel Empire allemand. Cependant, le processus de rassemblement des populations germanophones d&rsquo;Europe avait commenc\u00e9 depuis le d\u00e9but du si\u00e8cle.<\/p>\n<ul>\n<li><strong><u>CAUSES DE L\u2019UNIFICATION<\/u><\/strong><\/li>\n<li><strong><u>Manque de d\u00e9mocratie<\/u><\/strong><\/li>\n<\/ul>\n<p>En d\u00e9pit du terme de \u00ab di\u00e8te \u00bb (assembl\u00e9e ou parlement), cette institution n&rsquo;\u00e9tait pas constitu\u00e9e de repr\u00e9sentants \u00e9lus par le peuple. De nombreux \u00c9tats n&rsquo;avaient pas de constitution et dans ceux qui en avaient une, comme le Grand-duch\u00e9 de Bade, le droit de vote \u00e9tait conditionn\u00e9 par la possession d&rsquo;une certaine quantit\u00e9 de biens, ce qui r\u00e9duisait le nombre d&rsquo;\u00e9lecteurs \u00e0 une faible portion de la population masculine. De plus, la construction de la conf\u00e9d\u00e9ration ne refl\u00e9tait pas le nouveau statut de la Prusse en Allemagne. Malgr\u00e9 sa d\u00e9faite totale \u00e0 I\u00e9na &#8211; Auerstaedt en 1806, elle avait r\u00e9alis\u00e9 un prodigieux retour \u00e0 Waterloo. Par cons\u00e9quent, les dirigeants prussiens entendaient jouer un r\u00f4le majeur dans la politique allemande.<\/p>\n<ul>\n<li><strong><u>Croissance du nationalisme<\/u><\/strong><\/li>\n<\/ul>\n<p>L&rsquo;exp\u00e9rience en commun des Allemands pendant la p\u00e9riode napol\u00e9onienne fit monter leur nationalisme. Initialement alli\u00e9e au lib\u00e9ralisme, celui-ci modifia les relations politiques, culturelles et sociales entre les \u00c9tats allemands18. L&rsquo;organisation \u00e9tudiante Burschenschaft et les manifestations populaires comme celles du ch\u00e2teau de Wartbourg en octobre 1817 contribu\u00e8rent \u00e0 accro\u00eetre le sentiment d&rsquo;unit\u00e9 des germanophones. De plus, les promesses implicites et parfois explicites faites durant la Guerre de Lib\u00e9ration firent cro\u00eetre les revendications pour la souverainet\u00e9 populaire et une participation accrue dans&#8230;<\/p>\n<p>Pour obtenir l&rsquo;expos\u00e9 complet contactez le +226 56196345 (WhatsApp).<\/p>\n","protected":false},"featured_media":831,"template":"","meta":{"jetpack_publicize_message":"","jetpack_publicize_feature_enabled":true,"jetpack_social_post_already_shared":false,"jetpack_social_options":{"image_generator_settings":{"template":"highway","default_image_id":0,"font":"","enabled":false},"version":2}},"product_brand":[],"product_cat":[548,714],"product_tag":[910],"class_list":{"0":"post-2279","1":"product","2":"type-product","3":"status-publish","4":"has-post-thumbnail","6":"product_cat-histoire-geographie","7":"product_cat-politique","8":"product_tag-lunification-allemande","10":"first","11":"instock","12":"downloadable","13":"virtual","14":"sold-individually","15":"purchasable","16":"product-type-simple"},"aioseo_notices":[],"jetpack_publicize_connections":[],"jetpack-related-posts":[],"jetpack_sharing_enabled":true,"_links":{"self":[{"href":"https:\/\/karandoogo.com\/index.php\/wp-json\/wp\/v2\/product\/2279","targetHints":{"allow":["GET"]}}],"collection":[{"href":"https:\/\/karandoogo.com\/index.php\/wp-json\/wp\/v2\/product"}],"about":[{"href":"https:\/\/karandoogo.com\/index.php\/wp-json\/wp\/v2\/types\/product"}],"wp:featuredmedia":[{"embeddable":true,"href":"https:\/\/karandoogo.com\/index.php\/wp-json\/wp\/v2\/media\/831"}],"wp:attachment":[{"href":"https:\/\/karandoogo.com\/index.php\/wp-json\/wp\/v2\/media?parent=2279"}],"wp:term":[{"taxonomy":"product_brand","embeddable":true,"href":"https:\/\/karandoogo.com\/index.php\/wp-json\/wp\/v2\/product_brand?post=2279"},{"taxonomy":"product_cat","embeddable":true,"href":"https:\/\/karandoogo.com\/index.php\/wp-json\/wp\/v2\/product_cat?post=2279"},{"taxonomy":"product_tag","embeddable":true,"href":"https:\/\/karandoogo.com\/index.php\/wp-json\/wp\/v2\/product_tag?post=2279"}],"curies":[{"name":"wp","href":"https:\/\/api.w.org\/{rel}","templated":true}]}}