{"id":2847,"date":"2022-11-04T17:25:36","date_gmt":"2022-11-04T17:25:36","guid":{"rendered":"https:\/\/karandoogo.com\/?post_type=product&#038;p=2847"},"modified":"2025-10-19T13:39:09","modified_gmt":"2025-10-19T13:39:09","slug":"expose-complet-sur-limperialisme-europeen-en-asie","status":"publish","type":"product","link":"https:\/\/karandoogo.com\/index.php\/produit\/expose-complet-sur-limperialisme-europeen-en-asie\/","title":{"rendered":"Expos\u00e9 complet sur l&rsquo;imp\u00e9rialisme Europ\u00e9en en Asie"},"content":{"rendered":"","protected":false},"excerpt":{"rendered":"<p><strong>NB:<\/strong> Les documents mis \u00e0 disposition sur ce site sont des documents \u00e0 exploiter, autrement dit des compl\u00e9ments pour parfaire votre travail. Ils ne sont pas faits pour \u00eatre pr\u00e9sent\u00e9s \u00e0 l\u2019\u00e9tat.<\/p>\n<p><strong>PLAN<\/strong><\/p>\n<p><strong>INTRODUCTION<\/strong><\/p>\n<ul>\n<li><strong><u>L\u2019ASIE CENTRALE ET LA SIBERIE<\/u><\/strong><\/li>\n<li><strong><u>L\u2019ASIE DU SUD EST<\/u><\/strong><\/li>\n<li><strong><u>LA CHINE <\/u><\/strong><\/li>\n<li><strong><u>L\u2019IMPERIALISME DE L\u2019EUROPE EN ASIE.<\/u><\/strong><\/li>\n<li><strong><u>La faiblesse politique de l\u2019Asie<\/u><\/strong><\/li>\n<li><strong><u>La conqu\u00eate du pays<\/u><\/strong><\/li>\n<li><strong><u>La r\u00e9sistance ou le r\u00e9veil de la chine <\/u><\/strong><\/li>\n<li><strong><u>Le moyen orient<\/u><\/strong><\/li>\n<\/ul>\n<p><strong><u>CONCLUSION<\/u><\/strong><\/p>\n<p><strong>INTRODUCTION<\/strong><\/p>\n<p>L\u2019Afrique n\u2019a pas \u00e9t\u00e9 la seule victime de l\u2019imp\u00e9rialisme europ\u00e9en. En effet, \u00e0 la fin du19\u00e8me si\u00e8cle, l\u2019Asie a \u00e9t\u00e9 \u00e9galement le si\u00e8ge de rivalit\u00e9s entre plusieurs puissances : France, Angleterre, Japon, Russie, Allemagne. Quatre r\u00e9gions ont \u00e9t\u00e9 concern\u00e9es : l\u2019Asie centrale et la Sib\u00e9rie, l\u2019Asie du sud-est, le Moyen-Orient et la chine.<\/p>\n<ul>\n<li><strong><u>L\u2019ASIE CENTRALE ET LA SIBERIE<\/u><\/strong><\/li>\n<\/ul>\n<p>Cette r\u00e9gion \u00e9tait convoit\u00e9e par l\u2019Angleterre et la Russie. Apr\u00e8s une lutte entre les Mahrattes du Dekkan et les Sikhs du Pendjab, les anglais achev\u00e8rent la conqu\u00eate de l\u2019Inde vers 1850. En d\u00e9pit de la r\u00e9volte des Cipayes en 1857, le territoire devient une colonie de la Couronne, administr\u00e9e par un vice-roi r\u00e9sidant \u00e0 Calcutta. En 1876, elle prend la forme d\u2019un empire et la reine Victoria est proclam\u00e9e imp\u00e9ratrice en 1877. L\u2019Angleterre poursuit ses conqu\u00eates en Birmanie, au Tibet chinois, en Malaisie, \u00e0 Singapour, mais elle se heurte aux Russes en Afghanistan. Ces derni\u00e8res s\u2019emparent de la Sib\u00e9rie, du Caucase, du Turkestan, de la Perse, de l\u2019Afghanistan et du Tibet. A la suite d\u2019un accord entre Anglais et Russes, l\u2019Afghanistan devient un \u00e9tat tampon en 1895.<\/p>\n<ul>\n<li><strong><u>L\u2019ASIE DU SUD EST<\/u><\/strong><\/li>\n<\/ul>\n<p>Deux \u00e9tats imp\u00e9rialistes \u00e9taient pr\u00e9sents en Asie sud-est : la France et l\u2019Angleterre. La conqu\u00eate fran\u00e7aise avait commenc\u00e9 en 1861 par l\u2019occupation de Saigon et elle s\u2019est poursuivie en Cochinchine, au Cambodge. A partie de 1896, le gouvernement fran\u00e7ais imposa le protectorat \u00e0 l\u2019Annam, au Tonkin et au Laos. A la m\u00eame p\u00e9riode, la conf\u00e9d\u00e9ration indochinoise a \u00e9t\u00e9 constitu\u00e9e, regroupant une colonie, la Cochinchine, et quatre protectorats : le Laos, l\u2019Annam, le Tonkin et le Cambodge. Pour arr\u00eater l\u2019expansion fran\u00e7aise, l\u2019Angleterre occupa la haute Birmanie. Renonc\u00e8rent \u00e0 la conqu\u00eate du Siam qui devint un \u00e9tat tampon ou les deux puissances avaient cr\u00e9e des zones d\u2019influence en 1904.<\/p>\n<ul>\n<li><strong><u>LA CHINE <\/u><\/strong><\/li>\n<\/ul>\n<p>Elle \u00e9tait rest\u00e9e longtemps isol\u00e9e du reste du monde. Au 19 si\u00e8cle, c\u2019\u00e9tait un empire f\u00e9odal, marqu\u00e9 par une grande faiblesse politique et militaire ; c\u2019\u00e9tait aussi un pays envahi par la conqu\u00eate. Mais \u00e0 la fin du 19 si\u00e8cle et au d\u00e9but du 20 si\u00e8cle, un r\u00e9veil des populations suscita des r\u00e9sistances.<\/p>\n<ul>\n<li><strong><u>L\u2019IMPERIALISME DE L\u2019EUROPE EN ASIE.<\/u><\/strong><\/li>\n<li><strong><u>La faiblesse politique de l\u2019Asie<\/u><\/strong><\/li>\n<\/ul>\n<p>La dynastie r\u00e9gnant \u00e9tait une dynastie \u00e9trang\u00e8re mandchoue. Cela avait provoqu\u00e9 un m\u00e9contentement de la population autochtone tr\u00e8s nombreux (400 000 000 vert 1840). Ainsi&#8230;.<\/p>\n<p>Pour obtenir l&rsquo;expos\u00e9 complet contactez le +226 56196345 (WhatsApp).<\/p>\n","protected":false},"featured_media":831,"template":"","meta":{"jetpack_publicize_message":"","jetpack_publicize_feature_enabled":true,"jetpack_social_post_already_shared":false,"jetpack_social_options":{"image_generator_settings":{"template":"highway","default_image_id":0,"font":"","enabled":false},"version":2}},"product_brand":[],"product_cat":[549,811,608],"product_tag":[1052,695],"class_list":{"0":"post-2847","1":"product","2":"type-product","3":"status-publish","4":"has-post-thumbnail","6":"product_cat-geographie","7":"product_cat-geopolitique","8":"product_cat-histoire","9":"product_tag-asie","10":"product_tag-imperialisme","12":"first","13":"instock","14":"downloadable","15":"virtual","16":"sold-individually","17":"purchasable","18":"product-type-simple"},"aioseo_notices":[],"jetpack_publicize_connections":[],"jetpack-related-posts":[],"jetpack_sharing_enabled":true,"_links":{"self":[{"href":"https:\/\/karandoogo.com\/index.php\/wp-json\/wp\/v2\/product\/2847","targetHints":{"allow":["GET"]}}],"collection":[{"href":"https:\/\/karandoogo.com\/index.php\/wp-json\/wp\/v2\/product"}],"about":[{"href":"https:\/\/karandoogo.com\/index.php\/wp-json\/wp\/v2\/types\/product"}],"wp:featuredmedia":[{"embeddable":true,"href":"https:\/\/karandoogo.com\/index.php\/wp-json\/wp\/v2\/media\/831"}],"wp:attachment":[{"href":"https:\/\/karandoogo.com\/index.php\/wp-json\/wp\/v2\/media?parent=2847"}],"wp:term":[{"taxonomy":"product_brand","embeddable":true,"href":"https:\/\/karandoogo.com\/index.php\/wp-json\/wp\/v2\/product_brand?post=2847"},{"taxonomy":"product_cat","embeddable":true,"href":"https:\/\/karandoogo.com\/index.php\/wp-json\/wp\/v2\/product_cat?post=2847"},{"taxonomy":"product_tag","embeddable":true,"href":"https:\/\/karandoogo.com\/index.php\/wp-json\/wp\/v2\/product_tag?post=2847"}],"curies":[{"name":"wp","href":"https:\/\/api.w.org\/{rel}","templated":true}]}}