{"id":2967,"date":"2020-11-27T23:27:07","date_gmt":"2020-11-27T23:27:07","guid":{"rendered":"https:\/\/karandoogo.com\/?post_type=product&#038;p=2967"},"modified":"2025-10-19T14:40:10","modified_gmt":"2025-10-19T14:40:10","slug":"abonnement-pack-bronze","status":"publish","type":"product","link":"https:\/\/karandoogo.com\/index.php\/produit\/abonnement-pack-bronze\/","title":{"rendered":"Abonnement Pack de Bronze"},"content":{"rendered":"","protected":false},"excerpt":{"rendered":"<p><b>En s&rsquo;inscrivant \u00e0 cette offre, cela donne au groupe d&rsquo;\u00e9l\u00e8ve ou d&rsquo;\u00e9tudiant, le droit \u00e0 cinq (05) expos\u00e9s de son choix dans chaque mati\u00e8re soit :<\/b><\/p>\n<ul>\n<li>Un expos\u00e9 complet en Fran\u00e7ais;<\/li>\n<li>Un expos\u00e9 complet en philosophie;<\/li>\n<li>Un expos\u00e9 complet en Histoire G\u00e9ographie ou g\u00e9ologie;<\/li>\n<li>Un expos\u00e9 complet en SVT;<\/li>\n<li>Un expos\u00e9 complet en EPS.<\/li>\n<\/ul>\n<p><strong>Soit 5 expos\u00e9s au prix total de 10 000 FCFA (15,38\u20ac) au lieu de 13 000 FCFA (20\u20ac) , valable 1 an.\u00a0<\/strong><\/p>\n<p>Abonnez vous maintenant pour t\u00e9l\u00e9charger les documents.<\/p>\n","protected":false},"featured_media":2979,"template":"","meta":{"jetpack_publicize_message":"","jetpack_publicize_feature_enabled":true,"jetpack_social_post_already_shared":false,"jetpack_social_options":{"image_generator_settings":{"template":"highway","default_image_id":0,"font":"","enabled":false},"version":2}},"product_brand":[],"product_cat":[1055],"product_tag":[1056,1057],"class_list":{"0":"post-2967","1":"product","2":"type-product","3":"status-publish","4":"has-post-thumbnail","6":"product_cat-abonnement","7":"product_tag-documents-de-recherches","8":"product_tag-travaux-scolaires-et-estudiantins","10":"first","11":"instock","12":"sale","13":"virtual","14":"sold-individually","15":"purchasable","16":"product-type-simple"},"aioseo_notices":[],"jetpack_publicize_connections":[],"jetpack-related-posts":[],"jetpack_sharing_enabled":true,"_links":{"self":[{"href":"https:\/\/karandoogo.com\/index.php\/wp-json\/wp\/v2\/product\/2967","targetHints":{"allow":["GET"]}}],"collection":[{"href":"https:\/\/karandoogo.com\/index.php\/wp-json\/wp\/v2\/product"}],"about":[{"href":"https:\/\/karandoogo.com\/index.php\/wp-json\/wp\/v2\/types\/product"}],"wp:featuredmedia":[{"embeddable":true,"href":"https:\/\/karandoogo.com\/index.php\/wp-json\/wp\/v2\/media\/2979"}],"wp:attachment":[{"href":"https:\/\/karandoogo.com\/index.php\/wp-json\/wp\/v2\/media?parent=2967"}],"wp:term":[{"taxonomy":"product_brand","embeddable":true,"href":"https:\/\/karandoogo.com\/index.php\/wp-json\/wp\/v2\/product_brand?post=2967"},{"taxonomy":"product_cat","embeddable":true,"href":"https:\/\/karandoogo.com\/index.php\/wp-json\/wp\/v2\/product_cat?post=2967"},{"taxonomy":"product_tag","embeddable":true,"href":"https:\/\/karandoogo.com\/index.php\/wp-json\/wp\/v2\/product_tag?post=2967"}],"curies":[{"name":"wp","href":"https:\/\/api.w.org\/{rel}","templated":true}]}}