{"id":3462,"date":"2023-01-26T21:08:37","date_gmt":"2023-01-26T21:08:37","guid":{"rendered":"https:\/\/karandoogo.com\/?post_type=product&#038;p=3462"},"modified":"2025-10-19T13:39:09","modified_gmt":"2025-10-19T13:39:09","slug":"expose-tres-complet-sur-un-piege-sans-fin-dolympe-bhely-qhenum","status":"publish","type":"product","link":"https:\/\/karandoogo.com\/index.php\/produit\/expose-tres-complet-sur-un-piege-sans-fin-dolympe-bhely-qhenum\/","title":{"rendered":"Expos\u00e9 tr\u00e8s complet sur un pi\u00e8ge sans fin d&rsquo;Olympe BH\u00caLY-QHENUM"},"content":{"rendered":"","protected":false},"excerpt":{"rendered":"<p><strong><u>INTRODUCTION<\/u><\/strong><\/p>\n<ul>\n<li><strong><u>ETUDE DE L\u2019AUTEUR<\/u><\/strong><\/li>\n<li><strong><u>Biographie<\/u><\/strong><\/li>\n<li><strong><u>Bibliographie<\/u><\/strong><\/li>\n<li><strong><u>ETUDE DE L\u2019\u0152UVRE <\/u><\/strong><\/li>\n<li><strong><u>R\u00e9sum\u00e9 de l\u2019\u0153uvre<\/u><\/strong><\/li>\n<li><strong><u>\u00c9tude du para texte <\/u><\/strong><\/li>\n<li><strong><u>ETUDE THEMATIQUE DE L\u2019\u0152UVRE <\/u><\/strong><\/li>\n<li><strong><u>Th\u00e8mes principaux\u00a0:<\/u><\/strong><\/li>\n<li><strong><u>Th\u00e8mes secondaires\u00a0:<\/u><\/strong><\/li>\n<li><strong><u>ETUDE DES PERSONNAGES\u00a0DE L\u2019\u0152UVRE :<\/u><\/strong><\/li>\n<li><strong><u>Personnages secondaires<\/u><\/strong><\/li>\n<li><strong><u>PORTEE DE L\u2019\u0152UVRE<\/u><\/strong><\/li>\n<\/ul>\n<p><strong><u>Quelques citations<\/u><\/strong><\/p>\n<p><strong><u>CONCLUSION<\/u><\/strong><\/p>\n<p><strong><u>\u00a0<\/u><\/strong><\/p>\n<p><strong><u>INTRODUCTION<\/u><\/strong><\/p>\n<p>L&rsquo;image de l&rsquo;Afrique noire \u00e9merge dans la conscience \u00e0 partir du 1750 gr\u00e2ce aux t\u00e9moignages de nombreux \u00e9crivains philosophes et voyageurs. N\u00e9anmoins, la connaissance du monde noir reste rudimentaire, superficielle, fictive voire fragmentaire et cela pour deux raisons. D\u2019une part peu d&rsquo;explorateurs ont p\u00e9n\u00e9tr\u00e9 l&rsquo;int\u00e9rieur du continent ; d\u2019autre part l&rsquo;africain lui-m\u00eame reste absent parce que le privil\u00e8ge de prendre la parole lui \u00e9tait refus\u00e9. Pour les uns, c&rsquo;est un continent maudit un rep\u00e8re de d\u00e9mons de sorciers et d&rsquo;animaux f\u00e9roces. Pour les autres, l\u2019Afrique est un lieu paradisiaque. Mais de nombreux intellectuels africains vont contribuer \u00e0 modifier cette perception fallacieuse et n\u00e9gative que l&rsquo;occident avait du continent africain. Parmi ces derniers, nous avons Olympe BH\u00caLY-QHENUM, qui par sa premi\u00e8re publication, l\u2019ouvrage Un pi\u00e8ge sans fin, critique les deux mondes en pr\u00e9sence, et nous donne un aper\u00e7u de ce que repr\u00e9sente r\u00e9ellement la vie. L\u2019\u0153uvre Un pi\u00e8ge sans fin d\u2019Olympe Bh\u00ealy QUENUM est un roman classique de forme qui apparut au moment o\u00f9 l\u2019Afrique obtenait son ind\u00e9pendance. S\u2019il est une \u0153uvre qui ait v\u00e9ritablement r\u00e9v\u00e9l\u00e9 au peuple b\u00e9ninois et au monde entier, Olympe BHELY-QUENUM, son g\u00e9nie et ses talents, c\u2019est incontestablement son roman intitul\u00e9 \u00ab Un pi\u00e8ge sans fin \u00bb. Cette \u0153uvre ins\u00e9r\u00e9e dans le programme scolaire du cours de Fran\u00e7ais dans les classes de Premi\u00e8re au B\u00e9nin est l\u2019un des classiques qui n\u2019ont manqu\u00e9 d\u2019impacter le style d\u2019\u00e9criture \u00e9ditions Pr\u00e9sence Africaine, Paris en 1985 comptant 284 pages.<\/p>\n<ul>\n<li><strong><u>ETUDE DE L\u2019AUTEUR<\/u><\/strong><\/li>\n<li><strong><u>Biographie<\/u><\/strong><\/li>\n<\/ul>\n<p>&nbsp;<\/p>\n<p>Il est d\u2019une m\u00e8re P\u00e9dah, grande pr\u00eatresse du vodoun et d\u2019un p\u00e8re fon, instituteur de son \u00e9tat, OLYMPE BHELY QUENUM est n\u00e9 le 20 Septembre 1928 \u00e0 Ouidah, ville historique, creuset du vodoun au Benin. Il a fait ses \u00e9tudes primaires dans une \u00e9cole catholique. Il a en 1944 le CEPE, en 1951 le BEPC. Ses voyages \u00e0 travers l\u2019Afrique lui permettent de connaitre le Ghana O\u00f9 il apprend l\u2019anglais \u00e0 Achimota Grammar School of Gold Cost \u00e0 Accra. Il peut alors travailler dans une firme commerciale anglaise. Il arrive en France en 1948 et \u00e0 Bordeaux, Caen et Paris. Ayant repris ses \u00e9tudes, il obtient le baccalaur\u00e9at en 1952 et s\u2019engage dans l\u2019enseignement, de 1958 \u00e0 1981. Licenci\u00e9 en lettre classique et titulaire d\u2019une maitrise en sociologie, il est aussi certifi\u00e9 en \u00e9tude diplomatique (Institution des Hautes Etudes d\u2019Outre-mer). Par ailleurs, il a \u00e9tudi\u00e9 la psychologie sociale et l\u2019administration en gestion des entreprises. Il a \u00e9t\u00e9 aussi directeur r\u00e9dacteur de \u00ab \u00abla vie africaine \u00bb et a fond\u00e9 avec son \u00e9pouse \u00ab l\u2019Afrique Actuelle \u00bb, un magazine bilingue. Il collabore \u00e0 de nombreuses revues. Nomm\u00e9 \u00e0 l\u2019UNESCO en 1968. Il est admis \u00e0 la retraite depuis 1989. Ancien fonctionnaire international : son actif, des missions dans tous les pays europ\u00e9ens. OLYMPE BHELY QUENUM est mari\u00e9 \u00e0 NORMANDE et est p\u00e8re de quatre enfants.<\/p>\n<ul>\n<li><strong><u>Bibliographie<\/u><\/strong><\/li>\n<\/ul>\n<p>Il est l\u2019auteur \u2018une abondante publication : L\u2019initi\u00e9 : roman, Pr\u00e9sence africaine, 1970, l\u2019Harmattan, Paris 1954. La naissance d\u2019Abikou : nouvelle, Pr\u00e9sence africaine, Paris 1965. Le chant du lac : roman, Pr\u00e9sence africaine, Paris 1965. Un enfant d\u2019Afrique : roman, Larousse, Paris 1970. C\u2019\u00e9tait \u00e0 Tigony : roman, Pr\u00e9sence africaine\/ Nouvelles Editions Ivoiriennes 2000. Les francs-ma\u00e7ons, \u00e9dition Wlogu\u00e8d\u00e8, 1997. Les Milles haches, nouvelles, Hatier, 1981. Liaison d\u2019un \u00e9t\u00e9 : recueil de huit nouvelles publi\u00e9es \u00e0 paris d\u2019abord dans \u00ab Bingo \u00bb en Avril 1961, puis \u00e9dit\u00e9 \u00e0 paris \u00e0 l\u2019\u00e9dition SAGAREP en 1968.<\/p>\n<ul>\n<li><strong><u>ETUDE DE L\u2019\u0152UVRE <\/u><\/strong><\/li>\n<li><strong><u>R\u00e9sum\u00e9 de l\u2019\u0153uvre<\/u><\/strong><\/li>\n<\/ul>\n<p>Ahouna, est un jeune peul, de famille modeste, de bonnes m\u0153urs. Tr\u00e8s t\u00f4t, il a connu des \u00e9v\u00e9nements marquants qui ont boulevers\u00e9 sa vie. Alors qu\u2019il vivait heureux avec sa famille, il devait se s\u00e9parer de son p\u00e8re qui, pour l\u2019honneur, s\u2019est donn\u00e9 la mort dans les champs de travaux forc\u00e9s. Tandis qu\u2019Ahouna partageait le quotidien avec sa m\u00e8re, il&#8230;.<\/p>\n<p>Pour obtenir l&rsquo;expos\u00e9 complet contactez le +226 56196345 (WhatsApp).<\/p>\n","protected":false},"featured_media":831,"template":"","meta":{"jetpack_publicize_message":"","jetpack_publicize_feature_enabled":true,"jetpack_social_post_already_shared":false,"jetpack_social_options":{"image_generator_settings":{"template":"highway","default_image_id":0,"font":"","enabled":false},"version":2}},"product_brand":[],"product_cat":[598,547],"product_tag":[553,599,1065],"class_list":{"0":"post-3462","1":"product","2":"type-product","3":"status-publish","4":"has-post-thumbnail","6":"product_cat-litterature","7":"product_cat-litterature-africaine","8":"product_tag-auteur-africain","9":"product_tag-francais","10":"product_tag-un-piege-sans-fin","12":"first","13":"instock","14":"downloadable","15":"virtual","16":"sold-individually","17":"purchasable","18":"product-type-simple"},"aioseo_notices":[],"jetpack_publicize_connections":[],"jetpack-related-posts":[],"jetpack_sharing_enabled":true,"_links":{"self":[{"href":"https:\/\/karandoogo.com\/index.php\/wp-json\/wp\/v2\/product\/3462","targetHints":{"allow":["GET"]}}],"collection":[{"href":"https:\/\/karandoogo.com\/index.php\/wp-json\/wp\/v2\/product"}],"about":[{"href":"https:\/\/karandoogo.com\/index.php\/wp-json\/wp\/v2\/types\/product"}],"wp:featuredmedia":[{"embeddable":true,"href":"https:\/\/karandoogo.com\/index.php\/wp-json\/wp\/v2\/media\/831"}],"wp:attachment":[{"href":"https:\/\/karandoogo.com\/index.php\/wp-json\/wp\/v2\/media?parent=3462"}],"wp:term":[{"taxonomy":"product_brand","embeddable":true,"href":"https:\/\/karandoogo.com\/index.php\/wp-json\/wp\/v2\/product_brand?post=3462"},{"taxonomy":"product_cat","embeddable":true,"href":"https:\/\/karandoogo.com\/index.php\/wp-json\/wp\/v2\/product_cat?post=3462"},{"taxonomy":"product_tag","embeddable":true,"href":"https:\/\/karandoogo.com\/index.php\/wp-json\/wp\/v2\/product_tag?post=3462"}],"curies":[{"name":"wp","href":"https:\/\/api.w.org\/{rel}","templated":true}]}}