{"id":6040,"date":"2023-07-05T13:17:18","date_gmt":"2023-07-05T13:17:18","guid":{"rendered":"https:\/\/karandoogo.com\/?post_type=product&#038;p=6040"},"modified":"2025-10-19T13:36:25","modified_gmt":"2025-10-19T13:36:25","slug":"expose-complet-en-anglais-sur-le-terrorisme-causes-consequences-solutions-ak","status":"publish","type":"product","link":"https:\/\/karandoogo.com\/index.php\/produit\/expose-complet-en-anglais-sur-le-terrorisme-causes-consequences-solutions-ak\/","title":{"rendered":"Expos\u00e9 complet en anglais sur le terrorisme (causes, cons\u00e9quences, solutions) &#8211; AK"},"content":{"rendered":"","protected":false},"excerpt":{"rendered":"<p><strong>NB:<\/strong> Les documents mis \u00e0 disposition sur ce site sont des documents \u00e0 exploiter, autrement dit des compl\u00e9ments pour parfaire votre travail. Ils ne sont pas faits pour \u00eatre pr\u00e9sent\u00e9s \u00e0 l\u2019\u00e9tat.<\/p>\n<p><strong><u>WORK PLAN<\/u><\/strong><\/p>\n<p><strong>INTRODUCTION<\/strong><\/p>\n<p><strong>I-GENESE AND DEFINITION OF TERRORISM<\/strong><\/p>\n<p><strong>1-GENESE OF TERRORISM<\/strong><\/p>\n<p><strong>2-DEFINITION OF THIS EXPRESSION<\/strong><\/p>\n<p><strong>II-THE CAUSES OF TERRORISM IN BURKINA FASO AND ELSEWHERE<\/strong><\/p>\n<p><strong>III-THE CONSEQUENCES OF TERRORISM IN BURKINA FASO AND THE INTERNATIONAL<\/strong><\/p>\n<p><strong>IV-THE SOLUTIONS TO FIGHT AGAINST \u00a0\u00a0TERRORISM HERE AND ELSEWHERE<\/strong><\/p>\n<p><strong>\u00a0<\/strong><\/p>\n<p><strong>CONCLUSION<\/strong><\/p>\n<p><strong><u>\u00a0<\/u><\/strong><\/p>\n<p><strong><u>\u00a0<\/u><\/strong><\/p>\n<p><strong><u>\u00a0<\/u><\/strong><\/p>\n<p><strong><u>\u00a0<\/u><\/strong><\/p>\n<p><strong><u>\u00a0<\/u><\/strong><\/p>\n<p><strong><u>\u00a0<\/u><\/strong><\/p>\n<p><strong><u>INTRODUCTION<\/u><\/strong><\/p>\n<p>Attacks in London on july,2005 committed by British Islamist terrorists and Pakistan, Egyptian and Syrian nationals causing 56deaths and 700inhuries.Charmel-Sheick attacks of July 23,2005, in Egypt, claimed successively by the <strong>Al-Qaeda<\/strong> <strong>group,<\/strong> causing 88deaths and more than 200injuries. \u00a0The terrorist attack of September 11,2001, against <strong>the world trade center<\/strong> was deadliest causing <strong>2977deaths<\/strong> this day becomes a memorable day in the world. These are examples among many others. Since these atrocities, terrorism has become a more crucial phenomenon and worries all the countries of the world.it paralyzes international relations and undermines countries development. It is almost in the countries of the world and especially seems to be increased in the African countries, particularly in the sudano- sahelien strip.<\/p>\n<p>This thematic seems complex enough to address its different facets in the world. But for a good analysis of this subject, we are mainly interested in this phenomenon which has been the daily life of Burkinabe people, since 2015.So what is it? what are its causes? Who finances terrorism? what are these impacts here and elsewhere? what solutions are proposed to annihilate this phenomenon?<\/p>\n<p>&nbsp;<\/p>\n<p><strong>I-GENES AND DEFINITION OF TERRORISM<\/strong><\/p>\n<p><strong>1-GENES OF TERRORISM<\/strong><\/p>\n<p>According to <strong>Fran\u00e7ois-Bernard Huyghe<\/strong> ,attack on the rue Saint-Nicaise in <strong>1800,<\/strong>the infernal machine on the boulevard of temple in <strong>1835<\/strong>,the carbonari plots\u2019 \u2018still remain in the tradition of tyrannicide\u2019\u2019 ;terrorism in the modern media .Terrorism in the modern sense is born with the modern medias .This ,in its modern form ,spread to middle East with the assassination of shah Nasir al-Dinin <strong>1896<\/strong>,whose moral responsibility is often attributed ,rightly or wrongly ,to Djemal ad-Din al Afghani .<strong>Philosopher<\/strong> <strong>Phillippe-Joseph Salazar <\/strong>traces the concept of terrorism back to justerrendi\u2019\u2019, a notion found in the Roman Jurister Pomponius and in The Digests of Eastern Roman Emperor Justinian .The justerendi is the right to inspire in the criminal a \u2018\u2019 healthy terror\u2019 \u2019,in order to keep it within the respect of the law .The threat of execution comes under it ,for example .But the Romans also envisage another meaning :according to them, the use of terror makes it possible to drive out of the territory all those who would like to break the laws.in short ,jus terrendi has an ethical dimension-terror as dissuasive ,but also effect when it\u2019s a question of imposing its sovereignty.<\/p>\n<p>&nbsp;<\/p>\n<p><strong>2-DEFINITION OF THIS EXPRESSION<\/strong><\/p>\n<p>The term \u2018\u2019terrorism is today very frequently used in international law and by international institutions ,but it does not gives rise to a single and universal definition.in fact <strong>philosopher<\/strong> <strong>Jacque Derrirat<\/strong> say :according legal forms of terrorism ,what do we find there? the reference to a crime against human life in violation of laws(national or international) involving both the distinction between civilian and military(victims of terrorism are assumed to be civil and political purpose(to influence or change the policy of a country by terrorizing its civilian population)\u2019\u2019within the framework of a conventional war ,there is indeed a precise legal framework ,the law of war .acts violating the laws of war are qualified as war crimes .The notions of terrorism and terrorist act therefore serve to qualify acts in outside the well -defined framework of conventional warfare and the law of war.<\/p>\n<p>The UN Secretary General Assembly regards terrorism as follows: \u2018\u2019the criminal acts which, for political purposes, are designed or calculated to cause terror in the public, a group of persons or in individuals are unjustifiable in all circumstances and whatever the reasons of a political, philosophical, ideological, racial, ethnic, religious or other nature that can be invoked to justify them\u2019\u2019114.The definition of terrorism covers in the broadest sense, the use of intentional violence to achieve ideological goals, whether political or religious.<\/p>\n<p>&nbsp;<\/p>\n<p><strong>II-THE CAUSES OF TERRORISM IN BURKINA FASO AND ELSEWHERE<\/strong><\/p>\n<p><strong>\u00a0<\/strong><\/p>\n<p>Despite the death of <strong>Ben Laden,<\/strong> a terrorist Leader in 2011, terrorism remains a global scourge and concerns the whole world. Region especially in Burkina Faso, Mali, Niger, Tchad, Nigeria etc. we are have become like favorite domain of the latter causing enormous damage of several natures. what then are the causes of this phenomenon in Burkina Faso and elsewhere? The causes of terrorism can be among others:<\/p>\n<p>First, we have&#8230;<\/p>\n<p>Pour obtenir l&rsquo;expos\u00e9 complet contactez le +226 56196345 (WhatsApp)<\/p>\n","protected":false},"featured_media":831,"template":"","meta":{"jetpack_publicize_message":"","jetpack_publicize_feature_enabled":true,"jetpack_social_post_already_shared":false,"jetpack_social_options":{"image_generator_settings":{"template":"highway","default_image_id":0,"font":"","enabled":false},"version":2}},"product_brand":[],"product_cat":[544,811,546],"product_tag":[1106,803,723,724,1107],"class_list":{"0":"post-6040","1":"product","2":"type-product","3":"status-publish","4":"has-post-thumbnail","6":"product_cat-exposes","7":"product_cat-geopolitique","8":"product_cat-societe","9":"product_tag-anglais","10":"product_tag-causes","11":"product_tag-consequences","12":"product_tag-solutions","13":"product_tag-terrorisme","15":"first","16":"instock","17":"downloadable","18":"virtual","19":"sold-individually","20":"purchasable","21":"product-type-simple"},"aioseo_notices":[],"jetpack_publicize_connections":[],"jetpack-related-posts":[],"jetpack_sharing_enabled":true,"_links":{"self":[{"href":"https:\/\/karandoogo.com\/index.php\/wp-json\/wp\/v2\/product\/6040","targetHints":{"allow":["GET"]}}],"collection":[{"href":"https:\/\/karandoogo.com\/index.php\/wp-json\/wp\/v2\/product"}],"about":[{"href":"https:\/\/karandoogo.com\/index.php\/wp-json\/wp\/v2\/types\/product"}],"wp:featuredmedia":[{"embeddable":true,"href":"https:\/\/karandoogo.com\/index.php\/wp-json\/wp\/v2\/media\/831"}],"wp:attachment":[{"href":"https:\/\/karandoogo.com\/index.php\/wp-json\/wp\/v2\/media?parent=6040"}],"wp:term":[{"taxonomy":"product_brand","embeddable":true,"href":"https:\/\/karandoogo.com\/index.php\/wp-json\/wp\/v2\/product_brand?post=6040"},{"taxonomy":"product_cat","embeddable":true,"href":"https:\/\/karandoogo.com\/index.php\/wp-json\/wp\/v2\/product_cat?post=6040"},{"taxonomy":"product_tag","embeddable":true,"href":"https:\/\/karandoogo.com\/index.php\/wp-json\/wp\/v2\/product_tag?post=6040"}],"curies":[{"name":"wp","href":"https:\/\/api.w.org\/{rel}","templated":true}]}}