{"id":6106,"date":"2023-07-10T17:26:19","date_gmt":"2023-07-10T17:26:19","guid":{"rendered":"https:\/\/karandoogo.com\/?post_type=product&#038;p=6106"},"modified":"2025-10-19T13:35:20","modified_gmt":"2025-10-19T13:35:20","slug":"expose-complet-de-philosophie-sur-le-sophisme-ak","status":"publish","type":"product","link":"https:\/\/karandoogo.com\/index.php\/produit\/expose-complet-de-philosophie-sur-le-sophisme-ak\/","title":{"rendered":"Expos\u00e9 complet de philosophie sur le sophisme &#8211; AK"},"content":{"rendered":"","protected":false},"excerpt":{"rendered":"<p><strong>NB:<\/strong> Les documents mis \u00e0 disposition sur ce site sont des documents \u00e0 exploiter, autrement dit des compl\u00e9ments pour parfaire votre travail. Ils ne sont pas faits pour \u00eatre pr\u00e9sent\u00e9s \u00e0 l\u2019\u00e9tat.<\/p>\n<p>&nbsp;<\/p>\n<p><strong><u>PLAN DE TRAVAIL<\/u><\/strong><\/p>\n<p><strong>Introduction<\/strong><\/p>\n<p><strong>I-Origine et d\u00e9finition du terme \u2018\u2019sophiste\u2019\u2019<\/strong><\/p>\n<p><strong>1-Origine du terme sophiste<\/strong><\/p>\n<p><strong>2-D\u00e9finition du mot <\/strong><\/p>\n<p><strong>II-Etude de quelques Sophistes et leurs doctrines<\/strong><\/p>\n<p><strong>1-Gorgias de Leontinoi<\/strong><\/p>\n<p><strong>2-Protagoras<\/strong><\/p>\n<p><strong>III- Conception de la philosophie sophiste par les socratiques<\/strong><\/p>\n<p><strong>1-Les sophistes selon Socrate<\/strong><\/p>\n<p><strong>2-Les sophistes selon Platon<\/strong><\/p>\n<p><strong>\u00a0<\/strong><\/p>\n<p><strong>Conclusion<\/strong><\/p>\n<p><strong>\u00a0<\/strong><\/p>\n<p><strong>\u00a0<\/strong><\/p>\n<p><strong>\u00a0<\/strong><\/p>\n<p><strong>Introduction<\/strong><\/p>\n<p>Les philosophes ou \u2018<strong>\u2019physio logues\u2019\u2019<\/strong> du <strong>VI\u00e8me si\u00e8cle<\/strong> et de la moiti\u00e9 du <strong>V\u00e8me si\u00e8cle<\/strong> avant notre \u00e8re, appel\u00e9s \u2018<strong>\u2019pr\u00e9socratiques\u2019\u2019<\/strong> ont ouvert, dans l\u2019histoire de la philosophie occidentale, une p\u00e9riode cr\u00e9ative \u00e0 laquelle succ\u00e8de une p\u00e9riode de r\u00e9flexion sceptique. C\u2019est avec <strong>les sophistes<\/strong> que s\u2019ouvre l\u2019\u00e2ge de la r\u00e9flexion critique, seconde \u00e9tape de l\u2019histoire de la philosophie occidentale. La philosophie occidentale connaitra un tournant d\u00e9cisif dans la philosophie du monde par l\u2019av\u00e8nement des sophistes.<\/p>\n<p>Pour mieux appr\u00e9hender cette question nous une analyserons dans les moindres d\u00e9tails en ce qui concerne <strong>les sophistes.<\/strong><\/p>\n<p><strong>I-Origine et d\u00e9finition du mot \u2018\u2019sophiste\u2019\u2019<\/strong><\/p>\n<p>Etymologiquement le terme <strong>sophisme <\/strong>d\u00e9rive du latin <em>Sophisma<\/em> ,lui-m\u00eame issu du grec(sophisma)\u00a0:\u00a0\u00ab\u00a0Habilet\u00e9\u00a0\u00bb,\u00a0\u00ab\u00a0invention\u00a0 ing\u00e9nieuse\u00a0\u00bb,\u00a0\u00ab\u00a0raisonnement trompeur\u00a0\u00bb.ce mot grec est form\u00e9 sur (Sophia)\u00a0:\u00a0\u00ab\u00a0Sagesse\u00a0\u00bb,\u00a0\u00ab\u00a0Savoir\u00a0\u00bbet d\u00e9signe des l\u2019antiquit\u00e9 grecque le type de discours prononc\u00e9s par les sophistes(litt\u00e9ralement\u00a0\u00ab\u00a0ceux qui sont sp\u00e9cialiste du savoir\u00a0\u00bb),orateurs prestigieux et professeurs d\u2019\u00e9loquence(ou plus globalement de rh\u00e9torique),dont le but \u00e9tait surtout de persuader l\u2019auditoire(dans les assembl\u00e9es ou tribunaux),bien souvent au m\u00e9pris de la v\u00e9rit\u00e9 elle-m\u00eame. Le terme nait dans le contexte du d\u00e9veloppement de l\u2019art oratoire en Gr\u00e8ce antique, notamment \u00e0 Ath\u00e8nes et dans les cit\u00e9s ioniennes. Au Ve si\u00e8cle av JC, on voit en effet se d\u00e9velopper une professionnalisation des carri\u00e8res politiques, dans le cadre de la naissance de L\u2019isonomie et de la d\u00e9mocratie .Dans ce mouvement, l\u2019utilisation des proc\u00e8s r\u00e9unissant des jurys populaires comme arme pour abattre des adversaires se r\u00e9pand .Une constellation de m\u00e9tier et de pratiquants du discours voit le jour\u00a0:le but de ces orateurs est d\u2019emporter l\u2019adh\u00e9sion du plus grand nombre pour la cause qu\u2019il servent ,qu\u2019il s\u2019agisse d\u2019un individu ou d\u2019un projet politique.<\/p>\n<p><strong>2-Definition du terme<\/strong><\/p>\n<p>Nous pouvons d\u00e9finir <strong>un sophiste<\/strong> comme celui qui pratique du <strong>sophisme,<\/strong> c\u2019est \u00e0 dire qui use d\u2019un raisonnement ou argument qui semble respecter rigoureusement les r\u00e8gles logiques, mais en r\u00e9alit\u00e9 qui est un faux raisonnement visant \u00e0 tromper intentionnellement un auditeur ou un interlocuteur Par exemple, de prendre l\u2019avantage sur lui dans une discussion, dans le cadre d\u2019un d\u00e9saccord de fond, d\u2019un d\u00e9bat entre deux th\u00e8se. Le sophisme est d\u2019une fa\u00e7on g\u00e9n\u00e9rale une technique de persuasion \u00e9labor\u00e9e \u00e0 partir d\u2019arguments fallacieux. Leur raisonnement porte en l\u2019apparence de la rigueur, voire de l\u2019\u00e9vidence au sens de la logique, quand bien m\u00eame sa conclusion serait pourtant vraie. A la diff\u00e9rence du paralogisme, erreur dans le raisonnement d\u2019un \u00e9metteur de bonne foi, ne cherchant pas \u00e0 tromper le r\u00e9cepteur, le sophisme est quant \u00e0 lui fallacieux. Parfois comme un syllogisme, le sophisme est en r\u00e9alit\u00e9 faux car incomplet ou ambigu. Cependant ils sont difficiles \u00e0 r\u00e9futer si l\u2019on ne maitrise pas la logique.<\/p>\n<p><strong><u>Exemple :<\/u><\/strong><\/p>\n<p>Les oiseaux mangent du riz<\/p>\n<p>Pourtant Ali mange du riz<\/p>\n<p>Donc Ali est un oiseau.<\/p>\n<p>La logique(forme) de l\u2019exemple est juste pourtant le fond s\u2019\u00e9carte de la verit\u00e9.de l\u00e0 les sophistes suit un raisonnement m\u00e9thodologique sans pour autant se pencher de la v\u00e9racit\u00e9, ce qui est contraire \u00e0 la philosophie qui, le but c\u2019est la recherche de la coh\u00e9rence et de la v\u00e9rit\u00e9.<\/p>\n<p><strong>II-Etude de quelques sophistes et leurs doctrines<\/strong><\/p>\n<p><strong>1-Gorgias de Leontinoi <\/strong><\/p>\n<p><strong>Gorgias de Leontinoi<\/strong> est un philosophe pr\u00e9socratique n\u00e9 \u00e0 Leontinoi en Sicile (vers 480 av. j-c) contemporain de Socrate, il apparait dans plusieurs \u0153uvres de Platon. Sophiste, il enseignait l\u2019art de persuader. Lucien de Samosate entre autres auteurs, dit qu\u2019il a v\u00e9cu 108.Platon, dont les \u00e9crits forment le noyau autour duquel la philosophie et son histoire se sont cristallis\u00e9es, a jet\u00e9 un tel discr\u00e9dit sur la pens\u00e9e de Gorgias, reliant&#8230;<\/p>\n<p>Pour obtenir l&rsquo;expos\u00e9 complet contactez le +226 56196345 (WhatsApp)<\/p>\n","protected":false},"featured_media":831,"template":"","meta":{"jetpack_publicize_message":"","jetpack_publicize_feature_enabled":true,"jetpack_social_post_already_shared":false,"jetpack_social_options":{"image_generator_settings":{"template":"highway","default_image_id":0,"font":"","enabled":false},"version":2}},"product_brand":[],"product_cat":[544,598,613],"product_tag":[631,1121],"class_list":{"0":"post-6106","1":"product","2":"type-product","3":"status-publish","4":"has-post-thumbnail","6":"product_cat-exposes","7":"product_cat-litterature","8":"product_cat-philosophie","9":"product_tag-philosophie","10":"product_tag-sophisme","12":"first","13":"instock","14":"downloadable","15":"virtual","16":"sold-individually","17":"purchasable","18":"product-type-simple"},"aioseo_notices":[],"jetpack_publicize_connections":[],"jetpack-related-posts":[],"jetpack_sharing_enabled":true,"_links":{"self":[{"href":"https:\/\/karandoogo.com\/index.php\/wp-json\/wp\/v2\/product\/6106","targetHints":{"allow":["GET"]}}],"collection":[{"href":"https:\/\/karandoogo.com\/index.php\/wp-json\/wp\/v2\/product"}],"about":[{"href":"https:\/\/karandoogo.com\/index.php\/wp-json\/wp\/v2\/types\/product"}],"wp:featuredmedia":[{"embeddable":true,"href":"https:\/\/karandoogo.com\/index.php\/wp-json\/wp\/v2\/media\/831"}],"wp:attachment":[{"href":"https:\/\/karandoogo.com\/index.php\/wp-json\/wp\/v2\/media?parent=6106"}],"wp:term":[{"taxonomy":"product_brand","embeddable":true,"href":"https:\/\/karandoogo.com\/index.php\/wp-json\/wp\/v2\/product_brand?post=6106"},{"taxonomy":"product_cat","embeddable":true,"href":"https:\/\/karandoogo.com\/index.php\/wp-json\/wp\/v2\/product_cat?post=6106"},{"taxonomy":"product_tag","embeddable":true,"href":"https:\/\/karandoogo.com\/index.php\/wp-json\/wp\/v2\/product_tag?post=6106"}],"curies":[{"name":"wp","href":"https:\/\/api.w.org\/{rel}","templated":true}]}}