{"id":6137,"date":"2023-07-11T15:07:47","date_gmt":"2023-07-11T15:07:47","guid":{"rendered":"https:\/\/karandoogo.com\/?post_type=product&#038;p=6137"},"modified":"2025-10-19T13:35:18","modified_gmt":"2025-10-19T13:35:18","slug":"expose-complet-sur-les-politiques-de-developpement-cas-du-burkina-ak","status":"publish","type":"product","link":"https:\/\/karandoogo.com\/index.php\/produit\/expose-complet-sur-les-politiques-de-developpement-cas-du-burkina-ak\/","title":{"rendered":"Expos\u00e9 complet sur les politiques de d\u00e9veloppement (cas du Burkina) &#8211; AK"},"content":{"rendered":"","protected":false},"excerpt":{"rendered":"<p><strong>NB<\/strong>: Les documents mis \u00e0 disposition sur ce site sont des documents \u00e0 exploiter, autrement dit des compl\u00e9ments pour parfaire votre travail. Ils ne sont pas faits pour \u00eatre pr\u00e9sent\u00e9s \u00e0 l\u2019\u00e9tat.<\/p>\n<p><strong><u>PLAN DE TRAVAIL<\/u><\/strong><\/p>\n<p><strong>\u00a0<\/strong><\/p>\n<p><strong>INTRODUCTION<\/strong><\/p>\n<p><strong>I-LES POLITIQUES LIBERALES ET NEOLIBERALES<\/strong><\/p>\n<p><strong>II-LES POLITIQUES SOCIALISTES<\/strong><\/p>\n<p><strong>III-LES POLITIQUES SECTORIELLES<\/strong><\/p>\n<p><strong>1-L\u2019agriculture<\/strong><\/p>\n<p><strong>2-L\u2019industrie<\/strong><\/p>\n<p><strong>V-LES POLITIQUES DE LUTTES CONTRE LA PAUVRETE<\/strong><\/p>\n<p><strong>CONCLUSION<\/strong><\/p>\n<p><strong>\u00a0<\/strong><\/p>\n<p><strong>BIBLIOGRAPHIE<\/strong><\/p>\n<p><strong>\u00a0<\/strong><\/p>\n<p><strong>INTRODUCTION<\/strong><\/p>\n<p>Avec la r\u00e9volution qui marque l\u2019av\u00e8nement d\u2019un processus continu d\u2019accroissement de l\u2019activit\u00e9 \u00e9conomique, l\u2019int\u00e9r\u00eat de certains penseurs s\u2019est port\u00e9 sur l\u2019\u00e9tude des concepts de d\u00e9veloppement. Naquit dans ce sens des politiques de d\u00e9veloppement qui se veut \u00e9conomique, en vue d\u2019am\u00e9liorer les conditions socio-\u00e9conomiques des pays du monde. N\u00e9anmoins les politiques de d\u00e9veloppement s\u2019investissent dans le m\u00eame champs d\u2019investigation afin de r\u00e9soudre le ch\u00f4mage, la pauvret\u00e9 et surtout dans le but de relancer l\u2019\u00e9conomie mondiale. Nul sans doute, c\u2019est dans ce contexte que nous avons dans notre champ de r\u00e9flexion d\u2019\u00e9tudier les diff\u00e9rentes politiques de d\u00e9veloppement. Quelles sont ces politiques ? quelles sont leurs caract\u00e9ristiques\u00a0? quelles politiques mettre en place pour lutter efficacement contre la pauvret\u00e9\u00a0?<\/p>\n<p>Pour mener \u00e0 bien notre r\u00e9flexion, nous donnerons des r\u00e9ponses \u00e0 cette th\u00e9matique.<\/p>\n<p><strong>I-LES POLITIQUES LIBERALES ET NEOLIBERALES<\/strong><\/p>\n<p>Historiquement, le lib\u00e9ralisme est une doctrine politique, apparue au XIXe si\u00e8cle, qui r\u00e9clamait la libert\u00e9 politique, \u00e9conomique, etc., dans l\u2019esprit des principes de 1789.John Lock qui a fait de l\u2019individu et de ses droits inali\u00e9nable (libert\u00e9, propri\u00e9t\u00e9) le centre et l\u2019origine des relations sociales, en fut l\u2019un des pr\u00e9curseurs.<\/p>\n<p>En mati\u00e8re \u00e9conomique, le lib\u00e9ralisme s\u2019applique \u00e0 la sph\u00e8re \u00e9conomique. Cette \u00e9cole de pens\u00e9e est associ\u00e9e au si\u00e8cle des lumi\u00e8res et estime que les libert\u00e9 \u00e9conomiques (libre \u2013\u00e9change, libert\u00e9 d\u2019entreprendre, libre choix de consommation, de travail, etc.) sont n\u00e9cessaires au bon fonctionnement de l\u2019\u00e9conomie et surtout que l\u2019intervention de l\u2019Etat doit y \u00eatre aussi limit\u00e9e que possible. Le lib\u00e9ralisme \u00e9conomique a connu deux phases .Pour les lib\u00e9raux classiques(John Lock, Anne Robert ,Jacques Turgot ,Adam Smith, etc.),cette doctrine est l\u2019application au domaine \u00e9conomique des principes du lib\u00e9ralisme que sont\u00a0:la libert\u00e9, la responsabilit\u00e9, la propri\u00e9t\u00e9 ,etc. .Ils contestent \u00e0 la fois la l\u00e9gitimit\u00e9 et l\u2019efficacit\u00e9 de l\u2019action \u00e9tendue de l\u2019\u00e9tat ,et selon les doctrines demande la limitation plus ou moins grande voire totale de ses actions dans le champ de l\u2019\u00e9conomie .Ils pr\u00e9tendent que le pouvoir publique n\u2019a ni la l\u00e9gitimit\u00e9 ,ni l\u2019information n\u00e9cessaire pour pr\u00e9tendre savoir mieux que les consommateurs ce qu\u2019ils peuvent ou doivent consommer ou pour pr\u00e9tendre savoir mieux que les producteurs ce qu\u2019ils peuvent ou doivent produire.<\/p>\n<p>Pour les autres, le lib\u00e9ralisme \u00e9conomique rel\u00e8ve d\u2019un raisonnement de nature \u00e9conomique qui repose sur le plus souvent sur la th\u00e9orie de l\u2019\u00e9quilibre g\u00e9n\u00e9ral et qui est souvent appel\u00e9 \u00ab\u00a0lib\u00e9ralisme n\u00e9oclassique\u00a0\u00bb.Il conteste l\u2019efficacit\u00e9 des actions de l\u2019\u00e9tat .De ce fait le principe fondamental du lib\u00e9ralisme \u00e9conomique\u00a0 est qu\u2019il existe un ordre naturel qui tend \u00e0 conduire le syst\u00e8me \u00e9conomique vers l\u2019\u00e9quilibre .La loi de l\u2019offre et de la demande, par exemple, conduit l\u2019\u00e9quilibre entre la production et la consommation sous r\u00e9serve de libert\u00e9 des march\u00e9s et de libre concurrence, seules cens\u00e9es garantir l\u2019ajustement optimum des ressources disponible(offre) a la demande .S\u2019ils peuvent agir librement ,l\u2019homme en tant que premier agent \u00e9conomique peut atteindre cet ordre naturel. Par cons\u00e9quent il s\u2019oppose au contr\u00f4le par l\u2019Etat des moyens de production et l\u2019intervention de celui-ci dans l\u2019\u00e9conomie (oppos\u00e9 au \u00e9tatisme, dirigisme, socialisme, communisme)<\/p>\n<p>Le terme de n\u00e9olib\u00e9ralisme d\u00e9signe un ensemble d\u2019analyse \u00e9conomique ou suppos\u00e9es telles qui partagent un socle\u00a0: .la signification du mot\u00a0\u00ab\u00a0n\u00e9olib\u00e9ralisme\u00a0\u00bb a beaucoup vari\u00e9 au cours du temps. En effet,\u00a0\u00ab\u00a0n\u00e9o\u00a0\u00bb signifiant nouveau, il est alors compr\u00e9hensible pour un contemporain de qualifier de \u00ab\u00a0nouveau\u00a0\u00bb l\u2019\u00e9mergence d\u2019une nouvelle pens\u00e9e lib\u00e9rale. L\u2019objectif des politiques n\u00e9olib\u00e9rales est de cr\u00e9er un environnement propice \u00e0 l\u2019afflux des mouvements de capitaux, source d\u2019\u00e9pargne disponible pour l\u2019investissement .Les facteurs susceptibles de cr\u00e9er un tel environnement sont pr\u00e9sent\u00e9s comme suit\u00a0:r\u00e9duction du poids de l\u2019Etat pour faire baisser les imp\u00f4ts ,contr\u00f4le strict de l\u2019\u00e9volution de la masse mon\u00e9taire pour pr\u00e9venir les anticipations inflationnistes, la privatisation des monopoles publics pour asseoir des structures de droits de propri\u00e9t\u00e9s capitalistes sur les march\u00e9s rendus concurrentiels ,l\u2019abaissement du cout du travail pour r\u00e9duire le ch\u00f4mage structurel.<\/p>\n<p><strong>II-LES POLITIQUES SOCIALISTES<\/strong><\/p>\n<p>Historiquement, le Socialisme, comme doctrine et id\u00e9ologie s\u2019est d\u00e9velopp\u00e9 au cours de la moiti\u00e9 du XIXe si\u00e8cle. D\u00e8s ce moment, le terme \u00ab\u00a0socialisme\u00a0\u00bb se veut une opposition au lib\u00e9ralisme ax\u00e9 sur les libert\u00e9s individuelles et en particulier celles li\u00e9es \u00e0 la propri\u00e9t\u00e9\u00a0; on oppose alors le social \u00e0 l\u2019individu. Les premiers socialistes furent pierre joseph Proudhon, Saint-Simon et Charles Fourier qui stipule le contr\u00f4le de l\u2019Etat sur tout et o\u00f9 il est souverain (c\u2019est le parti unique). Le socialisme dans la tradition marxiste constitue une phase transitoire vers le communisme. Dans le socialisme, la propri\u00e9t\u00e9 publique est assum\u00e9e par l\u2019Etat.<\/p>\n<p>L\u2019\u00e9conomie socialiste se caract\u00e9rise fondamentalement par la propri\u00e9t\u00e9 collective des moyens de production, ce qui peut designer aussi bien les coop\u00e9ratives autonomes que la propri\u00e9t\u00e9 publique\u00a0; ce qui implique un autre mode de production. L\u2019orsque les march\u00e9s sont utilis\u00e9s pour allouer les intrants et les biens entre les unit\u00e9s \u00e9conomiques, la d\u00e9signation \u00e9conomie socialiste est utilis\u00e9. Lorsque la planification est utilis\u00e9 le syst\u00e8me \u00e9conomique est d\u00e9sign\u00e9 comme une \u00e9conomie socialiste planifi\u00e9. Les courants socialistes oppos\u00e9es \u00e0 l\u2019\u00e9conomie de march\u00e9 se basent sur un calcul de la production ou une mesure directe du temps de travail. Par cons\u00e9quent une \u00e9conomie socialiste est un syst\u00e8me de production ou les biens et services sont produits directement pour l\u2019utilisation, contrairement \u00e0 un syst\u00e8me \u00e9conomique capitaliste ou les biens et services sont produits pour g\u00e9n\u00e9rer des profits.<\/p>\n<p><strong>III-LES POLITIQUES SECTORIELLES<\/strong><\/p>\n<p>Dans un sens bien pr\u00e9cis, nous ne serons a m\u00eame de parcourir toutes les politiques sectorielles dans ce contexte pr\u00e9cis. N\u00e9anmoins nous dirons que chaque pays s\u2019adapte \u00e0 ses conditions naturelles ou \u00e0 son contexte socio-\u00e9conomique. Pour mieux se situer et ne pas faire du roman, nous prendrons le cas pr\u00e9cis de notre terroir, le Burkina Faso.<\/p>\n<p><strong>1-L\u2019agriculture<\/strong><\/p>\n<p>L\u2019agriculture est la principale activit\u00e9 \u00e9conomique du Burkina Faso Elle occupe 70%de la population burkinab\u00e8. Au vue de l\u2019employabilit\u00e9 et de la rentabilit\u00e9 de ce secteur. Des politiques nationales ainsi que r\u00e9gionales ont \u00e9t\u00e9 adopt\u00e9es<\/p>\n<ul>\n<li>Des politiques r\u00e9gionales de d\u00e9veloppement agricole<\/li>\n<\/ul>\n<p>Dans le cadre de l\u2019accroissement de l\u2019alimentation, des politiques r\u00e9gionales ont \u00e9t\u00e9 consentis .le Burkina Faso est membre de <strong>L\u2019UEMOA<\/strong>(Union \u00e9conomique et mon\u00e9taire ouest africaine),qui a adopter une politique commune en 2001,visant \u00e0 relever les d\u00e9fis qui se posent un meilleur rendement et pour un d\u00e9veloppement socio-\u00e9conomique de la population.il est aussi membre de la <strong>CEDEAO<\/strong>(communaut\u00e9 \u00e9conomique des \u00e9tats de l\u2019Afrique de l\u2019Ouest)qui a adopter en 2005,une politique agricole r\u00e9gionales appel\u00e9 l\u2019<strong>ECO<\/strong>&#8211;<strong>WAP\/PADDA<\/strong>(traduction r\u00e9gionales du programme d\u00e9taill\u00e9 de d\u00e9veloppement de l\u2019agriculture africaine.il vise \u00e0 construire un march\u00e9 r\u00e9gional performant en s\u2019appuyant sur les exploitations familiales et de la promotion des entreprises agricoles gr\u00e2ce \u00e0 l\u2019implication du secteur priv\u00e9 il repose sur la coordination de programme nationaux d\u2019investissement agricole(PNIA) d\u00e9velopp\u00e9 au niveau des pays ,d\u2019un programme r\u00e9gional d\u2019investissements agricoles au niveau communautaire(PRIA).<\/p>\n<p>Ainsi il faut dire que le Burkina Faso est un pays r\u00e9put\u00e9 investir de mani\u00e8re importante dans son agriculture et respecter l\u2019engagement des chefs d\u2019\u00e9tats africains \u00e0 d\u00e9penser au moins 10% de leur budget en faveur du secteur agricole. Le budget allou\u00e9 \u00e0 l\u2019agriculture est pass\u00e9 de 170 \u00e0 280milliard de francs CFA.<\/p>\n<ul>\n<li>Des politiques Nationales de D\u00e9veloppement agricole<\/li>\n<\/ul>\n<p>Nous ne saurons parcourir toutes les politiques de d\u00e9veloppement agricoles, mais notons que plusieurs politiques ont vu le jour, concourant toujours dans les m\u00eames objectifs. N\u00e9anmoins celui de l\u2019actualit\u00e9 retiendra notre attention. En 2016, le gouvernement a adopt\u00e9 le <strong>PNDES<\/strong> (programme national de d\u00e9veloppement \u00e9conomique et social) comme nouveau r\u00e9f\u00e9rentiel national de d\u00e9veloppement \u00e9conomique et social. Ce plan d\u2019action intervient dans plusieurs secteurs de d\u00e9veloppement \u00e9conomique et social. Ainsi le PNDES vise \u00e0 am\u00e9nager des\u00a0\u00ab\u00a0p\u00f4les de croissance et de comp\u00e9titivit\u00e9\u00a0\u00bb avec son objectif d\u2019accroitre les investissements dans les secteurs cibl\u00e9s. Cinq p\u00f4les sont pr\u00e9vus\u00a0:il s\u2019agit de trois agropoles (d\u2019abord bagr\u00e9, et plus r\u00e9cemment, Sanendeni et Sourou). Bref, le projet pilote de Bagr\u00e9, BAGREPOLE, qui a \u00e9t\u00e9 lanc\u00e9 en 2012, devait servir de mod\u00e8le fonctionnel aux autres p\u00f4les\u00a0; il a pour but de structurer des chaines de valeur sur des produits comme le riz, le ma\u00efs, la canne \u00e0 sucre. Il consiste en un vaste am\u00e9nagement hydroagricole dont un quart des terres destin\u00e9 \u00e0 l\u2019agriculture familiale et le reste a des investisseurs priv\u00e9s. L\u2019id\u00e9e est de d\u00e9velopper la production gr\u00e2ce \u00e0 des partenariats publics-priv\u00e9s et de favoriser la cr\u00e9ation d\u2019emplois sur les chaines de valeur agricoles (30000 emplois escompt\u00e9s).<\/p>\n<p><strong>\u00a0\u00a0\u00a0\u00a0\u00a0\u00a0\u00a0\u00a0\u00a0\u00a0\u00a0\u00a0\u00a0\u00a0\u00a0\u00a0\u00a0\u00a0\u00a0\u00a0\u00a0\u00a0\u00a0\u00a0\u00a0\u00a0\u00a0\u00a0\u00a0\u00a0\u00a0\u00a0\u00a0\u00a0\u00a0\u00a0\u00a0\u00a0\u00a0\u00a0\u00a0 2-L\u2019industrie<\/strong><\/p>\n<p>Le PNDES adopt\u00e9 par le Burkina Faso, le 20juillet 2016 par son excellence Roch March Christian Kabore \u00e0 l\u2019horizon 2020, ambitionne de transformer l\u2019\u00e9conomie burkinab\u00e8. La transformation structurelle de l\u2019\u00e9conomie n\u00e9cessite un d\u00e9veloppement du tissu industriel qui est lui-m\u00eame indispensable \u00e0 la transformation des produits de base, \u00e0 la cr\u00e9ation de la valeur ajout\u00e9e et d\u2019emplois, \u00e0 l\u2019\u00e9radication de la pauvret\u00e9, \u00e0 la stimulation du progr\u00e8s et de l\u2019innovation technologique. A cet effet, le Burkina Faso a mis en \u0153uvre diff\u00e9rentes politiques et strat\u00e9gies qui ont cr\u00e9\u00e9 les bases d\u2019une industrie relevant du secteur dont les principaux r\u00e9sultats sont l\u2019am\u00e9lioration du climat des affaires et d\u2019accroissement de la valeur ajout\u00e9e de l\u2019industrie manufacturi\u00e8re d\u2019environ 5% en moyenne Toutefois, en d\u00e9pit des progr\u00e8s constat\u00e9s, des insuffisances et des contraintes majeures demeurent au nombres desquelles on rel\u00e8ve notamment le cout \u00e9lev\u00e9 des facteurs de production, la faible comp\u00e9titivit\u00e9 des entreprises industrielles et le faible niveau de transformation des produits locaux ,etc. En vue de relever ces d\u00e9fis, la strat\u00e9gie nationale d\u2019industrialisation du Burkina Faso pr\u00e9voit promouvoir la cr\u00e9ation, le d\u00e9veloppement et la consolidation d\u2019une masse critique d\u2019industries comp\u00e9titives, durables cr\u00e9atrices de valeur ajout\u00e9e et&#8230;<\/p>\n<p>Pour obtenir l&rsquo;expos\u00e9 complet contactez le +226 56196345 (WhatsApp)<\/p>\n","protected":false},"featured_media":831,"template":"","meta":{"jetpack_publicize_message":"","jetpack_publicize_feature_enabled":true,"jetpack_social_post_already_shared":false,"jetpack_social_options":{"image_generator_settings":{"template":"highway","default_image_id":0,"font":"","enabled":false},"version":2}},"product_brand":[],"product_cat":[544,811,546],"product_tag":[561,816],"class_list":{"0":"post-6137","1":"product","2":"type-product","3":"status-publish","4":"has-post-thumbnail","6":"product_cat-exposes","7":"product_cat-geopolitique","8":"product_cat-societe","9":"product_tag-burkina-faso","10":"product_tag-politiques-de-developpement","12":"first","13":"instock","14":"downloadable","15":"virtual","16":"sold-individually","17":"purchasable","18":"product-type-simple"},"aioseo_notices":[],"jetpack_publicize_connections":[],"jetpack-related-posts":[],"jetpack_sharing_enabled":true,"_links":{"self":[{"href":"https:\/\/karandoogo.com\/index.php\/wp-json\/wp\/v2\/product\/6137","targetHints":{"allow":["GET"]}}],"collection":[{"href":"https:\/\/karandoogo.com\/index.php\/wp-json\/wp\/v2\/product"}],"about":[{"href":"https:\/\/karandoogo.com\/index.php\/wp-json\/wp\/v2\/types\/product"}],"wp:featuredmedia":[{"embeddable":true,"href":"https:\/\/karandoogo.com\/index.php\/wp-json\/wp\/v2\/media\/831"}],"wp:attachment":[{"href":"https:\/\/karandoogo.com\/index.php\/wp-json\/wp\/v2\/media?parent=6137"}],"wp:term":[{"taxonomy":"product_brand","embeddable":true,"href":"https:\/\/karandoogo.com\/index.php\/wp-json\/wp\/v2\/product_brand?post=6137"},{"taxonomy":"product_cat","embeddable":true,"href":"https:\/\/karandoogo.com\/index.php\/wp-json\/wp\/v2\/product_cat?post=6137"},{"taxonomy":"product_tag","embeddable":true,"href":"https:\/\/karandoogo.com\/index.php\/wp-json\/wp\/v2\/product_tag?post=6137"}],"curies":[{"name":"wp","href":"https:\/\/api.w.org\/{rel}","templated":true}]}}