{"id":6421,"date":"2023-12-20T14:51:52","date_gmt":"2023-12-20T14:51:52","guid":{"rendered":"https:\/\/karandoogo.com\/?post_type=product&#038;p=6421"},"modified":"2025-10-19T13:33:55","modified_gmt":"2025-10-19T13:33:55","slug":"expose-complet-sur-loeuvre-le-discours-sur-le-colonialisme-de-aime-cesaire","status":"publish","type":"product","link":"https:\/\/karandoogo.com\/index.php\/produit\/expose-complet-sur-loeuvre-le-discours-sur-le-colonialisme-de-aime-cesaire\/","title":{"rendered":"Expos\u00e9 complet sur l&rsquo;\u0153uvre le Discours sur le colonialisme de Aim\u00e9 C\u00e9saire"},"content":{"rendered":"","protected":false},"excerpt":{"rendered":"<p>INTRODUCTION<\/p>\n<p>&nbsp;<\/p>\n<ul>\n<li>BIOGRAPHIE DE L\u2019AUTEUR<\/li>\n<li>BIBLIOGRAPHIE<\/li>\n<li>RESUME DE L\u2019\u0152UVRE<\/li>\n<li>ETUDE DES PERSONNAGES\u00a0:\n<ul>\n<li>Personnages principaux\u00a0:<\/li>\n<li>Personnages secondaires\u00a0:<\/li>\n<\/ul>\n<\/li>\n<li>ETUDE THEMATIQUE\u00a0:\n<ul>\n<li>Th\u00e8mes principaux<\/li>\n<li>Th\u00e8mes secondaires<\/li>\n<\/ul>\n<\/li>\n<li>RAPPORT AVEC L\u2019ACTUALIT\u00c9<\/li>\n<\/ul>\n<p>CONCLUSION<\/p>\n<p>&nbsp;<\/p>\n<p>&nbsp;<\/p>\n<p>Introduction\u00a0:<\/p>\n<p>L\u2019\u0153uvre \u00ab\u00a0Discours sur le colonialisme\u00a0\u00bb est un essai politique et litt\u00e9raire \u00e9crit par Aim\u00e9 C\u00e9saire, po\u00e8te et homme politique martiniquais. Publi\u00e9 pour la premi\u00e8re fois en 1950, cet ouvrage majeur est une critique virulente du colonialisme et de ses cons\u00e9quences d\u00e9vastatrices sur les peuples colonis\u00e9s. Dans cet expos\u00e9, nous examinerons la biographie de l\u2019auteur, sa bibliographie, le r\u00e9sum\u00e9 de l\u2019\u0153uvre, l\u2019\u00e9tude des personnages, l\u2019analyse th\u00e9matique, ainsi que le rapport de cette \u0153uvre avec l\u2019actualit\u00e9.<\/p>\n<p>&nbsp;<\/p>\n<ol>\n<li>Biographie de l\u2019auteur\u00a0:<\/li>\n<\/ol>\n<p>Aim\u00e9 C\u00e9saire est n\u00e9 le 26 juin 1913 \u00e0 Basse-Pointe, en Martinique, une colonie fran\u00e7aise \u00e0 l\u2019\u00e9poque. Il \u00e9tudie en France, o\u00f9 il se lie d\u2019amiti\u00e9 avec d\u2019autres \u00e9crivains et intellectuels anticolonialistes, tels que L\u00e9opold S\u00e9dar Senghor et L\u00e9on-Gontran Damas. C\u00e9saire est l\u2019un des fondateurs du mouvement de la n\u00e9gritude, qui vise \u00e0 promouvoir la fiert\u00e9 et la valorisation de l\u2019identit\u00e9 noire. Il est \u00e9galement un homme politique influent, ayant \u00e9t\u00e9 maire de Fort-de-France, la capitale de la Martinique, pendant plus de 50 ans. Aim\u00e9 C\u00e9saire d\u00e9c\u00e8de en 2008, laissant derri\u00e8re lui un h\u00e9ritage litt\u00e9raire et politique remarquable.<\/p>\n<p>&nbsp;<\/p>\n<ol>\n<li>Bibliographie\u00a0:<\/li>\n<\/ol>\n<p>Outre \u00ab\u00a0Discours sur le colonialisme\u00a0\u00bb, Aim\u00e9 C\u00e9saire est l\u2019auteur de nombreux recueils de po\u00e9sie, tels que \u00ab\u00a0Cahier d\u2019un retour au pays natal\u00a0\u00bb (1939), consid\u00e9r\u00e9 comme son \u0153uvre majeure. Il a \u00e9galement \u00e9crit des pi\u00e8ces de th\u00e9\u00e2tre, dont \u00ab\u00a0Une saison au Congo\u00a0\u00bb (1966), inspir\u00e9e de la vie de Patrice Lumumba, et \u00ab\u00a0La trag\u00e9die du roi Christophe\u00a0\u00bb (1963), bas\u00e9e sur l\u2019histoire d\u2019Ha\u00efti. Ses \u00e9crits ont grandement contribu\u00e9 \u00e0 la prise de conscience des injustices coloniales et \u00e0 la valorisation de l\u2019identit\u00e9 noire.<\/p>\n<p>&nbsp;<\/p>\n<ul>\n<li>R\u00e9sum\u00e9 de l\u2019\u0153uvre\u00a0:<\/li>\n<\/ul>\n<p>\u00ab Discours sur le colonialisme \u00bb est un essai dans lequel C\u00e9saire d\u00e9nonce les crimes et les m\u00e9faits du colonialisme europ\u00e9en. Il examine les justifications id\u00e9ologiques et philosophiques du colonialisme, les m\u00e9canismes de domination et d\u2019exploitation, ainsi que les cons\u00e9quences d\u00e9shumanisantes pour les peuples colonis\u00e9s. C\u00e9saire r\u00e9v\u00e8le les aspects violents, racistes et d\u00e9gradants du syst\u00e8me colonial, remettant en question les fondements&#8230;.<\/p>\n<p>Pour obtenir l&rsquo;expos\u00e9 complet contactez le +226 56196345 (WhatsApp)<\/p>\n","protected":false},"featured_media":831,"template":"","meta":{"jetpack_publicize_message":"","jetpack_publicize_feature_enabled":true,"jetpack_social_post_already_shared":false,"jetpack_social_options":{"image_generator_settings":{"template":"highway","default_image_id":0,"font":"","enabled":false},"version":2}},"product_brand":[],"product_cat":[544,598],"product_tag":[],"class_list":{"0":"post-6421","1":"product","2":"type-product","3":"status-publish","4":"has-post-thumbnail","6":"product_cat-exposes","7":"product_cat-litterature","9":"first","10":"instock","11":"downloadable","12":"virtual","13":"sold-individually","14":"purchasable","15":"product-type-simple"},"aioseo_notices":[],"jetpack_publicize_connections":[],"jetpack-related-posts":[],"jetpack_sharing_enabled":true,"_links":{"self":[{"href":"https:\/\/karandoogo.com\/index.php\/wp-json\/wp\/v2\/product\/6421","targetHints":{"allow":["GET"]}}],"collection":[{"href":"https:\/\/karandoogo.com\/index.php\/wp-json\/wp\/v2\/product"}],"about":[{"href":"https:\/\/karandoogo.com\/index.php\/wp-json\/wp\/v2\/types\/product"}],"wp:featuredmedia":[{"embeddable":true,"href":"https:\/\/karandoogo.com\/index.php\/wp-json\/wp\/v2\/media\/831"}],"wp:attachment":[{"href":"https:\/\/karandoogo.com\/index.php\/wp-json\/wp\/v2\/media?parent=6421"}],"wp:term":[{"taxonomy":"product_brand","embeddable":true,"href":"https:\/\/karandoogo.com\/index.php\/wp-json\/wp\/v2\/product_brand?post=6421"},{"taxonomy":"product_cat","embeddable":true,"href":"https:\/\/karandoogo.com\/index.php\/wp-json\/wp\/v2\/product_cat?post=6421"},{"taxonomy":"product_tag","embeddable":true,"href":"https:\/\/karandoogo.com\/index.php\/wp-json\/wp\/v2\/product_tag?post=6421"}],"curies":[{"name":"wp","href":"https:\/\/api.w.org\/{rel}","templated":true}]}}