{"id":6448,"date":"2023-12-20T15:47:47","date_gmt":"2023-12-20T15:47:47","guid":{"rendered":"https:\/\/karandoogo.com\/?post_type=product&#038;p=6448"},"modified":"2025-10-19T13:33:54","modified_gmt":"2025-10-19T13:33:54","slug":"expose-complet-sur-les-progres-techniques-et-scientifiques-au-19e-et-20e-siecle","status":"publish","type":"product","link":"https:\/\/karandoogo.com\/index.php\/produit\/expose-complet-sur-les-progres-techniques-et-scientifiques-au-19e-et-20e-siecle\/","title":{"rendered":"Expos\u00e9 complet sur les Progr\u00e8s techniques et scientifiques au 19e et 20e si\u00e8cle"},"content":{"rendered":"","protected":false},"excerpt":{"rendered":"<p>Introduction:<\/p>\n<p>&nbsp;<\/p>\n<p>I-Les progr\u00e8s techniques au 19e si\u00e8cle:<\/p>\n<p>&nbsp;<\/p>\n<p>1-Les transports:<\/p>\n<p>&nbsp;<\/p>\n<p>a.L&rsquo;automobile:<\/p>\n<p>b.Le train:<\/p>\n<p>&nbsp;<\/p>\n<p>2-Les d\u00e9couvertes scientifiques:<\/p>\n<p>&nbsp;<\/p>\n<p>a.L&rsquo;\u00e9lectricit\u00e9:<\/p>\n<p>b.La machine \u00e0 vapeur:<\/p>\n<p>&nbsp;<\/p>\n<p>II-Les progr\u00e8s techniques au 20e si\u00e8cle:<\/p>\n<p>&nbsp;<\/p>\n<p>1-Les transports:<\/p>\n<p>&nbsp;<\/p>\n<p>a.Le transport a\u00e9rien:<\/p>\n<p>b.La conqu\u00eate de l&rsquo;espace:<\/p>\n<p>&nbsp;<\/p>\n<p>2-Les d\u00e9couvertes scientifiques:<\/p>\n<p>&nbsp;<\/p>\n<p>a.Les progr\u00e8s m\u00e9dicaux:<\/p>\n<p>b.Les technologies de l&rsquo;information et de la communication:<\/p>\n<p>Conclusion:<\/p>\n<p>&nbsp;<\/p>\n<p>Introduction<\/p>\n<p>Les 19<sup>e<\/sup> et 20<sup>e<\/sup> si\u00e8cles ont \u00e9t\u00e9 marqu\u00e9s par d\u2019importants progr\u00e8s techniques et scientifiques qui ont profond\u00e9ment transform\u00e9 la soci\u00e9t\u00e9. Ces avanc\u00e9es ont touch\u00e9 de nombreux domaines tels que les transports, la m\u00e9decine, les communications, l\u2019\u00e9nergie, et ont ouvert la voie \u00e0 de nouvelles d\u00e9couvertes et inventions. Dans cet expos\u00e9, nous allons explorer les principaux progr\u00e8s techniques et scientifiques qui ont eu lieu au cours de ces deux si\u00e8cles.<\/p>\n<ol>\n<li>Les progr\u00e8s techniques au 19<sup>e<\/sup> si\u00e8cle\u00a0:\n<ol>\n<li>Les transports\u00a0:\n<ol>\n<li>L\u2019automobile\u00a0:<\/li>\n<\/ol>\n<\/li>\n<\/ol>\n<\/li>\n<\/ol>\n<p>L\u2019invention de l\u2019automobile au 19<sup>e<\/sup> si\u00e8cle a r\u00e9volutionn\u00e9 les d\u00e9placements. Gr\u00e2ce \u00e0 l\u2019invention du moteur \u00e0 combustion interne par Karl Benz en 1879 et l\u2019introduction de l\u2019automobile sur le march\u00e9, les possibilit\u00e9s de transport individuel se sont consid\u00e9rablement accrues. En France, d\u00e8s 1895, il y avait d\u00e9j\u00e0 350 automobiles en circulation, et la technologie automobile a continu\u00e9 \u00e0 \u00e9voluer rapidement par la suite.<\/p>\n<p>En 1908, la Ford T a \u00e9t\u00e9 introduite sur le march\u00e9. Elle est consid\u00e9r\u00e9e comme la premi\u00e8re automobile de grande s\u00e9rie, abordable pour un plus grand nombre de personnes. La Ford T a \u00e9t\u00e9 produite en masse et a permis de populariser l\u2019automobile dans le monde entier. Cette innovationa r\u00e9volutionn\u00e9 la soci\u00e9t\u00e9 en offrant une mobilit\u00e9 individuelle sans pr\u00e9c\u00e9dent. Elle a ouvert de nouvelles possibilit\u00e9s de d\u00e9placement, de commerce et d\u2019exploration, transformant ainsi la vie quotidienne des gens.<\/p>\n<p>&nbsp;<\/p>\n<ol start=\"2\">\n<li>Le train\u00a0:<\/li>\n<\/ol>\n<p>Le train, invent\u00e9 au d\u00e9but du 19<sup>e<\/sup> si\u00e8cle, a \u00e9galement connu des progr\u00e8s techniques remarquables au cours de cette p\u00e9riode. \u00c0 mesure que les chemins de fer se d\u00e9veloppaient, les trains sont devenus plus rapides, plus fiables et plus confortables.<\/p>\n<p>Dans les ann\u00e9es 1980, la France a introduit le TGV (Train \u00e0 Grande Vitesse), qui a r\u00e9volutionn\u00e9 le transport ferroviaire. Le TGV est capable d\u2019atteindre des vitesses allant jusqu\u2019\u00e0 320 km\/h, ce qui permet des d\u00e9placements rapides et efficaces sur de longues distances. Cette avanc\u00e9e a rapproch\u00e9 les r\u00e9gions et les pays, facilitant les \u00e9changes commerciaux, les voyages et le tourisme.<\/p>\n<p>Le d\u00e9veloppement des chemins de fer a \u00e9galement jou\u00e9 un r\u00f4le cl\u00e9 dans l\u2019industrialisation et l\u2019urbanisation, favorisant l\u2019essor \u00e9conomique et la croissance des villes en permettant un transport plus rapide et plus efficace des marchandises et des personnes.<\/p>\n<p>Ces avanc\u00e9es technologiques dans les transports au 19<sup>e<\/sup> si\u00e8cle ont eu un impact profond sur la soci\u00e9t\u00e9 en facilitant les d\u00e9placements, en rapprochant les r\u00e9gions, en stimulant l\u2019\u00e9conomie et en ouvrant de nouvelles perspectives d\u2019exploration et d\u2019interaction. Ces progr\u00e8s ont jet\u00e9 les bases des syst\u00e8mes de transport modernes que nous utilisons encore aujourd\u2019hui.<\/p>\n<ol>\n<li>Les d\u00e9couvertes scientifiques\u00a0:<\/li>\n<\/ol>\n<p>&nbsp;<\/p>\n<ol>\n<li>L\u2019\u00e9lectricit\u00e9\u00a0:<\/li>\n<\/ol>\n<p>Au 19<sup>e<\/sup> si\u00e8cle, l\u2019\u00e9tude et l\u2019exploitation de l\u2019\u00e9lectricit\u00e9 ont connu des avanc\u00e9es significatives. Les travaux de scientifiques tels que Michael Faraday, Alessandro Volta et Andr\u00e9-Marie Amp\u00e8re ont jet\u00e9 les bases de la compr\u00e9hension de l\u2019\u00e9lectricit\u00e9 et de ses applications pratiques.<\/p>\n<p>L\u2019une des inventions les plus embl\u00e9matiques de cette \u00e9poque est l\u2019ampoule \u00e9lectrique, invent\u00e9e par Thomas Edison en 1879. L\u2019ampoule a r\u00e9volutionn\u00e9 l\u2019\u00e9clairage, rempla\u00e7ant les lampes \u00e0 gaz et les bougies. L\u2019\u00e9lectricit\u00e9 a \u00e9galement \u00e9t\u00e9 utilis\u00e9e dans d\u2019autres domaines, tels que les communications (le t\u00e9l\u00e9graphe \u00e9lectrique et le t\u00e9l\u00e9phone) et l\u2019industrie (les moteurs \u00e9lectriques).<\/p>\n<p>L\u2019av\u00e8nement de l\u2019\u00e9lectricit\u00e9 a transform\u00e9 la soci\u00e9t\u00e9 en offrant de nouvelles possibilit\u00e9s d\u2019\u00e9clairage, de communication et de production industrielle. Elle a \u00e9galement ouvert la voie \u00e0 d\u2019autres d\u00e9veloppements technologiques, tels que l\u2019\u00e9lectromagn\u00e9tisme, la radio et, ult\u00e9rieurement, l\u2019\u00e9lectronique.<\/p>\n<p>&nbsp;<\/p>\n<ol start=\"2\">\n<li>La machine \u00e0 vapeur\u00a0:<\/li>\n<\/ol>\n<p>La machine \u00e0 vapeur, invent\u00e9e par James Watt en 1769, a \u00e9t\u00e9 une d\u00e9couverte scientifique majeure du 19<sup>e<\/sup> si\u00e8cle. Elle a \u00e9t\u00e9 largement utilis\u00e9e dans l\u2019industrie et les transports, apportant des changements significatifs dans ces domaines.<\/p>\n<p>La machine \u00e0 vapeur a permis de&#8230;..<\/p>\n<p>Pour obtenir l&rsquo;expos\u00e9 complet contactez le +226 56196345 (WhatsApp)<\/p>\n","protected":false},"featured_media":831,"template":"","meta":{"jetpack_publicize_message":"","jetpack_publicize_feature_enabled":true,"jetpack_social_post_already_shared":false,"jetpack_social_options":{"image_generator_settings":{"template":"highway","default_image_id":0,"font":"","enabled":false},"version":2}},"product_brand":[],"product_cat":[544,608,548,627],"product_tag":[],"class_list":{"0":"post-6448","1":"product","2":"type-product","3":"status-publish","4":"has-post-thumbnail","6":"product_cat-exposes","7":"product_cat-histoire","8":"product_cat-histoire-geographie","9":"product_cat-sciences-de-la-vie-et-de-la-terre","11":"first","12":"instock","13":"downloadable","14":"virtual","15":"sold-individually","16":"purchasable","17":"product-type-simple"},"aioseo_notices":[],"jetpack_publicize_connections":[],"jetpack-related-posts":[],"jetpack_sharing_enabled":true,"_links":{"self":[{"href":"https:\/\/karandoogo.com\/index.php\/wp-json\/wp\/v2\/product\/6448","targetHints":{"allow":["GET"]}}],"collection":[{"href":"https:\/\/karandoogo.com\/index.php\/wp-json\/wp\/v2\/product"}],"about":[{"href":"https:\/\/karandoogo.com\/index.php\/wp-json\/wp\/v2\/types\/product"}],"wp:featuredmedia":[{"embeddable":true,"href":"https:\/\/karandoogo.com\/index.php\/wp-json\/wp\/v2\/media\/831"}],"wp:attachment":[{"href":"https:\/\/karandoogo.com\/index.php\/wp-json\/wp\/v2\/media?parent=6448"}],"wp:term":[{"taxonomy":"product_brand","embeddable":true,"href":"https:\/\/karandoogo.com\/index.php\/wp-json\/wp\/v2\/product_brand?post=6448"},{"taxonomy":"product_cat","embeddable":true,"href":"https:\/\/karandoogo.com\/index.php\/wp-json\/wp\/v2\/product_cat?post=6448"},{"taxonomy":"product_tag","embeddable":true,"href":"https:\/\/karandoogo.com\/index.php\/wp-json\/wp\/v2\/product_tag?post=6448"}],"curies":[{"name":"wp","href":"https:\/\/api.w.org\/{rel}","templated":true}]}}