{"id":6533,"date":"2024-01-08T19:14:21","date_gmt":"2024-01-08T19:14:21","guid":{"rendered":"https:\/\/karandoogo.com\/?post_type=product&#038;p=6533"},"modified":"2025-10-19T13:33:54","modified_gmt":"2025-10-19T13:33:54","slug":"expose-complet-sur-la-guerre-de-soundjata-keita-contre-soumaoro-kante","status":"publish","type":"product","link":"https:\/\/karandoogo.com\/index.php\/produit\/expose-complet-sur-la-guerre-de-soundjata-keita-contre-soumaoro-kante\/","title":{"rendered":"Expos\u00e9 complet sur \u00a0\u00bbla guerre de Soundjata Keita contre Soumaoro Kant\u00e9\u00a0\u00bb"},"content":{"rendered":"","protected":false},"excerpt":{"rendered":"<p><strong>NB:<\/strong>\u00a0Les documents mis \u00e0 disposition sur ce site sont des documents \u00e0 exploiter, autrement dit des compl\u00e9ments pour parfaire votre travail. Ils ne sont pas faits pour \u00eatre pr\u00e9sent\u00e9s \u00e0 l\u2019\u00e9tat.<\/p>\n<p>&nbsp;<\/p>\n<p>Introduction<\/p>\n<p>I-Les causes de la guerre entre Soundjata et Soumaoro.<\/p>\n<p>1-Les causes principales :<\/p>\n<p>2-Les causes secondaires :<\/p>\n<p>II-Les \u00e9tapes de la guerre entre Soundjata et Soumaoro Kant\u00e9.<\/p>\n<ol>\n<li>La guerre \u00e0 Nagueboria\u00a0:<\/li>\n<li>L\u2019attaque surprise de Kankign\u00e9\u00a0:<\/li>\n<\/ol>\n<p>III. Les cons\u00e9quences de la guerre.<\/p>\n<ol>\n<li>Le bilan des pertes humaines :<\/li>\n<li>L\u2019\u00e9tablissement de l\u2019Empire du Mali\u00a0:<\/li>\n<li>La r\u00e9organisation des chefs du Mandingue\u00a0:<\/li>\n<li>L\u2019influence culturelle et religieuse\u00a0:<\/li>\n<li>La mort de Soundjata Keita.<\/li>\n<\/ol>\n<p>Conclusion<\/p>\n<p>&nbsp;<\/p>\n<p>&nbsp;<\/p>\n<p>&nbsp;<\/p>\n<p>Introduction<\/p>\n<p>La guerre de Soundjata Keita contre Soumaoro Kant\u00e9 est un \u00e9v\u00e9nement majeur de l\u2019histoire de l\u2019Afrique de l\u2019Ouest. Cette guerre opposa deux puissants rois africains au XIIIe si\u00e8cle, Soundjata Keita et Soumaoro Kant\u00e9. Dans cet expos\u00e9, nous examinerons les causes de la guerre, les \u00e9tapes de celle-ci, les cons\u00e9quences qui en ont d\u00e9coul\u00e9, ainsi que la mort de Soundjata Keita.<\/p>\n<ol>\n<li>Les causes de la guerre entre Soundjata et Soumaoro<\/li>\n<\/ol>\n<p>&nbsp;<\/p>\n<ol>\n<li>Les causes principales\u00a0:<\/li>\n<\/ol>\n<p>Soundjata Keita, en exil dans le royaume de Mena, cherchait \u00e0 reconqu\u00e9rir le royaume du Mandingue, qui avait \u00e9t\u00e9 conquis par Soumaoro Kant\u00e9. Apr\u00e8s avoir \u00e9t\u00e9 chass\u00e9 de son propre royaume, Soundjata \u00e9tait d\u00e9termin\u00e9 \u00e0 r\u00e9tablir sa l\u00e9gitimit\u00e9 en tant que souverain du Mandingue. Il souhaitait r\u00e9cup\u00e9rer le pouvoir et restaurer l\u2019autorit\u00e9 de sa famille, la dynastie Keita, qui avait \u00e9t\u00e9 renvers\u00e9e par Soumaoro.<\/p>\n<p>Soundjata Keita voulait \u00e9galement mettre fin \u00e0 la terreur impos\u00e9e par Soumaoro Kant\u00e9, qui \u00e9tait consid\u00e9r\u00e9 comme un roi sorcier dot\u00e9 de puissants pouvoirs. Soumaoro \u00e9tait r\u00e9put\u00e9 pour sa cruaut\u00e9 et sa pratique de la magie noire, ce qui lui avait valu une r\u00e9putation effrayante parmi les habitants du Mandingue. Soundjata \u00e9tait conscient des souffrances inflig\u00e9es \u00e0 son peuple sous le r\u00e8gne de Soumaoro et \u00e9tait d\u00e9termin\u00e9 \u00e0 lib\u00e9rer le royaume de cette oppression.<\/p>\n<p>&nbsp;<\/p>\n<ol start=\"2\">\n<li>Les causes secondaires\u00a0:<\/li>\n<\/ol>\n<p>Contexte historique<\/p>\n<p>Outre les raisons personnelles de Soundjata, il y avait \u00e9galement des facteurs contextuels qui ont contribu\u00e9 \u00e0 la guerre entre les deux rois. Le Mandingue \u00e9tait une r\u00e9gion riche et strat\u00e9gique, avec d\u2019importantes ressources telles que l\u2019or et le commerce florissant. Soumaoro avait consolid\u00e9 son pouvoir en exploitant ces ressources et en imposant un contr\u00f4le strict sur le commerce. Soundjata, en tant que pr\u00e9tendant l\u00e9gitime au tr\u00f4ne, souhaitait&#8230;<\/p>\n<p>Pour obtenir l&rsquo;expos\u00e9 complet contactez le +226 56196345 (WhatsApp)<\/p>\n","protected":false},"featured_media":831,"template":"","meta":{"jetpack_publicize_message":"","jetpack_publicize_feature_enabled":true,"jetpack_social_post_already_shared":false,"jetpack_social_options":{"image_generator_settings":{"template":"highway","default_image_id":0,"font":"","enabled":false},"version":2}},"product_brand":[],"product_cat":[544,548],"product_tag":[1133,1156,594],"class_list":{"0":"post-6533","1":"product","2":"type-product","3":"status-publish","4":"has-post-thumbnail","6":"product_cat-exposes","7":"product_cat-histoire-geographie","8":"product_tag-guerre","9":"product_tag-soumaoro-kante","10":"product_tag-soundjata-keita","12":"first","13":"instock","14":"downloadable","15":"virtual","16":"sold-individually","17":"purchasable","18":"product-type-simple"},"aioseo_notices":[],"jetpack_publicize_connections":[],"jetpack-related-posts":[],"jetpack_sharing_enabled":true,"_links":{"self":[{"href":"https:\/\/karandoogo.com\/index.php\/wp-json\/wp\/v2\/product\/6533","targetHints":{"allow":["GET"]}}],"collection":[{"href":"https:\/\/karandoogo.com\/index.php\/wp-json\/wp\/v2\/product"}],"about":[{"href":"https:\/\/karandoogo.com\/index.php\/wp-json\/wp\/v2\/types\/product"}],"wp:featuredmedia":[{"embeddable":true,"href":"https:\/\/karandoogo.com\/index.php\/wp-json\/wp\/v2\/media\/831"}],"wp:attachment":[{"href":"https:\/\/karandoogo.com\/index.php\/wp-json\/wp\/v2\/media?parent=6533"}],"wp:term":[{"taxonomy":"product_brand","embeddable":true,"href":"https:\/\/karandoogo.com\/index.php\/wp-json\/wp\/v2\/product_brand?post=6533"},{"taxonomy":"product_cat","embeddable":true,"href":"https:\/\/karandoogo.com\/index.php\/wp-json\/wp\/v2\/product_cat?post=6533"},{"taxonomy":"product_tag","embeddable":true,"href":"https:\/\/karandoogo.com\/index.php\/wp-json\/wp\/v2\/product_tag?post=6533"}],"curies":[{"name":"wp","href":"https:\/\/api.w.org\/{rel}","templated":true}]}}