{"id":6544,"date":"2024-01-08T19:29:40","date_gmt":"2024-01-08T19:29:40","guid":{"rendered":"https:\/\/karandoogo.com\/?post_type=product&#038;p=6544"},"modified":"2025-10-19T13:33:53","modified_gmt":"2025-10-19T13:33:53","slug":"expose-complet-sur-les-institutions-du-burkina-faso-et-leur-role","status":"publish","type":"product","link":"https:\/\/karandoogo.com\/index.php\/produit\/expose-complet-sur-les-institutions-du-burkina-faso-et-leur-role\/","title":{"rendered":"Expos\u00e9 complet sur les institutions du Burkina Faso et leur r\u00f4le"},"content":{"rendered":"","protected":false},"excerpt":{"rendered":"<p><strong>NB:<\/strong>\u00a0Les documents mis \u00e0 disposition sur ce site sont des documents \u00e0 exploiter, autrement dit des compl\u00e9ments pour parfaire votre travail. Ils ne sont pas faits pour \u00eatre pr\u00e9sent\u00e9s \u00e0 l\u2019\u00e9tat.<\/p>\n<p>Introduction :<\/p>\n<p>I-institutions du pouvoir l\u00e9gislatif ou parlementaires :<\/p>\n<ol>\n<li>Les institutions de l\u2019ex\u00e9cutif :<\/li>\n<\/ol>\n<ul>\n<li>Les institutions du pouvoir judiciaire.<\/li>\n<li>Les juridictions de l\u2019ordre judiciaire\u00a0:<\/li>\n<li>Les juridictions de l\u2019ordre administratif\u00a0:<\/li>\n<\/ul>\n<p>2-Autres institutions reconnues par la constitution :<\/p>\n<ul>\n<li>Le Conseil \u00e9conomique et social\u00a0:<\/li>\n<li>Le Conseil sup\u00e9rieur de la communication\u00a0:<\/li>\n<\/ul>\n<p>II-Institutions sp\u00e9cifiques :<\/p>\n<ul>\n<li style=\"list-style-type: none;\">\n<ul>\n<li>La Haute Cour de justice\u00a0:<\/li>\n<li>Le Conseil constitutionnel\u00a0:<\/li>\n<\/ul>\n<\/li>\n<\/ul>\n<p>Conclusion<\/p>\n<p>Introduction<\/p>\n<p>Le Burkina Faso, anciennement connu sous le nom de R\u00e9publique de Haute-Volta, est un pays enclav\u00e9 d\u2019Afrique de l\u2019Ouest. Avec une superficie de 274\u00a0223 km2, il est bord\u00e9 par le Mali au nord-ouest, le Niger au nord-est, le B\u00e9nin au sud-est, le Togo et le Ghana au sud, et la C\u00f4te d\u2019Ivoire au sud-ouest. Le pays compte une population estim\u00e9e \u00e0 20\u00a0321\u00a0378 habitants en 2021.<\/p>\n<p>Le Burkina Faso a une histoire riche et complexe, marqu\u00e9e par l\u2019arriv\u00e9e de divers groupes ethniques entre les XIIe et XVe si\u00e8cles. Les peuples Gurma et Mossi ont \u00e9tabli plusieurs des plus grands royaumes de la r\u00e9gion et ont utilis\u00e9 des guerriers mont\u00e9s \u00e0 cheval lors de leurs campagnes militaires. Parmi les diff\u00e9rents royaumes Mossi, les plus puissants \u00e9taient Ouagadougou et Yatenga.<\/p>\n<p>Au XIXe si\u00e8cle, les \u00c9tats europ\u00e9ens se sont disput\u00e9 le contr\u00f4le de la r\u00e9gion. La France a finalement conquis le territoire et l\u2019a \u00e9tabli en tant que protectorat fran\u00e7ais. Le Burkina Faso a obtenu son ind\u00e9pendance de la France en 1960 et a chang\u00e9 de nom pour devenir Burkina Faso en 1984.<\/p>\n<p>Cependant, le pays a connu plusieurs coups d\u2019\u00c9tat militaires au cours de ses premi\u00e8res d\u00e9cennies. En 1987, Blaise Compaor\u00e9 a renvers\u00e9 l\u2019ancien pr\u00e9sident, a \u00e9tabli un gouvernement et a gouvern\u00e9 pendant 27 ans. En octobre 2014, Compaor\u00e9 a d\u00e9missionn\u00e9 suite \u00e0 des manifestations contre ses tentatives r\u00e9p\u00e9t\u00e9es de modifier la limite pr\u00e9sidentielle de deux mandats fix\u00e9e par la constitution. Une administration int\u00e9rimaire a dirig\u00e9 une p\u00e9riode de transition d\u2019un an, organisant des \u00e9lections pr\u00e9sidentielles et l\u00e9gislatives. En novembre 2015, Roch Marc Christian Kabor\u00e9 a \u00e9t\u00e9 \u00e9lu pr\u00e9sident, puis r\u00e9\u00e9lu en novembre 2020.<\/p>\n<p>Cependant, en 2022, le pays a connu deux coups d\u2019\u00c9tat militaires. Tout d\u2019abord, en janvier 2022, le colonel de l\u2019arm\u00e9e Paul Henri Damiba a renvers\u00e9 Kabor\u00e9, puis en septembre 2022, le capitaine de l\u2019arm\u00e9e Ibrahim Traor\u00e9 a renvers\u00e9 Damiba et est devenu pr\u00e9sident de transition . Le gouvernement de transition avait pr\u00e9vu d\u2019organiser des \u00e9lections d\u00e9mocratiques d\u2019ici juillet 2024, mais cela pourrait \u00eatre retard\u00e9 en raison de probl\u00e8mes de s\u00e9curit\u00e9.<\/p>\n<p>Les institutions du Burkina Faso jouent un r\u00f4le essentiel dans le fonctionnement de l\u2019\u00c9tat et dans la pr\u00e9servation de la d\u00e9mocratie. Voici un expos\u00e9 complet sur les principales institutions du Burkina Faso et leurs r\u00f4les\u00a0:<\/p>\n<p>&nbsp;<\/p>\n<ol>\n<li>Les institutions du pouvoir l\u00e9gislatif ou parlementaires\u00a0:<\/li>\n<\/ol>\n<p>&nbsp;<\/p>\n<p>L\u2019une des institutions principales du pouvoir l\u00e9gislatif au Burkina Faso est l\u2019Assembl\u00e9e Nationale. Cette institution joue un r\u00f4le essentiel dans le syst\u00e8me politique du pays en tant que repr\u00e9sentant direct des citoyens et en tant qu\u2019organe charg\u00e9 de voter les lois.<\/p>\n<p>&nbsp;<\/p>\n<p>Les membres de l\u2019Assembl\u00e9e Nationale, appel\u00e9s d\u00e9put\u00e9s, sont \u00e9lus au suffrage universel direct. Cela signifie que chaque citoyen a le droit de voter pour choisir ses repr\u00e9sentants au sein de l\u2019Assembl\u00e9e. Les \u00e9lections l\u00e9gislatives ont lieu \u00e0 intervalles r\u00e9guliers pour garantir la repr\u00e9sentativit\u00e9 et la d\u00e9mocratie.<\/p>\n<p>&nbsp;<\/p>\n<p>Les d\u00e9put\u00e9s ont la responsabilit\u00e9 de repr\u00e9senter les int\u00e9r\u00eats et les pr\u00e9occupations des citoyens. Ils sont cens\u00e9s \u00eatre \u00e0 l\u2019\u00e9coute de leurs \u00e9lecteurs et de leurs besoins, et les repr\u00e9senter de mani\u00e8re \u00e9quitable et transparente. Les d\u00e9put\u00e9s sont souvent affili\u00e9s \u00e0 des partis politiques, qui forment des groupes parlementaires au sein de l\u2019Assembl\u00e9e Nationale. Ces groupes peuvent avoir des id\u00e9ologies et des programmes politiques diff\u00e9rents, ce qui permet une diversit\u00e9 d\u2019opinions et de d\u00e9bats au sein de l\u2019institution.<\/p>\n<p>L\u2019Assembl\u00e9e Nationale joue \u00e9galement un r\u00f4le cl\u00e9 dans le processus l\u00e9gislatif. Les d\u00e9put\u00e9s ont le pouvoir de proposer, d\u2019amender et de voter des lois. Ils examinent les projets de loi pr\u00e9sent\u00e9s par le gouvernement, les discutent en d\u00e9tail, les modifient si n\u00e9cessaire et les votent ensuite. Ce processus permet de garantir que les lois sont d\u00e9battues de mani\u00e8re approfondie et repr\u00e9sentent les int\u00e9r\u00eats de la population.<\/p>\n<p>En plus de son r\u00f4le l\u00e9gislatif, l\u2019Assembl\u00e9e Nationale a \u00e9galement la responsabilit\u00e9 de contr\u00f4ler l\u2019action du gouvernement. Les d\u00e9put\u00e9s peuvent poser des questions au gouvernement, demander des comptes sur des d\u00e9cisions politiques et surveiller l\u2019ex\u00e9cution des politiques publiques. Cette fonction de contr\u00f4le est essentielle pour garantir la transparence et la responsabilit\u00e9 du gouvernement envers la population.<\/p>\n<ol>\n<li>Les institutions de l\u2019ex\u00e9cutif\u00a0:<\/li>\n<\/ol>\n<p>Le gouvernement joue un r\u00f4le crucial dans l\u2019ex\u00e9cution des lois et la gestion des affaires publiques. Il est responsable de la mise en \u0153uvre des politiques et des d\u00e9cisions prises par&#8230;.<\/p>\n<p>Pour obtenir l&rsquo;expos\u00e9 complet contactez le +226 56196345 (WhatsApp)<\/p>\n","protected":false},"featured_media":831,"template":"","meta":{"jetpack_publicize_message":"","jetpack_publicize_feature_enabled":true,"jetpack_social_post_already_shared":false,"jetpack_social_options":{"image_generator_settings":{"template":"highway","default_image_id":0,"font":"","enabled":false},"version":2}},"product_brand":[],"product_cat":[544,714],"product_tag":[1160,1159],"class_list":{"0":"post-6544","1":"product","2":"type-product","3":"status-publish","4":"has-post-thumbnail","6":"product_cat-exposes","7":"product_cat-politique","8":"product_tag-administration-publique","9":"product_tag-politique-burkinabe","11":"first","12":"instock","13":"downloadable","14":"virtual","15":"sold-individually","16":"purchasable","17":"product-type-simple"},"aioseo_notices":[],"jetpack_publicize_connections":[],"jetpack-related-posts":[],"jetpack_sharing_enabled":true,"_links":{"self":[{"href":"https:\/\/karandoogo.com\/index.php\/wp-json\/wp\/v2\/product\/6544","targetHints":{"allow":["GET"]}}],"collection":[{"href":"https:\/\/karandoogo.com\/index.php\/wp-json\/wp\/v2\/product"}],"about":[{"href":"https:\/\/karandoogo.com\/index.php\/wp-json\/wp\/v2\/types\/product"}],"wp:featuredmedia":[{"embeddable":true,"href":"https:\/\/karandoogo.com\/index.php\/wp-json\/wp\/v2\/media\/831"}],"wp:attachment":[{"href":"https:\/\/karandoogo.com\/index.php\/wp-json\/wp\/v2\/media?parent=6544"}],"wp:term":[{"taxonomy":"product_brand","embeddable":true,"href":"https:\/\/karandoogo.com\/index.php\/wp-json\/wp\/v2\/product_brand?post=6544"},{"taxonomy":"product_cat","embeddable":true,"href":"https:\/\/karandoogo.com\/index.php\/wp-json\/wp\/v2\/product_cat?post=6544"},{"taxonomy":"product_tag","embeddable":true,"href":"https:\/\/karandoogo.com\/index.php\/wp-json\/wp\/v2\/product_tag?post=6544"}],"curies":[{"name":"wp","href":"https:\/\/api.w.org\/{rel}","templated":true}]}}