{"id":879,"date":"2022-07-18T22:10:47","date_gmt":"2022-07-18T22:10:47","guid":{"rendered":"https:\/\/karandoogo.com\/?post_type=product&#038;p=879"},"modified":"2025-10-19T14:03:20","modified_gmt":"2025-10-19T14:03:20","slug":"expose-complet-sur-lillusion-la-desillusion-et-la-delinquance-dans-maimouna-dabdoulaye-sadji","status":"publish","type":"product","link":"https:\/\/karandoogo.com\/index.php\/produit\/expose-complet-sur-lillusion-la-desillusion-et-la-delinquance-dans-maimouna-dabdoulaye-sadji\/","title":{"rendered":"Expos\u00e9 complet sur l&rsquo;illusion, la d\u00e9sillusion et la d\u00e9linquance dans Maimouna d&rsquo;Abdoulaye Sadji"},"content":{"rendered":"","protected":false},"excerpt":{"rendered":"<p><strong>NB<\/strong>: Les documents mis \u00e0 disposition sur ce site sont des documents \u00e0 exploiter, autrement dit des compl\u00e9ments pour parfaire votre travail. Ils ne sont pas faits pour \u00eatre pr\u00e9sent\u00e9s \u00e0 l\u2019\u00e9tat.<\/p>\n<p><strong>PLAN<\/strong><br \/>\n<strong>INTRODUCTION :<\/strong><br \/>\n<strong>I- BIOGRAPHIE ET BIBLIOGRAPHIE DE L\u2019AUTEUR<\/strong><br \/>\n<strong>1- Biographie<\/strong><br \/>\n<strong>2- Bibliographie<\/strong><br \/>\n<strong>II- R\u00e9sum\u00e9 de l\u2019\u0153uvre<\/strong><br \/>\n<strong>III- PRESENTATION DES PERSONNAGES<\/strong><br \/>\n<strong>1) Les personnages principaux<\/strong><br \/>\n<strong>2) Les personnages secondaires<\/strong><br \/>\n<strong>IV- ANALYSE THEMATIQUE DE L\u2019\u0152UVRE<\/strong><br \/>\n<strong>1. Les th\u00e8mes principaux :\u00a0<\/strong>l\u2019illusion, la d\u00e9sillusion et la d\u00e9linquance.<br \/>\n<strong>2. Les th\u00e8mes secondaires<\/strong><br \/>\n<strong>V- LE CADRE SPATIO-TEMPOREL<\/strong><br \/>\n<strong>1- L\u2019espace<\/strong><br \/>\n<strong>2- Le temps<\/strong><br \/>\n<strong>VI- LE STYLE DE L\u2019AUTEUR<\/strong><br \/>\n<strong>CONCLUSION :<\/strong><\/p>\n<p><strong>INTRODUCTION<\/strong>\u00a0:<\/p>\n<p>Maimouna est un roman \u00e9crit par un tr\u00e8s grand auteur africain qui a su marqu\u00e9 son temps de par ses \u0153uvres. En effet ABDOULAYE Sadji a appartenu au courant de la n\u00e9gritude mais a su poursuivre sa lutte jusqu\u2019au bout mais de mani\u00e8re litt\u00e9raire. . Assur\u00e9ment, Maimouna pure puis \u00e9gar\u00e9e, \u00e0 l\u2019innocence viol\u00e9e, est l\u2019all\u00e9gorie d\u2019une Afrique en transition qui \u00e0 la veille des ind\u00e9pendances se devait de se ressaisir. C\u2019est le cas de l\u2019histoire de la jeune innocente Maimouna, qui fait l\u2019objet de notre \u00e9tude aujourd\u2019hui.<\/p>\n<p><strong>I- BIOGRAPHIE ET BIBLIOGRAPHIE DE L\u2019AUTEUR<\/strong><\/p>\n<p><strong>1- Biographie<\/strong><br \/>\nSon p\u00e8re Demb Sadji, marabout, est originaire de Latmingu\u00e8, un village s\u00e9r\u00e8re situ\u00e9 dans la r\u00e9gion de Kaolack, et sa m\u00e8re Oumy Diouf est issue d\u2019une famille musulmane l\u00e9boue ancr\u00e9e dans la tradition animiste.<br \/>\nApr\u00e8s des \u00e9tudes coraniques, il rejoint les bancs de l\u2019\u00e9cole fran\u00e7aise \u00e0 l\u2019\u00e2ge de onze ans, puis fr\u00e9quente le Lyc\u00e9e Faidherbe avant d\u2019int\u00e9grer l\u2019\u00c9cole normale William Ponty. Il devient en 1929 l\u2019un des premiers instituteurs africains et exerce en Casamance, \u00e0 Thi\u00e8s, Louga, Dakar et Rufisque, o\u00f9 il occupe ensuite le poste de directeur d\u2019\u00e9cole et d\u2019inspecteur Primaire de 1959 \u00e0 sa mort, en 1961. En 1932 il d\u00e9fie les autorit\u00e9s coloniales en devenant le deuxi\u00e8me bachelier s\u00e9n\u00e9galais.<br \/>\n\u00c0 la fin de la Seconde Guerre mondiale, Abdoulaye Sadji se lance dans le combat pour l\u2019ind\u00e9pendance de son pays et devient un des pionniers de la N\u00e9gritude. Loin de la \u00ab N\u00e9gritude du Quartier latin \u00bb, il pratique la \u00ab N\u00e9gritude int\u00e9rieure \u00bb, et c\u2019est \u00e0 ce titre que L\u00e9opold S\u00e9dar Senghor dit de lui :<br \/>\n\u00ab (\u2026) Abdoulaye Sadji appartient, comme Birago Diop, au groupe des jeunes gens, qui, dans les ann\u00e9es 1930, lan\u00e7a le mouvement de la N\u00e9gritude. Abdoulaye Sadji n\u2019a pas beaucoup th\u00e9oris\u00e9 sur la N\u00e9gritude : il a fait mieux, il a agi par l\u2019\u00e9criture. Il fut l\u2019un des premiers jeunes S\u00e9n\u00e9galais, entre les deux guerres mondiales, \u00e0 combattre la th\u00e8se de l\u2019assimilation et la fausse \u00e9lite des \u00ab \u00e9volu\u00e9s \u00bb. Il a, pour cela, multipli\u00e9, au-del\u00e0 des discussions, articles et conf\u00e9rences. \u00bb<\/p>\n<p><strong>2- Bibliographie<\/strong><\/p>\n<p>Son \u0153uvre compte entre autres des articles dans Pr\u00e9sence africaine, Paris-Dakar et dans de nombreuses revues africaines. Il est \u00e9galement l\u2019auteur d\u2019essais et de contes tels que Tounka (1952), Modou Fatim (1960) ou encore Leuk-Le-Li\u00e8vre (1953), en collaboration avec L\u00e9opold S\u00e9dar Senghor (qui en assure la partie grammaticale). Ces ouvrages t\u00e9moignent de son attachement et de son int\u00e9r\u00eat pour la culture africaine.<br \/>\nSes ouvrages les plus connus et les plus \u00e9tudi\u00e9s demeurent Maimouna (1953) et Nini, mul\u00e2tresse du S\u00e9n\u00e9gal (19542), deux romans qui relatent le parcours de jeunes femmes africaines qui, \u00e0 l\u2019image d\u2019un continent en transition, connaissent espoir, doutes et d\u00e9sillusions. Dans ces deux ouvrages, Sadji se livre \u00e0 une analyse sans complaisance de la soci\u00e9t\u00e9 africaine. Il n\u2019en est pas moins un ardent d\u00e9fenseur de son pays et de sa culture (notamment par la cr\u00e9ation de la premi\u00e8re station radio en langue nationale). Cette culture, il la veut perm\u00e9able et ouverte sur les autres civilisations. En t\u00e9moignent sa germanophilie (in\u00e9dite pour l\u2019\u00e9poque) et le syncr\u00e9tisme religieux qu\u2019il a \u2026.<\/p>\n<p>Pour obtenir l&rsquo;expos\u00e9 complet contactez le +226 56196345 (WhatsApp)<\/p>\n","protected":false},"featured_media":831,"template":"","meta":{"jetpack_publicize_message":"","jetpack_publicize_feature_enabled":true,"jetpack_social_post_already_shared":false,"jetpack_social_options":{"image_generator_settings":{"template":"highway","default_image_id":0,"font":"","enabled":false},"version":2}},"product_brand":[],"product_cat":[544,547],"product_tag":[],"class_list":{"0":"post-879","1":"product","2":"type-product","3":"status-publish","4":"has-post-thumbnail","6":"product_cat-exposes","7":"product_cat-litterature-africaine","9":"first","10":"instock","11":"downloadable","12":"virtual","13":"sold-individually","14":"purchasable","15":"product-type-simple"},"aioseo_notices":[],"jetpack_publicize_connections":[],"jetpack-related-posts":[],"jetpack_sharing_enabled":true,"_links":{"self":[{"href":"https:\/\/karandoogo.com\/index.php\/wp-json\/wp\/v2\/product\/879","targetHints":{"allow":["GET"]}}],"collection":[{"href":"https:\/\/karandoogo.com\/index.php\/wp-json\/wp\/v2\/product"}],"about":[{"href":"https:\/\/karandoogo.com\/index.php\/wp-json\/wp\/v2\/types\/product"}],"wp:featuredmedia":[{"embeddable":true,"href":"https:\/\/karandoogo.com\/index.php\/wp-json\/wp\/v2\/media\/831"}],"wp:attachment":[{"href":"https:\/\/karandoogo.com\/index.php\/wp-json\/wp\/v2\/media?parent=879"}],"wp:term":[{"taxonomy":"product_brand","embeddable":true,"href":"https:\/\/karandoogo.com\/index.php\/wp-json\/wp\/v2\/product_brand?post=879"},{"taxonomy":"product_cat","embeddable":true,"href":"https:\/\/karandoogo.com\/index.php\/wp-json\/wp\/v2\/product_cat?post=879"},{"taxonomy":"product_tag","embeddable":true,"href":"https:\/\/karandoogo.com\/index.php\/wp-json\/wp\/v2\/product_tag?post=879"}],"curies":[{"name":"wp","href":"https:\/\/api.w.org\/{rel}","templated":true}]}}