{"id":948,"date":"2022-07-19T18:35:07","date_gmt":"2022-07-19T18:35:07","guid":{"rendered":"https:\/\/karandoogo.com\/?post_type=product&#038;p=948"},"modified":"2025-10-19T14:01:42","modified_gmt":"2025-10-19T14:01:42","slug":"expose-complet-sur-le-divorce-causes-et-consequences","status":"publish","type":"product","link":"https:\/\/karandoogo.com\/index.php\/produit\/expose-complet-sur-le-divorce-causes-et-consequences\/","title":{"rendered":"Expos\u00e9 complet sur le divorce (causes, cons\u00e9quences et solutions)"},"content":{"rendered":"","protected":false},"excerpt":{"rendered":"<p><strong>NB:<\/strong>\u00a0Les documents mis \u00e0 disposition sur ce site sont des documents \u00e0 exploiter, autrement dit des compl\u00e9ments pour parfaire votre travail. Ils ne sont pas faits pour \u00eatre pr\u00e9sent\u00e9s \u00e0 l\u2019\u00e9tat.<\/p>\n<p><strong><u>INTRODUCTION<\/u><\/strong><\/p>\n<ol type=\"I\">\n<li><strong><u>DEGINITION DU DIVORCE<\/u><\/strong><\/li>\n<li><strong><u>CAUSES DU DIVORCE<\/u><\/strong><\/li>\n<li><strong><em><u>Le divorce par consentement mutuel<\/u><\/em><\/strong><\/li>\n<li><strong><em><u>Le divorce pour faute<\/u><\/em><\/strong><\/li>\n<li><strong><u>CONSEQUENCES DU DIVORCE<\/u><\/strong><\/li>\n<li><strong><u>Cons\u00e9quences pour les enfants<\/u><\/strong><\/li>\n<li><strong><u>Pour les \u00e9poux<\/u><\/strong><\/li>\n<li><strong><u>SOLUTIONS<\/u><\/strong><\/li>\n<\/ol>\n<p><strong><u>CONCLUSION<\/u><\/strong><\/p>\n<p><strong><u>INTRODUCTION<\/u><\/strong><\/p>\n<p>Dans tous les pays industrialis\u00e9s, des changements spectaculaires sur le plan familial se sont produits au cours des derni\u00e8res d\u00e9cennies.1 L\u2019augmentation du taux de divorce dans la deuxi\u00e8me moiti\u00e9 du 20e si\u00e8cle a \u00e9t\u00e9 frappante : ce taux a plus que doubl\u00e9 entre 1960 et 1980 dans la plupart des pays occidentalis\u00e9s.2 La multiplication des divorces a particuli\u00e8rement marqu\u00e9 les enfants, des millions d\u2019entre eux ayant v\u00e9cu le divorce de leurs parents. De plus, l\u2019augmentation r\u00e9cente du nombre de naissances hors mariage, qui s\u2019explique par le taux croissant de naissances chez les couples vivant en concubinage, a aussi men\u00e9 \u00e0 l\u2019accroissement du nombre d\u2019enfants qui vivent la s\u00e9paration de leurs parents jamais mari\u00e9s.3 Les couples vivant en concubinage \u00e9tant moins stables que ceux qui sont mari\u00e9s, plusieurs enfants n\u00e9s de ces unions libres en vivront la dissolution.<\/p>\n<ol type=\"I\">\n<li><strong><u>DEFINITION<\/u><\/strong><\/li>\n<\/ol>\n<p>En Gr\u00e8ce antique, le divorce existe sous des formes diverses suivant les cit\u00e9s. \u00c0 Ath\u00e8nes1, il peut \u00eatre obtenu par consentement mutuel ou sur l\u2019initiative de l\u2019un des conjoints. Quand il est demand\u00e9 par le mari, il prend la forme d\u2019une r\u00e9pudiation : il suffit au mari de renvoyer sa femme du domicile conjugal, sans qu\u2019il lui soit besoin de se justifier. En pratique, la dot constitue un frein puissant : lorsque le mariage est dissous, la femme r\u00e9cup\u00e8re sa dot \u2014 sauf en cas d\u2019adult\u00e8re \u2014 avec un int\u00e9r\u00eat de 18 %2. De son c\u00f4t\u00e9, celle-ci a le droit de demander le divorce elle-m\u00eame, mais le plus souvent la requ\u00eate se faisait par l\u2019interm\u00e9diaire de son tuteur l\u00e9gal (p\u00e8re, fr\u00e8re ou tout autre parent masculin) : la demande, d\u00fbment motiv\u00e9e, est alors d\u00e9pos\u00e9e aupr\u00e8s de l\u2019archonte qui l\u2019examine et choisit de lui donner suite ou non. Les Philippines et le Vatican sont aujourd\u2019hui les deux seuls \u00c9tats dont les l\u00e9gislations interdisent le divorce, apr\u00e8s que le Chili en 2004 et Malte en 2011, l\u2019ont autoris\u00e9. Ainsi\u2026<\/p>\n<p>Pour obtenir l&rsquo;expos\u00e9 complet contactez le +226 56196345 (WhatsApp)<\/p>\n","protected":false},"featured_media":831,"template":"","meta":{"jetpack_publicize_message":"","jetpack_publicize_feature_enabled":true,"jetpack_social_post_already_shared":false,"jetpack_social_options":{"image_generator_settings":{"template":"highway","default_image_id":0,"font":"","enabled":false},"version":2}},"product_brand":[],"product_cat":[544,546],"product_tag":[583,582],"class_list":{"0":"post-948","1":"product","2":"type-product","3":"status-publish","4":"has-post-thumbnail","6":"product_cat-exposes","7":"product_cat-societe","8":"product_tag-le-divorce-et-ses-consequences","9":"product_tag-problemes-sociaux","11":"first","12":"instock","13":"downloadable","14":"virtual","15":"sold-individually","16":"purchasable","17":"product-type-simple"},"aioseo_notices":[],"jetpack_publicize_connections":[],"jetpack-related-posts":[],"jetpack_sharing_enabled":true,"_links":{"self":[{"href":"https:\/\/karandoogo.com\/index.php\/wp-json\/wp\/v2\/product\/948","targetHints":{"allow":["GET"]}}],"collection":[{"href":"https:\/\/karandoogo.com\/index.php\/wp-json\/wp\/v2\/product"}],"about":[{"href":"https:\/\/karandoogo.com\/index.php\/wp-json\/wp\/v2\/types\/product"}],"wp:featuredmedia":[{"embeddable":true,"href":"https:\/\/karandoogo.com\/index.php\/wp-json\/wp\/v2\/media\/831"}],"wp:attachment":[{"href":"https:\/\/karandoogo.com\/index.php\/wp-json\/wp\/v2\/media?parent=948"}],"wp:term":[{"taxonomy":"product_brand","embeddable":true,"href":"https:\/\/karandoogo.com\/index.php\/wp-json\/wp\/v2\/product_brand?post=948"},{"taxonomy":"product_cat","embeddable":true,"href":"https:\/\/karandoogo.com\/index.php\/wp-json\/wp\/v2\/product_cat?post=948"},{"taxonomy":"product_tag","embeddable":true,"href":"https:\/\/karandoogo.com\/index.php\/wp-json\/wp\/v2\/product_tag?post=948"}],"curies":[{"name":"wp","href":"https:\/\/api.w.org\/{rel}","templated":true}]}}